000
CXUS56 KMTR 010900
CF6HWD
PRELIMINARY LOCAL CLIMATOLOGICAL DATA (WS FORM: F-6)
STATION: HAYWARD AIRPORT
MONTH: OCTOBER
YEAR: 2021
LATITUDE: 37 39 N
LONGITUDE: 122 7 W
TEMPERATURE IN F: :PCPN: SNOW: WIND :SUNSHINE: SKY :PK WND
================================================================================
1 2 3 4 5 6A 6B 7 8 9 10 11 12 13 14 15 16 17 18
12Z AVG MX 2MIN
DY MAX MIN AVG DEP HDD CDD WTR SNW DPTH SPD SPD DIR MIN PSBL S-S WX SPD DR
================================================================================
1 89 56 73 7 0 8 0.00 M M 4.3 16 290 M M 0 19 290
2 89 56 73 7 0 8 0.00 M M 3.9 15 290 M M 0 17 280
3 90 58 74 8 0 9 0.00 M M 4.6 12 290 M M 0 15 280
4 88 59 74 8 0 9 0.00 M M 4.6 13 290 M M 0 16 320
5 72 55 64 -2 1 0 0.00 M M 8.6 20 290 M M 2 23 290
6 66 57 62 -3 3 0 0.00 M M 7.8 16 290 M M 5 21 280
7 64 56 60 -5 5 0 0.00 M M 9.2 18 300 M M 5 23 280
8 65 55 60 -5 5 0 0.00 M M 12.2 23 280 M M 6 29 290
9 76 53 65 0 0 0 0.00 M M 6.2 20 280 M M 2 23 280
10 74 50 62 -3 3 0 0.00 M M 5.6 21 290 M M 0 23 290
11 72 53 63 -2 2 0 0.00 M M 12.6 28 340 M M 0 37 330
12 72 50 61 -3 4 0 0.00 M M 10.1 22 270 M M 0 28 290
13 62 46 54 -10 11 0 0.00 M M 5.2 14 270 M M 4 17 300
14 73 48 61 -3 4 0 0.00 M M 5.3 15 290 M M 0 20 280
15 81 51 66 2 0 1 0.00 M M 4.9 10 280 M M 0 12 280
16 85 52 69 5 0 4 0.00 M M 3.4 14 300 M M 0 16 300
17 69 49 59 -5 6 0 0.02 M M 8.2 26 250 M M 3 1 35 250
18 62 50 56 -7 9 0 0.00 M M 8.4 16 280 M M 3 20 280
19 71 46 59 -4 6 0 T M M 7.2 20 170 M M 3 25 160
20 68 58 63 0 2 0 0.29 M M 7.5 22 160 M M 10 1 30 160
21 73 62 68 5 0 3 0.02 M M 8.1 15 210 M M 7 20 210
22 65 56 61 -1 4 0 0.60 M M 8.5 22 150 M M 6 1 27 140
23 66 55 61 -1 4 0 0.31 M M 6.0 16 150 M M 8 1 22 150
24 62 56 59 -3 6 0 3.32 M M 14.0 26 170 M M 10 1 35 170
25 63 53 58 -4 7 0 0.46 M M 9.9 17 290 M M 7 1 22 290
26 67 52 60 -2 5 0 0.00 M M 5.1 10 140 M M 7 13 130
27 74 54 64 3 1 0 0.00 M M 4.2 15 300 M M 1 17 310
28 77 56 67 6 0 2 0.00 M M 3.8 12 280 M M 0 13 290
29 77 54 66 5 0 1 0.00 M M 4.1 14 290 M M 1 8 16 290
30 65 57 61 0 4 0 0.00 M M 5.5 17 290 M M 8 21 300
31 66 55 61 1 4 0 0.00 M M 5.3 12 170 M M 5 8 14 260
================================================================================
SM 2243 1668 96 45 5.02 M 214.3 M 103
================================================================================
AV 72.4 53.8 6.9 FASTST M M 3 MAX(MPH)
MISC ----> 28 340 37 330
================================================================================
NOTES:
# LAST OF SEVERAL OCCURRENCES
COLUMN 17 PEAK WIND IN M.P.H.
PRELIMINARY LOCAL CLIMATOLOGICAL DATA (WS FORM: F-6) , PAGE 2
STATION: HAYWARD AIRPORT
MONTH: OCTOBER
YEAR: 2021
LATITUDE: 37 39 N
LONGITUDE: 122 7 W
[TEMPERATURE DATA] [PRECIPITATION DATA] SYMBOLS USED IN COLUMN 16
AVERAGE MONTHLY: 63.1 TOTAL FOR MONTH: 5.02 1 = FOG OR MIST
DPTR FM NORMAL: -0.4 DPTR FM NORMAL: 4.21 2 = FOG REDUCING VISIBILITY
HIGHEST: 90 ON 3 GRTST 24HR 3.47 ON 24-25 TO 1/4 MILE OR LESS
LOWEST: 46 ON 19,13 3 = THUNDER
SNOW, ICE PELLETS, HAIL 4 = ICE PELLETS
TOTAL MONTH: M 5 = HAIL
GRTST 24HR M ON M 6 = FREEZING RAIN OR DRIZZLE
GRTST DEPTH: M ON M 7 = DUSTSTORM OR SANDSTORM:
VSBY 1/2 MILE OR LESS
8 = SMOKE OR HAZE
[NO. OF DAYS WITH] [WEATHER - DAYS WITH] 9 = BLOWING SNOW
X = TORNADO
MAX 32 OR BELOW: 0 0.01 INCH OR MORE: 7
MAX 90 OR ABOVE: 1 0.10 INCH OR MORE: 5
MIN 32 OR BELOW: 0 0.50 INCH OR MORE: 2
MIN 0 OR BELOW: 0 1.00 INCH OR MORE: 1
[HDD (BASE 65) ]
TOTAL THIS MO. 96 CLEAR (SCALE 0-3) 17
DPTR FM NORMAL 8 PTCLDY (SCALE 4-7) 11
TOTAL FM JUL 1 138 CLOUDY (SCALE 8-10) 3
DPTR FM NORMAL -19
[CDD (BASE 65) ]
TOTAL THIS MO. 45
DPTR FM NORMAL 4 [PRESSURE DATA]
TOTAL FM JAN 1 305 HIGHEST SLP M ON M
DPTR FM NORMAL -61 LOWEST SLP 29.60 ON 24
[REMARKS]
#FINAL-10-21#