000
CXUS53 KUNR 010930
CF6ICR
PRELIMINARY LOCAL CLIMATOLOGICAL DATA (WS FORM: F-6)
STATION: WINNER REGIONAL AIRPORT SD
MONTH: MAY
YEAR: 2021
LATITUDE: 43 23 N
LONGITUDE: 99 50 W
TEMPERATURE IN F: :PCPN: SNOW: WIND :SUNSHINE: SKY :PK WND
================================================================================
1 2 3 4 5 6A 6B 7 8 9 10 11 12 13 14 15 16 17 18
12Z AVG MX 2MIN
DY MAX MIN AVG DEP HDD CDD WTR SNW DPTH SPD SPD DIR MIN PSBL S-S WX SPD DR
================================================================================
1 88 52 70 17 0 5 0.00 M M 8.5 18 340 M M 0 25 340
2 71 52 62 8 3 0 T M M 10.7 29 350 M M 6 38 350
3 62 36 49 -5 16 0 0.00 M M 17.0 32 350 M M 5 54 340
4 66 30 48 -6 17 0 0.00 M M 7.8 16 120 M M 1 8 22 120
5 65 37 51 -4 14 0 0.21 M M 13.3 36 300 M M 4 3 48 300
6 69 32 51 -4 14 0 0.00 M M 7.6 17 300 M M 1 23 300
7 68 40 54 -2 11 0 0.00 M M 13.9 22 100 M M 3 33 100
8 50 41 46 -10 19 0 0.10 M M 16.9 37 110 M M 8 1 49 100
9 50 36 43 -13 22 0 0.01 M M 4.9 16 60 M M 8 1 20 50
10 61 32 47 -10 18 0 T M M 7.3 16 10 M M 3 1 21 40
11 63 32 48 -9 17 0 0.00 M M 6.7 16 130 M M 0 22 120
12 69 41 55 -3 10 0 0.00 M M 12.6 20 150 M M 2 27 180
13 75 48 62 4 3 0 T M M 9.7 21 200 M M 4 28 170
14 77 51 64 6 1 0 0.00 M M 6.7 16 210 M M 2 25 90
15 79 43 61 2 4 0 T M M 5.0 18 230 M M 4 24 210
16 67 52 60 1 5 0 0.57 M M 9.7 22 130 M M 9 18 30 130
17 64 53 59 0 6 0 0.00 M M 10.1 17 110 M M 10 18 21 100
18 74 57 66 6 0 1 0.00 M M 11.6 22 160 M M 7 18 30 150
19 81 60 71 11 0 6 0.00 M M 13.8 21 190 M M 0 29 190
20 80 60 70 10 0 5 0.00 M M 17.1 28 160 M M 2 40 150
21 78 63 71 10 0 6 0.03 M M 16.1 29 150 M M 6 3 39 150
22 71 53 62 1 3 0 0.01 M M 10.1 17 300 M M 7 23 290
23 85 M M M M M M M M 11.8 M M M M 3 1 M M
24 82 54 68 6 0 3 0.06 M M 11.7 23 100 M M 1 29 210
25 81 54 68 6 0 3 0.00 M M 12.8 24 310 M M 1 34 310
26 71 44 58 -5 7 0 0.44 M M 12.6 49 100 M M 3 13 61 100
27 52 44 48 -15 17 0 0.05 M M 12.2 46 110 M M 9 1 63 120
28 59 43 51 -13 14 0 0.01 M M 10.8 22 150 M M 7 1 32 140
29 69 46 58 -6 7 0 0.00 M M 13.9 24 160 M M 5 35 150
30 77 46 62 -2 3 0 T M M 5.6 16 10 M M 3 128 23 10
31 80 50 65 1 0 0 0.00 M M 5.8 13 160 M M 1 16 160
================================================================================
SM 2184 1382 231 29 1.49 M 334.3 M 125
================================================================================
AV 70.5 46.1 10.8 FASTST M M 4 MAX(MPH)
MISC ----> 49 100 63 120
================================================================================
NOTES:
# LAST OF SEVERAL OCCURRENCES
COLUMN 17 PEAK WIND IN M.P.H.
PRELIMINARY LOCAL CLIMATOLOGICAL DATA (WS FORM: F-6) , PAGE 2
STATION: WINNER REGIONAL AIRPORT SD
MONTH: MAY
YEAR: 2021
LATITUDE: 43 23 N
LONGITUDE: 99 50 W
[TEMPERATURE DATA] [PRECIPITATION DATA] SYMBOLS USED IN COLUMN 16
AVERAGE MONTHLY: 58.3 TOTAL FOR MONTH: 1.49 1 = FOG OR MIST
DPTR FM NORMAL: -0.7 DPTR FM NORMAL: -1.90 2 = FOG REDUCING VISIBILITY
HIGHEST: 88 ON 1 GRTST 24HR 0.57 ON 16-16 TO 1/4 MILE OR LESS
LOWEST: 30 ON 4 3 = THUNDER
SNOW, ICE PELLETS, HAIL 4 = ICE PELLETS
TOTAL MONTH: M 5 = HAIL
GRTST 24HR M ON M 6 = FREEZING RAIN OR DRIZZLE
GRTST DEPTH: M ON M 7 = DUSTSTORM OR SANDSTORM:
VSBY 1/2 MILE OR LESS
8 = SMOKE OR HAZE
[NO. OF DAYS WITH] [WEATHER - DAYS WITH] 9 = BLOWING SNOW
X = TORNADO
MAX 32 OR BELOW: 0 0.01 INCH OR MORE: 10
MAX 90 OR ABOVE: 0 0.10 INCH OR MORE: 4
MIN 32 OR BELOW: 4 0.50 INCH OR MORE: 1
MIN 0 OR BELOW: 0 1.00 INCH OR MORE: 0
[HDD (BASE 65) ]
TOTAL THIS MO. 231 CLEAR (SCALE 0-3) 14
DPTR FM NORMAL 3 PTCLDY (SCALE 4-7) 12
TOTAL FM JUL 1 6084 CLOUDY (SCALE 8-10) 5
DPTR FM NORMAL -299
[CDD (BASE 65) ]
TOTAL THIS MO. 29
DPTR FM NORMAL -12 [PRESSURE DATA]
TOTAL FM JAN 1 30 HIGHEST SLP 30.38 ON 11
DPTR FM NORMAL -16 LOWEST SLP 29.46 ON 2
[REMARKS]
#FINAL-05-21#