000
CXUS53 KICT 020314
CF6ICT
PRELIMINARY LOCAL CLIMATOLOGICAL DATA (WS FORM: F-6)
STATION: WICHITA EISENHOWER NATIONAL
MONTH: JUNE
YEAR: 2023
LATITUDE: 37 39 N
LONGITUDE: 97 25 W
TEMPERATURE IN F: :PCPN: SNOW: WIND :SUNSHINE: SKY :PK WND
================================================================================
1 2 3 4 5 6A 6B 7 8 9 10 11 12 13 14 15 16 17 18
12Z AVG MX 2MIN
DY MAX MIN AVG DEP HDD CDD WTR SNW DPTH SPD SPD DIR MIN PSBL S-S WX SPD DR
================================================================================
1 77 67 72 -1 0 7 0.52 0.0 0 5.8 16 130 M M 9 138 23 140
2 85 65 75 2 0 10 0.01 0.0 0 9.2 28 310 M M 7 3 40 290
3 82 62 72 -1 0 7 0.00 0.0 0 9.2 18 120 M M 7 3 26 130
4 87 63 75 1 0 10 0.08 0.0 0 5.9 18 70 M M 6 1 25 50
5 88 62 75 1 0 10 1.28 T 0 7.8 38 140 M M 5 135 58 110
6 88 64 76 2 0 11 0.16 0.0 0 4.7 18 120 M M 6 3 23 120
7 89 59 74 -1 0 9 0.00 0.0 0 3.3 14 210 M M 3 19 220
8 92 62 77 2 0 12 0.00 0.0 0 2.7 9 260 M M 2 12 220
9 89 69 79 4 0 14 T 0.0 0 7.2 22 350 M M 6 3 30 350
10 84 64 74 -2 0 9 0.60 0.0 0 7.3 28 300 M M 8 13 37 320
11 76 63 70 -6 0 5 0.02 0.0 0 12.8 23 10 M M 6 38 33 10
12 78 60 69 -7 0 4 0.00 0.0 0 5.8 16 40 M M 6 22 60
13 82 59 71 -5 0 6 T 0.0 0 4.7 15 190 M M 6 3 19 190
14 82 61 72 -5 0 7 1.14 0.0 0 5.0 20 350 M M 6 13 25 360
15 86 59 73 -4 0 8 0.15 0.0 0 8.2 29 250 M M 4 138 41 250
16 89 64 77 0 0 12 0.00 0.0 0 5.8 13 20 M M 5 3 18 30
17 87 62 75 -3 0 10 0.34 0.0 0 9.4 46 280 M M 7 13 72 280
18 86 62 74 -4 0 9 T 0.0 0 6.7 17 10 M M 2 25 360
19 89 62 76 -2 0 11 0.00 0.0 0 9.9 18 140 M M 2 24 130
20 89 71 80 2 0 15 0.00 0.0 0 13.5 23 130 M M 7 29 140
21 79 67 73 -5 0 8 0.24 0.0 0 8.8 32 290 M M 8 138 45 290
22 89 68 79 0 0 14 0.05 0.0 0 5.0 15 30 M M 6 18 30
23 86 69 78 -1 0 13 0.00 0.0 0 9.8 20 160 M M 6 24 150
24 95 71 83 4 0 18 0.00 0.0 0 8.9 22 180 M M 4 27 180
25 89 68 79 0 0 14 0.00 0.0 0 10.1 23 30 M M 1 30 20
26 91 63 77 -3 0 12 0.00 0.0 0 5.8 14 40 M M 1 19 30
27 88 66 77 -3 0 12 0.11 0.0 0 11.8 29 120 M M 7 3 38 120
28 102 72 87 7 0 22 0.00 0.0 0 14.0 29 180 M M 7 35 190
29 102 70 86 6 0 21 0.00 0.0 0 8.7 22 340 M M 4 28 330
30 100 74 87 7 0 22 0.00 0.0 0 12.4 29 230 M M 5 42 220
================================================================================
SM 2626 1948 0 342 4.70 T 240.2 M 159
================================================================================
AV 87.5 64.9 8.0 FASTST M M 5 MAX(MPH)
MISC ----> 46 280 72 280
================================================================================
NOTES:
# LAST OF SEVERAL OCCURRENCES
COLUMN 17 PEAK WIND IN M.P.H.
PRELIMINARY LOCAL CLIMATOLOGICAL DATA (WS FORM: F-6) , PAGE 2
STATION: WICHITA EISENHOWER NATIONAL
MONTH: JUNE
YEAR: 2023
LATITUDE: 37 39 N
LONGITUDE: 97 25 W
[TEMPERATURE DATA] [PRECIPITATION DATA] SYMBOLS USED IN COLUMN 16
AVERAGE MONTHLY: 76.2 TOTAL FOR MONTH: 4.70 1 = FOG OR MIST
DPTR FM NORMAL: -0.7 DPTR FM NORMAL: -0.23 2 = FOG REDUCING VISIBILITY
HIGHEST: 102 ON 29,28 GRTST 24HR 1.28 ON 5- 5 TO 1/4 MILE OR LESS
LOWEST: 59 ON 15,13 3 = THUNDER
SNOW, ICE PELLETS, HAIL 4 = ICE PELLETS
TOTAL MONTH: T 5 = HAIL
GRTST 24HR T ON 5- 5 6 = FREEZING RAIN OR DRIZZLE
GRTST DEPTH: 0 7 = DUSTSTORM OR SANDSTORM:
VSBY 1/2 MILE OR LESS
8 = SMOKE OR HAZE
[NO. OF DAYS WITH] [WEATHER - DAYS WITH] 9 = BLOWING SNOW
X = TORNADO
MAX 32 OR BELOW: 0 0.01 INCH OR MORE: 13
MAX 90 OR ABOVE: 6 0.10 INCH OR MORE: 9
MIN 32 OR BELOW: 0 0.50 INCH OR MORE: 4
MIN 0 OR BELOW: 0 1.00 INCH OR MORE: 2
[HDD (BASE 65) ]
TOTAL THIS MO. 0 CLEAR (SCALE 0-3) 6
DPTR FM NORMAL -4 PTCLDY (SCALE 4-7) 23
TOTAL FM JUL 1 4247 CLOUDY (SCALE 8-10) 1
DPTR FM NORMAL -162
[CDD (BASE 65) ]
TOTAL THIS MO. 342
DPTR FM NORMAL -18 [PRESSURE DATA]
TOTAL FM JAN 1 528 HIGHEST SLP 30.04 ON 27
DPTR FM NORMAL 9 LOWEST SLP 29.63 ON 17
[REMARKS]
#FINAL-06-23#