000
CXUS55 KVEF 010910
CF6IGM
PRELIMINARY LOCAL CLIMATOLOGICAL DATA (WS FORM: F-6)
STATION: KINGMAN AZ
MONTH: JUNE
YEAR: 2022
LATITUDE: 35 16 N
LONGITUDE: 113 57 W
TEMPERATURE IN F: :PCPN: SNOW: WIND :SUNSHINE: SKY :PK WND
================================================================================
1 2 3 4 5 6A 6B 7 8 9 10 11 12 13 14 15 16 17 18
12Z AVG MX 2MIN
DY MAX MIN AVG DEP HDD CDD WTR SNW DPTH SPD SPD DIR MIN PSBL S-S WX SPD DR
================================================================================
1 89 57 73 -1 0 8 0.00 M M 8.4 16 320 M M 0 23 270
2 93 52 73 -2 0 8 0.00 M M 8.9 22 270 M M 0 36 240
3 92 62 77 2 0 12 0.00 M M 13.9 31 220 M M 0 43 230
4 91 63 77 2 0 12 0.00 M M 13.5 31 240 M M 0 41 230
5 93 65 79 3 0 14 0.00 M M 12.8 29 250 M M 0 39 240
6 96 64 80 4 0 15 0.00 M M 13.7 28 240 M M 0 35 260
7 98 68 83 7 0 18 0.00 M M 12.7 24 250 M M 0 34 260
8 101 69 85 8 0 20 0.00 M M 12.3 26 250 M M 0 40 230
9 100 67 84 7 0 19 0.00 M M 10.9 28 210 M M 0 36 210
10 103 69 86 9 0 21 0.00 M M 8.6 23 230 M M 0 32 230
11 105 71 88 10 0 23 0.00 M M 11.7 28 250 M M 0 39 260
12 103 73 88 10 0 23 0.00 M M 18.4 37 210 M M 0 47 220
13 95 71 83 5 0 18 0.00 M M 17.2 33 220 M M 0 8 53 220
14 94 60 77 -1 0 12 0.00 M M 7.5 17 240 M M 0 31 20
15 99 56 78 -1 0 13 0.00 M M 5.2 20 240 M M 0 26 240
16 103 61 82 3 0 17 0.00 M M 12.7 30 220 M M 0 44 230
17 99 70 85 6 0 20 0.00 M M 18.1 36 210 M M 0 51 180
18 92 72 82 2 0 17 0.00 M M 21.4 39 200 M M 0 49 210
19 85 57 71 -9 0 6 0.00 M M 12.3 23 230 M M 0 30 210
20 93 50 72 -8 0 7 0.00 M M 7.9 16 350 M M 0 22 350
21 98 57 78 -2 0 13 0.00 M M 8.2 23 210 M M 0 30 230
22 94 71 83 2 0 18 T M M 8.4 28 120 M M 4 37 110
23 98 62 80 -1 0 15 0.00 M M 9.9 26 200 M M 0 34 250
24 98 69 84 3 0 19 0.00 M M 10.9 28 200 M M 1 8 35 200
25 100 69 85 4 0 20 0.04 M M 11.5 35 280 M M 1 3 50 280
26 98 68 83 1 0 18 0.35 M M 8.1 37 110 M M 1 38 43 120
27 100 68 84 2 0 19 0.00 M M 10.2 22 230 M M 0 28 220
28 102 75 89 7 0 24 0.02 M M 10.7 23 180 M M 1 3 30 180
29 102 75 89 7 0 24 T M M 15.7 35 100 M M 1 38 43 120
30 98 74 86 4 0 21 0.00 M M 13.2 30 110 M M 0 39 100
================================================================================
SM 2912 1965 0 494 0.41 M 354.9 M 9
================================================================================
AV 97.1 65.5 11.8 FASTST M M 0 MAX(MPH)
MISC ----> 39 200 53 220
================================================================================
NOTES:
# LAST OF SEVERAL OCCURRENCES
COLUMN 17 PEAK WIND IN M.P.H.
PRELIMINARY LOCAL CLIMATOLOGICAL DATA (WS FORM: F-6) , PAGE 2
STATION: KINGMAN AZ
MONTH: JUNE
YEAR: 2022
LATITUDE: 35 16 N
LONGITUDE: 113 57 W
[TEMPERATURE DATA] [PRECIPITATION DATA] SYMBOLS USED IN COLUMN 16
AVERAGE MONTHLY: 81.3 TOTAL FOR MONTH: 0.41 1 = FOG OR MIST
DPTR FM NORMAL: 2.6 DPTR FM NORMAL: 0.30 2 = FOG REDUCING VISIBILITY
HIGHEST: 105 ON 11 GRTST 24HR 0.39 ON 25-26 TO 1/4 MILE OR LESS
LOWEST: 50 ON 20 3 = THUNDER
SNOW, ICE PELLETS, HAIL 4 = ICE PELLETS
TOTAL MONTH: M 5 = HAIL
GRTST 24HR M ON M 6 = FREEZING RAIN OR DRIZZLE
GRTST DEPTH: M ON M 7 = DUSTSTORM OR SANDSTORM:
VSBY 1/2 MILE OR LESS
8 = SMOKE OR HAZE
[NO. OF DAYS WITH] [WEATHER - DAYS WITH] 9 = BLOWING SNOW
X = TORNADO
MAX 32 OR BELOW: 0 0.01 INCH OR MORE: 3
MAX 90 OR ABOVE: 28 0.10 INCH OR MORE: 1
MIN 32 OR BELOW: 0 0.50 INCH OR MORE: 0
MIN 0 OR BELOW: 0 1.00 INCH OR MORE: 0
[HDD (BASE 65) ]
TOTAL THIS MO. 0 CLEAR (SCALE 0-3) 29
DPTR FM NORMAL -2 PTCLDY (SCALE 4-7) 1
TOTAL FM JUL 1 2661 CLOUDY (SCALE 8-10) 0
DPTR FM NORMAL -347
[CDD (BASE 65) ]
TOTAL THIS MO. 494
DPTR FM NORMAL 81 [PRESSURE DATA]
TOTAL FM JAN 1 708 HIGHEST SLP 30.01 ON 27
DPTR FM NORMAL 96 LOWEST SLP 29.53 ON 13
[REMARKS]
#FINAL-06-22#