000
CXUS54 KFWD 010731
CF6ILE
PRELIMINARY LOCAL CLIMATOLOGICAL DATA (WS FORM: F-6)
STATION: KILLEEN SKYLARK
MONTH: JUNE
YEAR: 2023
LATITUDE: 31 4 N
LONGITUDE: 97 41 W
TEMPERATURE IN F: :PCPN: SNOW: WIND :SUNSHINE: SKY :PK WND
================================================================================
1 2 3 4 5 6A 6B 7 8 9 10 11 12 13 14 15 16 17 18
12Z AVG MX 2MIN
DY MAX MIN AVG DEP HDD CDD WTR SNW DPTH SPD SPD DIR MIN PSBL S-S WX SPD DR
================================================================================
1 90 69 80 3 0 15 0.00 M M 9.0 14 130 M M 2 21 130
2 91 68 80 2 0 15 0.00 M M 8.8 15 150 M M 0 22 140
3 92 69 81 3 0 16 0.00 M M 7.0 14 50 M M 2 22 50
4 79 65 72 -6 0 7 0.13 M M 5.5 15 320 M M 4 13 25 320
5 87 68 78 0 0 13 0.00 M M 6.3 13 10 M M 3 M M
6 88 68 78 -1 0 13 0.00 M M 2.8 9 170 M M 3 M M
7 91 69 80 1 0 15 0.00 M M 3.5 8 180 M M 1 M M
8 93 71 82 3 0 17 0.00 M M 5.4 17 100 M M 0 30 80
9 98 66 82 3 0 17 0.00 M M 4.7 14 90 M M 1 M M
10 99 72 86 7 0 21 0.02 M M 12.9 23 360 M M 1 3 41 360
11 99 72 86 6 0 21 0.00 M M 10.2 18 180 M M 1 24 180
12 96 74 85 5 0 20 0.00 M M 9.0 18 140 M M 1 8 29 160
13 92 76 84 4 0 19 0.00 M M 10.4 18 190 M M 4 18 18 170
14 97 79 88 8 0 23 0.00 M M 8.5 15 180 M M 0 18 21 230
15 99 78 89 9 0 24 0.00 M M 9.8 18 170 M M 1 18 38 170
16 103 79 91 11 0 26 0.00 M M 9.6 16 50 M M 2 3 25 50
17 96 73 85 5 0 20 0.00 M M 7.2 18 130 M M 0 22 190
18 102 78 90 9 0 25 0.00 M M 8.4 15 190 M M 0 18 190
19 103 78 91 10 0 26 0.00 M M 10.4 14 180 M M 1 17 150
20 105 78 92 11 0 27 0.00 M M 10.5 14 150 M M 2 M M
21 101 76 89 8 0 24 0.00 M M 9.9 18 100 M M 2 3 26 220
22 96 74 85 4 0 20 0.00 M M 8.8 15 10 M M 0 22 10
23 100 77 89 8 0 24 0.00 M M 9.7 18 150 M M 3 1 24 150
24 101 78 90 9 0 25 0.00 M M 13.6 21 190 M M 0 30 170
25 101 75 88 7 0 23 0.00 M M 13.7 17 170 M M 0 25 170
26 103 77 90 8 0 25 0.00 M M 12.3 17 160 M M 0 23 190
27 104 75 90 8 0 25 0.00 M M 11.1 15 160 M M 0 8 20 150
28 103 75 89 7 0 24 0.00 M M 11.4 16 160 M M 0 20 160
29 100 77 89 7 0 24 0.00 M M 11.2 18 160 M M 0 22 160
30 99 75 87 5 0 22 0.00 M M 12.8 20 150 M M 1 28 170
================================================================================
SM 2908 2209 0 616 0.15 M 274.1 M 35
================================================================================
AV 96.9 73.6 9.1 FASTST M M 1 MAX(MPH)
MISC ----> 23 360 41 360
================================================================================
NOTES:
# LAST OF SEVERAL OCCURRENCES
COLUMN 17 PEAK WIND IN M.P.H.
PRELIMINARY LOCAL CLIMATOLOGICAL DATA (WS FORM: F-6) , PAGE 2
STATION: KILLEEN SKYLARK
MONTH: JUNE
YEAR: 2023
LATITUDE: 31 4 N
LONGITUDE: 97 41 W
[TEMPERATURE DATA] [PRECIPITATION DATA] SYMBOLS USED IN COLUMN 16
AVERAGE MONTHLY: 85.3 TOTAL FOR MONTH: 0.15 1 = FOG OR MIST
DPTR FM NORMAL: 5.2 DPTR FM NORMAL: -4.01 2 = FOG REDUCING VISIBILITY
HIGHEST: 105 ON 20 GRTST 24HR 0.13 ON 4- 4 TO 1/4 MILE OR LESS
LOWEST: 65 ON 4 3 = THUNDER
SNOW, ICE PELLETS, HAIL 4 = ICE PELLETS
TOTAL MONTH: M 5 = HAIL
GRTST 24HR M ON M 6 = FREEZING RAIN OR DRIZZLE
GRTST DEPTH: M ON M 7 = DUSTSTORM OR SANDSTORM:
VSBY 1/2 MILE OR LESS
8 = SMOKE OR HAZE
[NO. OF DAYS WITH] [WEATHER - DAYS WITH] 9 = BLOWING SNOW
X = TORNADO
MAX 32 OR BELOW: 0 0.01 INCH OR MORE: 2
MAX 90 OR ABOVE: 27 0.10 INCH OR MORE: 1
MIN 32 OR BELOW: 0 0.50 INCH OR MORE: 0
MIN 0 OR BELOW: 0 1.00 INCH OR MORE: 0
[HDD (BASE 65) ]
TOTAL THIS MO. 0 CLEAR (SCALE 0-3) 28
DPTR FM NORMAL 0 PTCLDY (SCALE 4-7) 2
TOTAL FM JUL 1 1680 CLOUDY (SCALE 8-10) 0
DPTR FM NORMAL -486
[CDD (BASE 65) ]
TOTAL THIS MO. 616
DPTR FM NORMAL 164 [PRESSURE DATA]
TOTAL FM JAN 1 1039 HIGHEST SLP 29.97 ON 29
DPTR FM NORMAL 197 LOWEST SLP 29.82 ON 28
[REMARKS]
#FINAL-06-23#