000
CXUS54 KFWD 010730
CF6ILE
PRELIMINARY LOCAL CLIMATOLOGICAL DATA (WS FORM: F-6)
STATION: KILLEEN SKYLARK
MONTH: OCTOBER
YEAR: 2021
LATITUDE: 31 4 N
LONGITUDE: 97 41 W
TEMPERATURE IN F: :PCPN: SNOW: WIND :SUNSHINE: SKY :PK WND
================================================================================
1 2 3 4 5 6A 6B 7 8 9 10 11 12 13 14 15 16 17 18
12Z AVG MX 2MIN
DY MAX MIN AVG DEP HDD CDD WTR SNW DPTH SPD SPD DIR MIN PSBL S-S WX SPD DR
================================================================================
1 80 67 74 2 0 9 0.68 M M 4.7 12 30 M M 6 18 M M
2 87 68 78 6 0 13 0.00 M M 3.3 14 150 M M 5 M M
3 87 67 77 5 0 12 0.00 M M 4.7 9 20 M M 1 M M
4 88 62 75 4 0 10 0.00 M M 5.8 14 360 M M 0 8 17 360
5 87 60 74 3 0 9 0.00 M M 5.8 13 40 M M 0 20 360
6 86 58 72 1 0 7 0.00 M M 3.8 7 150 M M 1 M M
7 89 63 76 6 0 11 0.00 M M 7.7 14 160 M M 0 18 170
8 90 64 77 7 0 12 0.00 M M 8.2 13 180 M M 0 17 180
9 88 62 75 5 0 10 0.00 M M 9.9 17 180 M M 0 22 160
10 91 63 77 7 0 12 0.07 M M 15.4 24 180 M M 7 13 36 150
11 81 58 70 1 0 5 0.00 M M 4.4 8 290 M M 1 M M
12 85 65 75 6 0 10 0.04 M M 12.5 22 150 M M 7 1 35 170
13 85 67 76 7 0 11 1.71 M M 12.3 21 160 M M 8 13 52 280
14 83 67 75 7 0 10 0.09 M M 5.6 13 150 M M 6 1 18 90
15 83 58 71 3 0 6 0.00 M M 9.6 18 350 M M 2 1 26 350
16 73 48 61 -7 4 0 0.00 M M 7.5 15 20 M M 0 22 10
17 72 44 58 -10 7 0 0.00 M M 3.4 7 180 M M 0 M M
18 75 44 60 -7 5 0 0.00 M M 6.1 14 150 M M 0 18 150
19 81 57 69 2 0 4 0.00 M M 10.2 18 150 M M 0 22 160
20 83 65 74 7 0 9 0.00 M M 6.4 12 170 M M 5 M M
21 85 62 74 8 0 9 0.00 M M 2.3 8 90 M M 3 M M
22 86 61 74 8 0 9 0.00 M M 4.3 9 160 M M 1 M M
23 87 68 78 12 0 13 0.00 M M 11.0 18 180 M M 4 24 180
24 86 68 77 11 0 12 0.00 M M 9.2 15 180 M M 6 22 160
25 89 65 77 12 0 12 0.00 M M 5.3 10 160 M M 0 16 150
26 86 70 78 13 0 13 0.00 M M 13.4 25 160 M M 5 33 160
27 77 60 69 5 0 4 0.58 M M 12.6 23 300 M M 3 138 36 290
28 76 59 68 4 0 3 0.00 M M 14.7 26 320 M M 0 45 300
29 72 44 58 -6 7 0 0.00 M M 13.4 23 310 M M 0 35 320
30 80 41 61 -3 4 0 0.00 M M 4.7 9 150 M M 0 M M
31 81 47 64 1 1 0 0.00 M M 5.1 12 140 M M 0 17 150
================================================================================
SM 2579 1852 28 235 3.17 M 243.2 M 71
================================================================================
AV 83.2 59.7 7.8 FASTST M M 2 MAX(MPH)
MISC ----> 26 320 52 280
================================================================================
NOTES:
# LAST OF SEVERAL OCCURRENCES
COLUMN 17 PEAK WIND IN M.P.H.
PRELIMINARY LOCAL CLIMATOLOGICAL DATA (WS FORM: F-6) , PAGE 2
STATION: KILLEEN SKYLARK
MONTH: OCTOBER
YEAR: 2021
LATITUDE: 31 4 N
LONGITUDE: 97 41 W
[TEMPERATURE DATA] [PRECIPITATION DATA] SYMBOLS USED IN COLUMN 16
AVERAGE MONTHLY: 71.5 TOTAL FOR MONTH: 3.17 1 = FOG OR MIST
DPTR FM NORMAL: 3.7 DPTR FM NORMAL: -0.31 2 = FOG REDUCING VISIBILITY
HIGHEST: 91 ON 10 GRTST 24HR 1.71 ON 13-13 TO 1/4 MILE OR LESS
LOWEST: 41 ON 30 3 = THUNDER
SNOW, ICE PELLETS, HAIL 4 = ICE PELLETS
TOTAL MONTH: M 5 = HAIL
GRTST 24HR M ON M 6 = FREEZING RAIN OR DRIZZLE
GRTST DEPTH: M ON M 7 = DUSTSTORM OR SANDSTORM:
VSBY 1/2 MILE OR LESS
8 = SMOKE OR HAZE
[NO. OF DAYS WITH] [WEATHER - DAYS WITH] 9 = BLOWING SNOW
X = TORNADO
MAX 32 OR BELOW: 0 0.01 INCH OR MORE: 6
MAX 90 OR ABOVE: 2 0.10 INCH OR MORE: 3
MIN 32 OR BELOW: 0 0.50 INCH OR MORE: 3
MIN 0 OR BELOW: 0 1.00 INCH OR MORE: 1
[HDD (BASE 65) ]
TOTAL THIS MO. 28 CLEAR (SCALE 0-3) 20
DPTR FM NORMAL -36 PTCLDY (SCALE 4-7) 11
TOTAL FM JUL 1 28 CLOUDY (SCALE 8-10) 0
DPTR FM NORMAL -40
[CDD (BASE 65) ]
TOTAL THIS MO. 235
DPTR FM NORMAL 84 [PRESSURE DATA]
TOTAL FM JAN 1 2631 HIGHEST SLP M ON M
DPTR FM NORMAL 121 LOWEST SLP M ON M
[REMARKS]
#FINAL-10-21#