000
CXUS51 KPHI 011332 CCA
CF6ILG
PRELIMINARY LOCAL CLIMATOLOGICAL DATA (WS FORM: F-6)
STATION: WILMINGTON DE
MONTH: FEBRUARY
YEAR: 2021
LATITUDE: 39 40 N
LONGITUDE: 75 36 W
TEMPERATURE IN F: :PCPN: SNOW: WIND :SUNSHINE: SKY :PK WND
================================================================================
1 2 3 4 5 6A 6B 7 8 9 10 11 12 13 14 15 16 17 18
12Z AVG MX 2MIN
DY MAX MIN AVG DEP HDD CDD WTR SNW DPTH SPD SPD DIR MIN PSBL S-S WX SPD DR
================================================================================
1 35 26 31 -2 34 0 0.26 1.2 3 21.2 33 40 M M 10 16 43 40
2 37 29 33 0 32 0 0.07 0.8 2 17.4 28 320 M M 10 1 34 320
3 36 29 33 0 32 0 0.01 0.1 2 14.9 29 320 M M 9 37 300
4 42 27 35 2 30 0 0.00 0.0 0 10.0 22 310 M M 0 27 320
5 50 34 42 9 23 0 0.04 0.0 0 10.7 21 300 M M 5 28 300
6 46 28 37 3 28 0 0.00 0.0 0 8.6 24 240 M M 0 33 250
7 38 26 32 -2 33 0 0.50 0.2 0 8.1 22 310 M M 6 1 29 300
8 31 19 25 -9 40 0 0.00 0.0 0 7.7 17 300 M M 0 25 300
9 42 25 34 0 31 0 0.00 0.0 0 5.8 13 360 M M 8 18 15 360
10 39 25 32 -2 33 0 0.05 0.7 0 4.3 10 10 M M 3 1 12 340
11 32 28 30 -4 35 0 0.18 3.0 4 8.4 14 10 M M 9 1 17 10
12 29 24 27 -7 38 0 0.00 0.0 2 7.1 18 30 M M 8 24 40
13 30 27 29 -6 36 0 0.05 T 1 9.8 16 50 M M 10 46 20 50
14 36 26 31 -4 34 0 T 0.0 0 6.1 12 20 M M 10 18 16 10
15 40 33 37 2 28 0 T 0.0 0 8.6 16 70 M M 10 18 19 80
16 51 28 40 5 25 0 0.85 0.0 0 12.1 29 300 M M 9 1 37 300
17 35 23 29 -6 36 0 0.00 0.0 0 9.8 24 320 M M 0 35 310
18 30 24 27 -9 38 0 0.49 1.4 T 10.6 20 50 M M 9 1468 27 40
19 33 26 30 -6 35 0 0.14 0.1 1 7.9 14 30 M M 8 168 19 30
20 33 24 29 -7 36 0 0.00 0.0 1 16.1 24 300 M M 3 30 300
21 37 18 28 -8 37 0 0.00 0.0 1 7.3 16 300 M M 0 20 330
22 35 29 32 -5 33 0 0.42 1.3 1 6.8 18 170 M M 7 16 24 170
23 52 32 42 5 23 0 0.00 0.0 2 10.0 26 260 M M 3 1 34 280
24 57 29 43 6 22 0 0.00 0.0 1 7.0 21 160 M M 0 24 160
25 50 31 41 4 24 0 0.00 0.0 0 11.3 25 310 M M 1 33 310
26 47 30 39 1 26 0 0.12 T 0 7.1 18 170 M M 3 1 21 160
27 54 33 44 6 21 0 0.27 0.2 0 7.8 17 290 M M 6 1 21 300
28 44 38 41 3 24 0 1.06 0.0 0 6.2 16 80 M M 7 12 19 80
================================================================================
SM 1121 771 867 0 4.51 9.0 268.7 M 154
================================================================================
AV 40.0 27.5 9.6 FASTST M M 6 MAX(MPH)
MISC ----> 33 40 43 40
================================================================================
NOTES:
# LAST OF SEVERAL OCCURRENCES
COLUMN 17 PEAK WIND IN M.P.H.
PRELIMINARY LOCAL CLIMATOLOGICAL DATA (WS FORM: F-6) , PAGE 2
STATION: WILMINGTON DE
MONTH: FEBRUARY
YEAR: 2021
LATITUDE: 39 40 N
LONGITUDE: 75 36 W
[TEMPERATURE DATA] [PRECIPITATION DATA] SYMBOLS USED IN COLUMN 16
AVERAGE MONTHLY: 33.8 TOTAL FOR MONTH: 4.51 1 = FOG OR MIST
DPTR FM NORMAL: -1.3 DPTR FM NORMAL: 1.83 2 = FOG REDUCING VISIBILITY
HIGHEST: 57 ON 24 GRTST 24HR 1.06 ON 28-28 TO 1/4 MILE OR LESS
LOWEST: 18 ON 21 3 = THUNDER
SNOW, ICE PELLETS, HAIL 4 = ICE PELLETS
TOTAL MONTH: 9.0 INCHES 5 = HAIL
GRTST 24HR 3.0 ON 11-11 6 = FREEZING RAIN OR DRIZZLE
GRTST DEPTH: 4 ON 11 7 = DUSTSTORM OR SANDSTORM:
VSBY 1/2 MILE OR LESS
8 = SMOKE OR HAZE
[NO. OF DAYS WITH] [WEATHER - DAYS WITH] 9 = BLOWING SNOW
X = TORNADO
MAX 32 OR BELOW: 5 0.01 INCH OR MORE: 15
MAX 90 OR ABOVE: 0 0.10 INCH OR MORE: 10
MIN 32 OR BELOW: 24 0.50 INCH OR MORE: 3
MIN 0 OR BELOW: 0 1.00 INCH OR MORE: 1
[HDD (BASE 65) ]
TOTAL THIS MO. 867 CLEAR (SCALE 0-3) 10
DPTR FM NORMAL 31 PTCLDY (SCALE 4-7) 7
TOTAL FM JUL 1 3314 CLOUDY (SCALE 8-10) 11
DPTR FM NORMAL -309
[CDD (BASE 65) ]
TOTAL THIS MO. 0
DPTR FM NORMAL 0 [PRESSURE DATA]
TOTAL FM JAN 1 0 HIGHEST SLP 30.61 ON 21
DPTR FM NORMAL 0 LOWEST SLP 29.45 ON 2
[REMARKS]
#FINAL-02-21#