000
CXUS51 KPHI 250815
CF6ILG
PRELIMINARY LOCAL CLIMATOLOGICAL DATA (WS FORM: F-6)
STATION: WILMINGTON DE
MONTH: APRIL
YEAR: 2024
LATITUDE: 39 40 N
LONGITUDE: 75 36 W
TEMPERATURE IN F: :PCPN: SNOW: WIND :SUNSHINE: SKY :PK WND
================================================================================
1 2 3 4 5 6A 6B 7 8 9 10 11 12 13 14 15 16 17 18
12Z AVG MX 2MIN
DY MAX MIN AVG DEP HDD CDD WTR SNW DPTH SPD SPD DIR MIN PSBL S-S WX SPD DR
================================================================================
1 54 47 51 2 14 0 0.78 0.0 0 6.1 15 130 M M 9 1 19 120
2 48 46 47 -2 18 0 1.10 0.0 0 10.6 22 70 M M 9 13 29 70
3 47 43 45 -4 20 0 1.59 0.0 0 16.5 36 80 M M 10 13 42 60
4 51 35 43 -7 22 0 0.24 0.0 0 7.5 20 40 M M 8 1 27 30
5 52 37 45 -5 20 0 T 0.0 0 12.4 25 300 M M 3 33 310
6 56 37 47 -3 18 0 0.00 0.0 0 14.9 29 330 M M 3 37 320
7 63 41 52 1 13 0 0.00 0.0 0 8.8 20 360 M M 5 24 350
8 65 35 50 -1 15 0 0.00 0.0 0 4.8 15 160 M M 2 17 150
9 77 42 60 8 5 0 0.00 0.0 0 5.3 16 160 M M 1 19 160
10 73 52 63 11 2 0 0.00 0.0 0 5.0 13 150 M M 3 16 140
11 71 56 64 12 1 0 0.07 0.0 0 13.0 25 150 M M 7 13 31 160
12 67 55 61 8 4 0 0.10 0.0 0 16.8 32 240 M M 9 1 47 240
13 63 50 57 4 8 0 0.03 0.0 0 18.6 33 310 M M 4 42 310
14 75 42 59 6 6 0 T 0.0 0 12.1 29 340 M M 1 39 340
15 84 55 70 16 0 5 0.46 0.0 0 6.6 24 320 M M 2 3 49 310
16 74 48 61 7 4 0 0.00 0.0 0 8.1 18 10 M M 0 23 10
17 63 51 57 3 8 0 0.11 0.0 0 6.7 16 80 M M 6 19 80
18 59 46 53 -2 12 0 0.00 0.0 0 10.6 17 70 M M 10 22 60
19 55 45 50 -5 15 0 T 0.0 0 7.9 14 140 M M 10 17 140
20 70 49 60 4 5 0 0.10 0.0 0 9.4 24 300 M M 6 1 32 300
21 52 37 45 -11 20 0 0.00 0.0 0 6.9 17 320 M M 0 24 290
22 62 32 47 -9 18 0 0.00 0.0 0 8.1 20 300 M M 0 24 320
23 66 37 52 -5 13 0 0.00 0.0 0 10.8 23 170 M M 0 29 150
24 71 50 61 4 4 0 T 0.0 0 9.2 28 270 M M 4 39 250
================================================================================
SM 1518 1068 265 5 4.58 0.0 236.7 M 112
================================================================================
AV 63.3 44.5 9.9 FASTST M M 5 MAX(MPH)
MISC ----> 36 80 49 310
================================================================================
NOTES:
# LAST OF SEVERAL OCCURRENCES
COLUMN 17 PEAK WIND IN M.P.H.
PRELIMINARY LOCAL CLIMATOLOGICAL DATA (WS FORM: F-6) , PAGE 2
STATION: WILMINGTON DE
MONTH: APRIL
YEAR: 2024
LATITUDE: 39 40 N
LONGITUDE: 75 36 W
[TEMPERATURE DATA] [PRECIPITATION DATA] SYMBOLS USED IN COLUMN 16
AVERAGE MONTHLY: 53.9 TOTAL FOR MONTH: 4.58 1 = FOG OR MIST
DPTR FM NORMAL: 1.0 DPTR FM NORMAL: 1.78 2 = FOG REDUCING VISIBILITY
HIGHEST: 84 ON 15 GRTST 24HR 1.62 ON 3- 4 TO 1/4 MILE OR LESS
LOWEST: 32 ON 22 3 = THUNDER
SNOW, ICE PELLETS, HAIL 4 = ICE PELLETS
TOTAL MONTH: 0.0 INCH 5 = HAIL
GRTST 24HR 0.0 6 = FREEZING RAIN OR DRIZZLE
GRTST DEPTH: 0 7 = DUSTSTORM OR SANDSTORM:
VSBY 1/2 MILE OR LESS
8 = SMOKE OR HAZE
[NO. OF DAYS WITH] [WEATHER - DAYS WITH] 9 = BLOWING SNOW
X = TORNADO
MAX 32 OR BELOW: 0 0.01 INCH OR MORE: 10
MAX 90 OR ABOVE: 0 0.10 INCH OR MORE: 8
MIN 32 OR BELOW: 1 0.50 INCH OR MORE: 3
MIN 0 OR BELOW: 0 1.00 INCH OR MORE: 2
[HDD (BASE 65) ]
TOTAL THIS MO. 265 CLEAR (SCALE 0-3) 10
DPTR FM NORMAL -37 PTCLDY (SCALE 4-7) 8
TOTAL FM JUL 1 4045 CLOUDY (SCALE 8-10) 6
DPTR FM NORMAL -421
[CDD (BASE 65) ]
TOTAL THIS MO. 5
DPTR FM NORMAL 1 [PRESSURE DATA]
TOTAL FM JAN 1 5 HIGHEST SLP M ON M
DPTR FM NORMAL 0 LOWEST SLP 29.29 ON 3
[REMARKS]