000
CXUS53 KILX 010900
CF6ILX
PRELIMINARY LOCAL CLIMATOLOGICAL DATA (WS FORM: F-6)
STATION: LINCOLN IL
MONTH: MARCH
YEAR: 2022
LATITUDE: 40 9 N
LONGITUDE: 89 20 W
TEMPERATURE IN F: :PCPN: SNOW: WIND :SUNSHINE: SKY :PK WND
================================================================================
1 2 3 4 5 6A 6B 7 8 9 10 11 12 13 14 15 16 17 18
12Z AVG MX 2MIN
DY MAX MIN AVG DEP HDD CDD WTR SNW DPTH SPD SPD DIR MIN PSBL S-S WX SPD DR
================================================================================
1 63 35 49 13 16 0 0.00 0.0 0 M M M M M M M M
2 69 31 50 14 15 0 0.00 0.0 0 M M M M M M M M
3 42 29 36 0 29 0 0.00 0.0 0 M M M M M M M M
4 51 28 40 3 25 0 0.00 0.0 0 M M M M M M M M
5 72 40 56 19 9 0 T 0.0 0 M M M M M M M M
6 60 36 48 10 17 0 0.50 0.0 0 M M M M M M M M
7 36 25 31 -7 34 0 0.08 T 0 M M M M M M M M
8 40 21 31 -7 34 0 0.00 0.0 0 M M M M M M M M
9 46 28 37 -2 28 0 0.00 0.0 0 M M M M M M M M
10 35 23 29 -10 36 0 0.16 2.4 0 M M M M M M M M
11 29 13 21 -19 44 0 0.15 1.9 4 M M M M M M 1 M M
12 22 8 15 -25 50 0 0.00 0.0 2 M M M M M M M M
13 57 15 36 -4 29 0 0.00 0.0 1 M M M M M M M M
14 63 35 49 8 16 0 0.00 0.0 0 M M M M M M M M
15 66 34 50 9 15 0 0.00 0.0 0 M M M M M M M M
16 71 39 55 13 10 0 0.00 0.0 0 M M M M M M M M
17 74 42 58 16 7 0 0.00 0.0 0 M M M M M M M M
18 59 44 52 10 13 0 0.61 0.0 0 M M M M M M 13 M M
19 51 37 44 1 21 0 0.11 T 0 M M M M M M 14 M M
20 69 30 50 7 15 0 0.00 0.0 0 M M M M M M M M
21 73 45 59 16 6 0 0.03 0.0 0 M M M M M M M M
22 57 49 53 9 12 0 0.59 0.0 0 M M M M M M 1 M M
23 58 41 50 6 15 0 0.41 0.0 0 M M M M M M 1 M M
24 45 38 42 -2 23 0 0.26 0.0 0 M M M M M M 1 M M
25 53 39 46 1 19 0 T 0.0 0 M M M M M M M M
26 40 29 35 -10 30 0 0.00 0.0 0 M M M M M M M M
27 42 25 34 -11 31 0 0.00 0.0 0 M M M M M M M M
28 43 23 33 -13 32 0 0.00 0.0 0 M M M M M M M M
29 47 33 40 -6 25 0 0.00 0.0 0 M M M M M M M M
30 63 38 51 5 14 0 1.59 0.0 0 M M M M M M 13 M M
31 39 34 37 -10 28 0 0.12 T 0 M M M M M M M M
================================================================================
SM 1635 987 698 0 4.61 4.3 M M M
================================================================================
AV 52.7 31.8 M FASTST M M M MAX(MPH)
MISC ----> M M M M
================================================================================
NOTES:
# LAST OF SEVERAL OCCURRENCES
COLUMN 17 PEAK WIND IN M.P.H.
PRELIMINARY LOCAL CLIMATOLOGICAL DATA (WS FORM: F-6) , PAGE 2
STATION: LINCOLN IL
MONTH: MARCH
YEAR: 2022
LATITUDE: 40 9 N
LONGITUDE: 89 20 W
[TEMPERATURE DATA] [PRECIPITATION DATA] SYMBOLS USED IN COLUMN 16
AVERAGE MONTHLY: 42.3 TOTAL FOR MONTH: 4.61 1 = FOG OR MIST
DPTR FM NORMAL: 0.9 DPTR FM NORMAL: 1.91 2 = FOG REDUCING VISIBILITY
HIGHEST: 74 ON 17 GRTST 24HR 1.59 ON 30-30 TO 1/4 MILE OR LESS
LOWEST: 8 ON 12 3 = THUNDER
SNOW, ICE PELLETS, HAIL 4 = ICE PELLETS
TOTAL MONTH: 4.3 INCHES 5 = HAIL
GRTST 24HR 2.4 ON 10-10 6 = FREEZING RAIN OR DRIZZLE
GRTST DEPTH: 4 ON 11 7 = DUSTSTORM OR SANDSTORM:
VSBY 1/2 MILE OR LESS
8 = SMOKE OR HAZE
[NO. OF DAYS WITH] [WEATHER - DAYS WITH] 9 = BLOWING SNOW
X = TORNADO
MAX 32 OR BELOW: 2 0.01 INCH OR MORE: 12
MAX 90 OR ABOVE: 0 0.10 INCH OR MORE: 10
MIN 32 OR BELOW: 14 0.50 INCH OR MORE: 4
MIN 0 OR BELOW: 0 1.00 INCH OR MORE: 1
[HDD (BASE 65) ]
TOTAL THIS MO. 698 CLEAR (SCALE 0-3) 0
DPTR FM NORMAL -36 PTCLDY (SCALE 4-7) 0
TOTAL FM JUL 1 4828 CLOUDY (SCALE 8-10) 31
DPTR FM NORMAL -265
[CDD (BASE 65) ]
TOTAL THIS MO. 0
DPTR FM NORMAL -2 [PRESSURE DATA]
TOTAL FM JAN 1 0 HIGHEST SLP M ON M
DPTR FM NORMAL -2 LOWEST SLP M ON M
[REMARKS]
#FINAL-03-22#