000
CXUS53 KILX 012300
CF6ILX
PRELIMINARY LOCAL CLIMATOLOGICAL DATA (WS FORM: F-6)
STATION: LINCOLN IL
MONTH: JUNE
YEAR: 2020
LATITUDE: 40 9 N
LONGITUDE: 89 20 W
TEMPERATURE IN F: :PCPN: SNOW: WIND :SUNSHINE: SKY :PK WND
================================================================================
1 2 3 4 5 6A 6B 7 8 9 10 11 12 13 14 15 16 17 18
12Z AVG MX 2MIN
DY MAX MIN AVG DEP HDD CDD WTR SNW DPTH SPD SPD DIR MIN PSBL S-S WX SPD DR
================================================================================
1 80 59 70 2 0 5 T 0.0 0 M M M M M M M M
2 91 64 78 10 0 13 0.00 0.0 0 M M M M M M M M
3 90 70 80 11 0 15 0.02 0.0 0 M M M M M M 3 M M
4 84 67 76 7 0 11 0.26 0.0 0 M M M M M M 13 M M
5 88 65 77 8 0 12 0.00 0.0 0 M M M M M M M M
6 91 68 80 10 0 15 0.00 0.0 0 M M M M M M M M
7 91 62 77 7 0 12 0.00 0.0 0 M M M M M M M M
8 94 62 78 8 0 13 0.00 0.0 0 M M M M M M M M
9 86 73 80 9 0 15 0.24 0.0 0 M M M M M M 3 M M
10 80 61 71 0 0 6 0.06 0.0 0 M M M M M M M M
11 84 58 71 0 0 6 0.00 0.0 0 M M M M M M M M
12 89 58 74 2 0 9 0.00 0.0 0 M M M M M M M M
13 82 57 70 -2 0 5 0.00 0.0 0 M M M M M M M M
14 79 56 68 -4 0 3 0.01 0.0 0 M M M M M M 3 M M
15 81 51 66 -6 0 1 0.00 0.0 0 M M M M M M M M
16 85 55 70 -3 0 5 0.00 0.0 0 M M M M M M M M
17 86 57 72 -1 0 7 0.00 0.0 0 M M M M M M M M
18 88 58 73 0 0 8 0.00 0.0 0 M M M M M M M M
19 90 62 76 3 0 11 0.00 0.0 0 M M M M M M M M
20 88 65 77 3 0 12 0.36 0.0 0 M M M M M M 13 M M
21 85 67 76 2 0 11 0.28 0.0 0 M M M M M M 13 M M
22 87 66 77 3 0 12 0.46 0.0 0 M M M M M M 13 M M
23 78 59 69 -5 0 4 0.00 0.0 0 M M M M M M M M
24 82 61 72 -2 0 7 T 0.0 0 M M M M M M M M
25 85 58 72 -2 0 7 0.00 0.0 0 M M M M M M M M
26 91 66 79 4 0 14 T 0.0 0 M M M M M M M M
27 83 70 77 2 0 12 0.51 0.0 0 M M M M M M 13 M M
28 85 69 77 2 0 12 T 0.0 0 M M M M M M 1 M M
29 90 72 81 6 0 16 T 0.0 0 M M M M M M 1 M M
30 78 69 74 -1 0 9 0.08 0.0 0 M M M M M M M M
================================================================================
SM 2571 1885 0 288 2.28 0.0 M M M
================================================================================
AV 85.7 62.8 M FASTST M M 2 MAX(MPH)
MISC ----> M M M M
================================================================================
NOTES:
# LAST OF SEVERAL OCCURRENCES
COLUMN 17 PEAK WIND IN M.P.H.
PRELIMINARY LOCAL CLIMATOLOGICAL DATA (WS FORM: F-6) , PAGE 2
STATION: LINCOLN IL
MONTH: JUNE
YEAR: 2020
LATITUDE: 40 9 N
LONGITUDE: 89 20 W
[TEMPERATURE DATA] [PRECIPITATION DATA] SYMBOLS USED IN COLUMN 16
AVERAGE MONTHLY: 74.3 TOTAL FOR MONTH: 2.28 1 = FOG OR MIST
DPTR FM NORMAL: 2.2 DPTR FM NORMAL: -2.04 2 = FOG REDUCING VISIBILITY
HIGHEST: 94 ON 8 GRTST 24HR 0.51 ON 27-27 TO 1/4 MILE OR LESS
LOWEST: 51 ON 15 3 = THUNDER
SNOW, ICE PELLETS, HAIL 4 = ICE PELLETS
TOTAL MONTH: 0.0 INCH 5 = HAIL
GRTST 24HR 0.0 6 = FREEZING RAIN OR DRIZZLE
GRTST DEPTH: 0 7 = DUSTSTORM OR SANDSTORM:
VSBY 1/2 MILE OR LESS
8 = SMOKE OR HAZE
[NO. OF DAYS WITH] [WEATHER - DAYS WITH] 9 = BLOWING SNOW
X = TORNADO
MAX 32 OR BELOW: 0 0.01 INCH OR MORE: 10
MAX 90 OR ABOVE: 8 0.10 INCH OR MORE: 6
MIN 32 OR BELOW: 0 0.50 INCH OR MORE: 1
MIN 0 OR BELOW: 0 1.00 INCH OR MORE: 0
[HDD (BASE 65) ]
TOTAL THIS MO. 0 CLEAR (SCALE 0-3) 0
DPTR FM NORMAL -17 PTCLDY (SCALE 4-7) 0
TOTAL FM JUL 1 5468 CLOUDY (SCALE 8-10) 0
DPTR FM NORMAL -240
[CDD (BASE 65) ]
TOTAL THIS MO. 288
DPTR FM NORMAL 56 [PRESSURE DATA]
TOTAL FM JAN 1 367 HIGHEST SLP M ON M
DPTR FM NORMAL 44 LOWEST SLP M ON M
[REMARKS]
#FINAL-06-20#