000
CXUS54 KFWD 010730
CF6INJ
PRELIMINARY LOCAL CLIMATOLOGICAL DATA (WS FORM: F-6)
STATION: HILLSBORO
MONTH: MARCH
YEAR: 2023
LATITUDE: 32 0 N
LONGITUDE: 97 6 W
TEMPERATURE IN F: :PCPN: SNOW: WIND :SUNSHINE: SKY :PK WND
================================================================================
1 2 3 4 5 6A 6B 7 8 9 10 11 12 13 14 15 16 17 18
12Z AVG MX 2MIN
DY MAX MIN AVG DEP HDD CDD WTR SNW DPTH SPD SPD DIR MIN PSBL S-S WX SPD DR
================================================================================
1 79 61 70 16 0 5 T M M 9.5 23 150 M M 6 1 31 150
2 79 54 67 13 0 2 0.35 M M 18.3 28 170 M M 6 1 40 170
3 64 46 55 1 10 0 0.13 M M 10.2 26 260 M M 2 45 260
4 75 43 59 5 6 0 0.00 M M 8.8 15 170 M M 0 20 180
5 75 53 64 9 1 0 0.00 M M 13.1 23 180 M M 0 1 26 180
6 78 56 67 12 0 2 0.00 M M 10.6 16 210 M M 2 1 20 200
7 76 60 68 13 0 3 0.00 M M 7.5 12 120 M M 5 12 M M
8 71 56 64 8 1 0 0.00 M M 8.3 16 350 M M 8 1 21 350
9 77 56 67 11 0 2 0.09 M M 7.3 22 360 M M 10 123 26 360
10 65 50 58 2 7 0 0.03 M M 7.5 16 10 M M 6 22 10
11 86 56 71 15 0 6 0.00 M M 12.5 20 210 M M 5 1 23 210
12 73 51 62 5 3 0 M M M 13.7 22 360 M M 3 32 10
13 62 40 51 -6 14 0 0.00 M M 11.1 20 40 M M 0 24 40
14 59 41 50 -7 15 0 M M M 7.0 15 60 M M 6 17 60
15 68 45 57 0 8 0 0.00 M M 14.6 24 170 M M 6 32 170
16 76 44 60 2 5 0 0.01 M M 19.0 32 350 M M 8 1 39 350
17 55 41 48 -10 17 0 0.00 M M 16.1 25 340 M M 2 32 360
18 56 36 46 -12 19 0 0.00 M M 7.1 17 360 M M 2 22 360
19 55 31 43 -15 22 0 0.00 M M 4.9 9 80 M M 0 M M
20 56 33 45 -14 20 0 0.00 M M 14.5 25 170 M M 7 29 170
21 69 50 60 1 5 0 0.03 M M 14.6 20 180 M M 10 1 26 160
22 81 67 74 15 0 9 0.00 M M 17.5 24 180 M M 7 31 200
23 83 67 75 15 0 10 0.00 M M 16.7 24 170 M M 9 1 30 200
24 77 54 66 6 0 1 0.00 M M 14.3 24 180 M M 6 33 180
25 78 43 61 1 4 0 0.00 M M 5.2 16 290 M M 0 22 260
26 82 46 64 4 1 0 0.00 M M 5.8 15 360 M M 0 8 20 0
27 72 49 61 0 4 0 0.00 M M 9.2 17 50 M M 3 3 23 50
28 65 45 55 -6 10 0 0.00 M M 11.4 21 360 M M 1 33 360
29 64 48 56 -5 9 0 0.09 M M 5.5 9 120 M M 9 16 100
30 73 60 67 6 0 2 0.00 M M 13.9 22 160 M M 10 1 32 160
31 89 52 71 9 0 6 0.00 M M 17.4 30 180 M M 4 36 180
================================================================================
SM 2218 1534 181 48 0.73 M 353.1 M 143
================================================================================
AV 71.5 49.5 11.4 FASTST M M 5 MAX(MPH)
MISC ----> 32 350 45 260
================================================================================
NOTES:
# LAST OF SEVERAL OCCURRENCES
COLUMN 17 PEAK WIND IN M.P.H.
PRELIMINARY LOCAL CLIMATOLOGICAL DATA (WS FORM: F-6) , PAGE 2
STATION: HILLSBORO
MONTH: MARCH
YEAR: 2023
LATITUDE: 32 0 N
LONGITUDE: 97 6 W
[TEMPERATURE DATA] [PRECIPITATION DATA] SYMBOLS USED IN COLUMN 16
AVERAGE MONTHLY: 60.5 TOTAL FOR MONTH: 0.73 1 = FOG OR MIST
DPTR FM NORMAL: 2.8 DPTR FM NORMAL: -3.05 2 = FOG REDUCING VISIBILITY
HIGHEST: 89 ON 31 GRTST 24HR 0.35 ON 2- 2 TO 1/4 MILE OR LESS
LOWEST: 31 ON 19 3 = THUNDER
SNOW, ICE PELLETS, HAIL 4 = ICE PELLETS
TOTAL MONTH: M 5 = HAIL
GRTST 24HR M ON M 6 = FREEZING RAIN OR DRIZZLE
GRTST DEPTH: M ON M 7 = DUSTSTORM OR SANDSTORM:
VSBY 1/2 MILE OR LESS
8 = SMOKE OR HAZE
[NO. OF DAYS WITH] [WEATHER - DAYS WITH] 9 = BLOWING SNOW
X = TORNADO
MAX 32 OR BELOW: 0 0.01 INCH OR MORE: 7
MAX 90 OR ABOVE: 0 0.10 INCH OR MORE: 2
MIN 32 OR BELOW: 1 0.50 INCH OR MORE: 0
MIN 0 OR BELOW: 0 1.00 INCH OR MORE: 0
[HDD (BASE 65) ]
TOTAL THIS MO. 181 CLEAR (SCALE 0-3) 12
DPTR FM NORMAL -76 PTCLDY (SCALE 4-7) 13
TOTAL FM JUL 1 1799 CLOUDY (SCALE 8-10) 6
DPTR FM NORMAL -318
[CDD (BASE 65) ]
TOTAL THIS MO. 48
DPTR FM NORMAL 19 [PRESSURE DATA]
TOTAL FM JAN 1 69 HIGHEST SLP M ON M
DPTR FM NORMAL 32 LOWEST SLP M ON M
[REMARKS]
#FINAL-03-23#