000
CXUS54 KMAF 011726
CF6INK
PRELIMINARY LOCAL CLIMATOLOGICAL DATA (WS FORM: F-6)
STATION: WINK
MONTH: FEBRUARY
YEAR: 2023
LATITUDE: 31 46 N
LONGITUDE: 103 12 W
TEMPERATURE IN F: :PCPN: SNOW: WIND :SUNSHINE: SKY :PK WND
================================================================================
1 2 3 4 5 6A 6B 7 8 9 10 11 12 13 14 15 16 17 18
12Z AVG MX 2MIN
DY MAX MIN AVG DEP HDD CDD WTR SNW DPTH SPD SPD DIR MIN PSBL S-S WX SPD DR
================================================================================
1 31 26 29 -18 36 0 0.01 M M 4.7 15 240 M M 9 6 20 240
2 58 31 45 -2 20 0 0.00 M M 5.6 13 350 M M 5 8 17 300
3 58 24 41 -6 24 0 0.00 M M 7.4 13 140 M M 0 18 130
4 67 32 50 2 15 0 0.00 M M 7.7 13 160 M M 0 19 130
5 78 27 53 5 12 0 0.00 M M 7.4 20 240 M M 0 24 230
6 80 34 57 9 8 0 0.00 M M 6.5 14 330 M M 0 25 330
7 59 44 52 4 13 0 0.00 M M 13.2 29 30 M M 7 43 40
8 61 33 47 -1 18 0 0.00 M M 11.2 22 280 M M 4 29 300
9 61 30 46 -2 19 0 0.00 M M 13.6 37 360 M M 2 8 47 10
10 50 24 37 -12 28 0 0.00 M M 7.6 16 340 M M 0 21 350
11 58 19 39 -10 26 0 0.00 M M 7.3 16 130 M M 0 21 130
12 66 30 48 -1 17 0 0.00 M M 6.3 14 120 M M 0 19 140
13 57 36 47 -2 18 0 T M M 9.7 26 250 M M 1 37 120
14 66 40 53 3 12 0 0.00 M M 21.7 44 260 M M 2 8 58 250
15 69 30 50 0 15 0 0.00 M M 12.4 33 320 M M 0 8 43 320
16 48 23 36 -14 29 0 0.00 M M 10.8 18 10 M M 0 16 360
17 49 18 34 -16 31 0 0.00 M M 6.5 15 150 M M 0 18 150
18 57 32 45 -5 20 0 T M M 9.5 16 160 M M 3 21 160
19 54 37 46 -5 19 0 T M M 3.5 10 210 M M 3 13 220
20 77 51 64 13 1 0 0.00 M M 14.9 29 270 M M 1 37 270
21 84 45 65 14 0 0 T M M 12.3 30 280 M M 2 40 280
22 76 44 60 9 5 0 0.01 M M 20.2 41 250 M M 1 52 260
23 74 39 57 5 8 0 0.00 M M 9.7 22 100 M M 0 31 120
24 58 34 46 -6 19 0 0.00 M M 8.5 18 100 M M 0 25 110
25 53 40 47 -5 18 0 0.00 M M 5.3 12 110 M M 5 18 18 120
26 90 47 69 17 0 4 T M M 16.3 52 230 M M 6 128 71 220
27 74 33 54 1 11 0 0.00 M M 12.4 31 270 M M 0 40 250
28 81 34 58 5 7 0 0.00 M M 9.1 28 270 M M 0 35 270
================================================================================
SM 1794 937 449 4 0.02 M 281.3 M 51
================================================================================
AV 64.1 33.5 10.0 FASTST M M 2 MAX(MPH)
MISC ----> 52 230 71 220
================================================================================
NOTES:
# LAST OF SEVERAL OCCURRENCES
COLUMN 17 PEAK WIND IN M.P.H.
PRELIMINARY LOCAL CLIMATOLOGICAL DATA (WS FORM: F-6) , PAGE 2
STATION: WINK
MONTH: FEBRUARY
YEAR: 2023
LATITUDE: 31 46 N
LONGITUDE: 103 12 W
[TEMPERATURE DATA] [PRECIPITATION DATA] SYMBOLS USED IN COLUMN 16
AVERAGE MONTHLY: 48.8 TOTAL FOR MONTH: 0.02 1 = FOG OR MIST
DPTR FM NORMAL: -0.9 DPTR FM NORMAL: -0.38 2 = FOG REDUCING VISIBILITY
HIGHEST: 90 ON 26 GRTST 24HR 0.01 ON 1- 1 TO 1/4 MILE OR LESS
LOWEST: 18 ON 17 3 = THUNDER
SNOW, ICE PELLETS, HAIL 4 = ICE PELLETS
TOTAL MONTH: M 5 = HAIL
GRTST 24HR M ON M 6 = FREEZING RAIN OR DRIZZLE
GRTST DEPTH: M ON M 7 = DUSTSTORM OR SANDSTORM:
VSBY 1/2 MILE OR LESS
8 = SMOKE OR HAZE
[NO. OF DAYS WITH] [WEATHER - DAYS WITH] 9 = BLOWING SNOW
X = TORNADO
MAX 32 OR BELOW: 1 0.01 INCH OR MORE: 2
MAX 90 OR ABOVE: 1 0.10 INCH OR MORE: 0
MIN 32 OR BELOW: 13 0.50 INCH OR MORE: 0
MIN 0 OR BELOW: 0 1.00 INCH OR MORE: 0
[HDD (BASE 65) ]
TOTAL THIS MO. 449 CLEAR (SCALE 0-3) 21
DPTR FM NORMAL 21 PTCLDY (SCALE 4-7) 6
TOTAL FM JUL 1 1985 CLOUDY (SCALE 8-10) 1
DPTR FM NORMAL -129
[CDD (BASE 65) ]
TOTAL THIS MO. 4
DPTR FM NORMAL 2 [PRESSURE DATA]
TOTAL FM JAN 1 4 HIGHEST SLP 30.57 ON 3
DPTR FM NORMAL 4 LOWEST SLP 29.40 ON 26
[REMARKS]
#FINAL-02-23#