015
CXUS54 KMAF 011923
CF6INK
PRELIMINARY LOCAL CLIMATOLOGICAL DATA (WS FORM: F-6)
STATION: WINK
MONTH: NOVEMBER
YEAR: 2020
LATITUDE: 31 46 N
LONGITUDE: 103 12 W
TEMPERATURE IN F: :PCPN: SNOW: WIND :SUNSHINE: SKY :PK WND
================================================================================
1 2 3 4 5 6A 6B 7 8 9 10 11 12 13 14 15 16 17 18
12Z AVG MX 2MIN
DY MAX MIN AVG DEP HDD CDD WTR SNW DPTH SPD SPD DIR MIN PSBL S-S WX SPD DR
================================================================================
1 76 51 64 4 1 0 0.00 M M 7.9 20 60 M M 0 25 60
2 75 41 58 -1 7 0 0.00 M M 9.8 18 170 M M 0 24 150
3 81 46 64 5 1 0 0.00 M M 9.5 16 140 M M 0 20 130
4 87 47 67 9 0 2 0.00 M M 7.0 13 130 M M 0 16 130
5 89 43 66 8 0 1 0.00 M M 7.3 17 60 M M 0 25 50
6 82 41 62 4 3 0 0.00 M M 9.2 18 140 M M 0 31 170
7 80 54 67 10 0 2 0.00 M M 17.2 26 130 M M 0 32 140
8 88 57 73 16 0 8 0.00 M M 15.5 25 150 M M 0 30 160
9 87 58 73 17 0 8 0.00 M M 13.3 25 220 M M 0 35 220
10 67 41 54 -2 11 0 0.00 M M 7.5 18 280 M M 0 23 260
11 74 35 55 0 10 0 0.00 M M 5.4 10 140 M M 0 13 190
12 79 37 58 3 7 0 0.00 M M 5.9 15 250 M M 0 21 250
13 60 49 55 1 10 0 0.00 M M 7.2 17 40 M M 7 22 60
14 82 41 62 8 3 0 0.00 M M 12.5 33 260 M M 1 8 42 240
15 64 35 50 -4 15 0 0.00 M M 7.9 18 360 M M 0 22 10
16 81 31 56 3 9 0 0.00 M M 5.2 13 140 M M 0 14 150
17 75 35 55 2 10 0 0.00 M M 10.9 21 150 M M 0 25 160
18 81 45 63 11 2 0 0.00 M M 12.7 20 140 M M 0 25 140
19 84 48 66 14 0 1 0.00 M M 10.4 18 140 M M 0 23 130
20 84 47 66 14 0 1 0.00 M M 6.9 17 140 M M 0 21 140
21 74 47 61 10 4 0 0.00 M M 8.8 15 140 M M 0 21 120
22 63 48 56 5 9 0 0.03 M M 10.9 21 60 M M 5 18 25 60
23 73 50 62 12 3 0 0.00 M M 17.4 28 140 M M 3 1 35 140
24 77 45 61 11 4 0 0.00 M M 15.6 38 280 M M 0 18 50 250
25 70 33 52 2 13 0 0.00 M M 6.3 17 10 M M 0 21 10
26 78 32 55 6 10 0 0.00 M M 5.9 22 250 M M 0 27 280
27 58 45 52 3 13 0 0.00 M M 10.4 21 40 M M 7 27 40
28 60 36 48 0 17 0 0.00 M M 7.1 16 330 M M 5 18 22 300
29 60 27 44 -4 21 0 0.00 M M 9.9 24 20 M M 0 29 30
30 53 21 37 -11 28 0 0.00 M M 5.8 10 140 M M 0 8 13 240
================================================================================
SM 2242 1266 211 23 0.03 M 287.3 M 28
================================================================================
AV 74.7 42.2 9.6 FASTST M M 1 MAX(MPH)
MISC ----> 38 280 50 250
================================================================================
NOTES:
# LAST OF SEVERAL OCCURRENCES
COLUMN 17 PEAK WIND IN M.P.H.
PRELIMINARY LOCAL CLIMATOLOGICAL DATA (WS FORM: F-6) , PAGE 2
STATION: WINK
MONTH: NOVEMBER
YEAR: 2020
LATITUDE: 31 46 N
LONGITUDE: 103 12 W
[TEMPERATURE DATA] [PRECIPITATION DATA] SYMBOLS USED IN COLUMN 16
AVERAGE MONTHLY: 58.5 TOTAL FOR MONTH: 0.03 1 = FOG OR MIST
DPTR FM NORMAL: 5.0 DPTR FM NORMAL: -0.56 2 = FOG REDUCING VISIBILITY
HIGHEST: 89 ON 5 GRTST 24HR 0.03 ON 22-22 TO 1/4 MILE OR LESS
LOWEST: 21 ON 30 3 = THUNDER
SNOW, ICE PELLETS, HAIL 4 = ICE PELLETS
TOTAL MONTH: M 5 = HAIL
GRTST 24HR M ON M 6 = FREEZING RAIN OR DRIZZLE
GRTST DEPTH: M ON M 7 = DUSTSTORM OR SANDSTORM:
VSBY 1/2 MILE OR LESS
8 = SMOKE OR HAZE
[NO. OF DAYS WITH] [WEATHER - DAYS WITH] 9 = BLOWING SNOW
X = TORNADO
MAX 32 OR BELOW: 0 0.01 INCH OR MORE: 1
MAX 90 OR ABOVE: 0 0.10 INCH OR MORE: 0
MIN 32 OR BELOW: 4 0.50 INCH OR MORE: 0
MIN 0 OR BELOW: 0 1.00 INCH OR MORE: 0
[HDD (BASE 65) ]
TOTAL THIS MO. 211 CLEAR (SCALE 0-3) 25
DPTR FM NORMAL -142 PTCLDY (SCALE 4-7) 5
TOTAL FM JUL 1 378 CLOUDY (SCALE 8-10) 0
DPTR FM NORMAL -70
[CDD (BASE 65) ]
TOTAL THIS MO. 23
DPTR FM NORMAL 15 [PRESSURE DATA]
TOTAL FM JAN 1 3109 HIGHEST SLP 30.56 ON 30
DPTR FM NORMAL 580 LOWEST SLP 29.61 ON 9
[REMARKS]
#FINAL-11-20#