000
CXUS56 KFGZ 010910
CF6INW
PRELIMINARY LOCAL CLIMATOLOGICAL DATA (WS FORM: F-6)
STATION: WINSLOW AZ AIRPORT
MONTH: JULY
YEAR: 2021
LATITUDE: 35 1 N
LONGITUDE: 110 44 W
TEMPERATURE IN F: :PCPN: SNOW: WIND :SUNSHINE: SKY :PK WND
================================================================================
1 2 3 4 5 6A 6B 7 8 9 10 11 12 13 14 15 16 17 18
12Z AVG MX 2MIN
DY MAX MIN AVG DEP HDD CDD WTR SNW DPTH SPD SPD DIR MIN PSBL S-S WX SPD DR
================================================================================
1 95 55 75 -3 0 10 0.00 M M 5.8 20 250 M M 0 24 240
2 96 65 81 3 0 16 T M M 8.1 26 120 M M 1 32 120
3 98 68 83 5 0 18 0.42 M M 10.8 33 190 M M 3 41 30
4 96 67 82 4 0 17 0.00 M M 8.4 30 190 M M 0 37 80
5 99 69 84 5 0 19 T M M 7.2 16 310 M M 2 23 290
6 105 70 88 9 0 23 0.00 M M 5.6 21 360 M M 0 28 360
7 104 65 85 6 0 20 0.00 M M 6.8 23 170 M M 0 28 170
8 104 73 89 10 0 24 0.00 M M 9.4 23 240 M M 0 28 220
9 107 76 92 13 0 27 0.00 M M 9.5 24 110 M M 0 41 100
10 110 78 94 15 0 29 0.00 M M 9.2 37 40 M M 0 8 56 30
11 108 70 89 10 0 24 0.00 M M 8.3 28 270 M M 0 8 34 260
12 106 70 88 9 0 23 0.00 M M 10.0 35 220 M M 0 43 240
13 95 71 83 4 0 18 0.00 M M 12.5 30 210 M M 0 39 210
14 93 67 80 0 0 15 T M M 10.8 29 280 M M 1 34 280
15 92 66 79 -1 0 14 T M M 10.0 23 260 M M 2 29 300
16 95 67 81 1 0 16 0.00 M M 10.2 36 250 M M 2 42 250
17 94 70 82 2 0 17 0.03 M M 8.2 25 230 M M 4 30 230
18 93 64 79 -1 0 14 T M M 7.7 31 240 M M 1 36 240
19 95 69 82 2 0 17 0.01 M M 7.5 29 230 M M 2 33 230
20 96 67 82 2 0 17 0.00 M M 10.3 28 260 M M 1 33 200
21 97 71 84 4 0 19 0.03 M M 9.9 23 250 M M 2 3 26 250
22 96 69 83 3 0 18 0.18 M M 7.9 32 280 M M 2 3 40 290
23 88 63 76 -4 0 11 0.39 M M 13.7 31 270 M M 6 13 36 270
24 83 63 73 -6 0 8 0.42 M M 5.4 25 40 M M 7 13 34 30
25 83 61 72 -7 0 7 0.03 M M 6.9 21 200 M M 4 1 25 200
26 88 63 76 -3 0 11 T M M 5.6 22 270 M M 1 3 28 270
27 95 61 78 -1 0 13 T M M 6.4 29 270 M M 3 38 35 260
28 94 69 82 3 0 17 T M M 8.1 29 250 M M 3 34 250
29 96 65 81 2 0 16 0.23 M M 6.7 36 80 M M 1 138 50 80
30 90 63 77 -2 0 12 0.00 M M 7.0 29 280 M M 1 36 220
31 92 65 79 0 0 14 T M M 9.3 23 230 M M 1 27 230
================================================================================
SM 2983 2080 0 524 1.74 M 263.2 M 50
================================================================================
AV 96.2 67.1 8.5 FASTST M M 2 MAX(MPH)
MISC ----> 37 40 56 30
================================================================================
NOTES:
# LAST OF SEVERAL OCCURRENCES
COLUMN 17 PEAK WIND IN M.P.H.
PRELIMINARY LOCAL CLIMATOLOGICAL DATA (WS FORM: F-6) , PAGE 2
STATION: WINSLOW AZ AIRPORT
MONTH: JULY
YEAR: 2021
LATITUDE: 35 1 N
LONGITUDE: 110 44 W
[TEMPERATURE DATA] [PRECIPITATION DATA] SYMBOLS USED IN COLUMN 16
AVERAGE MONTHLY: 81.7 TOTAL FOR MONTH: 1.74 1 = FOG OR MIST
DPTR FM NORMAL: 2.6 DPTR FM NORMAL: 0.85 2 = FOG REDUCING VISIBILITY
HIGHEST: 110 ON 10 GRTST 24HR 0.72 ON 23-24 TO 1/4 MILE OR LESS
LOWEST: 55 ON 1 3 = THUNDER
SNOW, ICE PELLETS, HAIL 4 = ICE PELLETS
TOTAL MONTH: M 5 = HAIL
GRTST 24HR M ON M 6 = FREEZING RAIN OR DRIZZLE
GRTST DEPTH: M ON M 7 = DUSTSTORM OR SANDSTORM:
VSBY 1/2 MILE OR LESS
8 = SMOKE OR HAZE
[NO. OF DAYS WITH] [WEATHER - DAYS WITH] 9 = BLOWING SNOW
X = TORNADO
MAX 32 OR BELOW: 0 0.01 INCH OR MORE: 9
MAX 90 OR ABOVE: 27 0.10 INCH OR MORE: 5
MIN 32 OR BELOW: 0 0.50 INCH OR MORE: 0
MIN 0 OR BELOW: 0 1.00 INCH OR MORE: 0
[HDD (BASE 65) ]
TOTAL THIS MO. 0 CLEAR (SCALE 0-3) 27
DPTR FM NORMAL 0 PTCLDY (SCALE 4-7) 4
TOTAL FM JUL 1 0 CLOUDY (SCALE 8-10) 0
DPTR FM NORMAL 0
[CDD (BASE 65) ]
TOTAL THIS MO. 524
DPTR FM NORMAL 85 [PRESSURE DATA]
TOTAL FM JAN 1 987 HIGHEST SLP M ON M
DPTR FM NORMAL 208 LOWEST SLP 29.65 ON 11
[REMARKS]
#FINAL-07-21#