000
CXUS55 KDVN 011000
CF6IOW
PRELIMINARY LOCAL CLIMATOLOGICAL DATA (WS FORM: F-6)
STATION: IOWA CITY IA
MONTH: MARCH
YEAR: 2024
LATITUDE: 41 37 N
LONGITUDE: 91 33 W
TEMPERATURE IN F: :PCPN: SNOW: WIND :SUNSHINE: SKY :PK WND
================================================================================
1 2 3 4 5 6A 6B 7 8 9 10 11 12 13 14 15 16 17 18
12Z AVG MX 2MIN
DY MAX MIN AVG DEP HDD CDD WTR SNW DPTH SPD SPD DIR MIN PSBL S-S WX SPD DR
================================================================================
1 52 27 40 7 25 0 0.00 M M 9.6 21 160 M M 2 28 170
2 65 26 46 13 19 0 0.00 M M 9.0 22 140 M M 0 1 33 150
3 80 46 63 29 2 0 0.00 M M 15.4 39 180 M M 1 57 180
4 60 42 51 17 14 0 0.31 M M 9.8 22 360 M M 7 13 31 360
5 54 34 44 10 21 0 T M M 7.6 17 20 M M 7 27 350
6 56 32 44 9 21 0 0.00 M M 7.0 15 40 M M 0 1 21 40
7 51 38 45 10 20 0 0.11 M M 8.7 15 70 M M 8 1 21 80
8 47 35 41 5 24 0 0.35 M M 13.2 18 20 M M 9 1 27 10
9 45 27 36 0 29 0 0.00 M M 13.8 28 280 M M 0 39 290
10 51 24 38 1 27 0 0.00 M M 3.8 13 260 M M 0 18 270
11 74 32 53 16 12 0 0.00 M M 9.9 24 240 M M 0 46 230
12 71 44 58 20 7 0 T M M 7.3 20 230 M M 1 28 230
13 71 41 56 18 9 0 0.01 M M 6.5 17 80 M M 2 27 80
14 57 47 52 13 13 0 0.72 M M 12.5 28 40 M M 10 13 37 40
15 61 37 49 10 16 0 0.00 M M 6.9 18 270 M M 2 25 300
16 57 34 46 6 19 0 0.00 M M 14.8 29 330 M M 3 40 330
17 38 24 31 -9 34 0 0.00 M M 15.2 28 300 M M 5 38 270
18 38 20 29 -12 36 0 0.00 M M 11.4 23 290 M M 1 30 260
19 63 27 45 4 20 0 0.00 M M 12.0 25 290 M M 0 34 290
20 44 30 37 -5 28 0 0.00 M M 11.6 21 320 M M 2 31 310
21 48 29 39 -3 26 0 T M M 7.9 16 130 M M 7 8 23 180
22 42 31 37 -5 28 0 0.42 M M 11.4 23 50 M M 10 12 33 130
23 41 25 33 -10 32 0 T M M 8.4 14 100 M M 4 21 110
24 54 35 45 2 20 0 0.00 M M 12.9 26 130 M M 8 43 110
25 61 49 55 11 10 0 0.06 M M 12.9 24 180 M M 8 40 190
26 52 29 41 -3 24 0 0.19 M M 16.1 30 270 M M 10 1 45 270
27 43 22 33 -11 32 0 0.00 M M 12.3 22 260 M M 3 32 250
28 54 29 42 -3 23 0 0.00 M M 2.1 12 30 M M 4 15 30
29 64 37 51 6 14 0 T M M 9.6 18 110 M M 4 29 60
30 63 43 53 7 12 0 0.02 M M 8.9 17 320 M M 1 13 25 310
31 58 42 50 4 15 0 0.29 M M 9.8 20 40 M M 7 13 27 50
================================================================================
SM 1715 1038 632 0 2.48 M 318.3 M 126
================================================================================
AV 55.3 33.5 10.3 FASTST M M 4 MAX(MPH)
MISC ----> 39 180 57 180
================================================================================
NOTES:
# LAST OF SEVERAL OCCURRENCES
COLUMN 17 PEAK WIND IN M.P.H.
PRELIMINARY LOCAL CLIMATOLOGICAL DATA (WS FORM: F-6) , PAGE 2
STATION: IOWA CITY IA
MONTH: MARCH
YEAR: 2024
LATITUDE: 41 37 N
LONGITUDE: 91 33 W
[TEMPERATURE DATA] [PRECIPITATION DATA] SYMBOLS USED IN COLUMN 16
AVERAGE MONTHLY: 44.4 TOTAL FOR MONTH: 2.48 1 = FOG OR MIST
DPTR FM NORMAL: 4.9 DPTR FM NORMAL: 0.27 2 = FOG REDUCING VISIBILITY
HIGHEST: 80 ON 3 GRTST 24HR 0.72 ON 14-14 TO 1/4 MILE OR LESS
LOWEST: 20 ON 18 3 = THUNDER
SNOW, ICE PELLETS, HAIL 4 = ICE PELLETS
TOTAL MONTH: M 5 = HAIL
GRTST 24HR M ON M 6 = FREEZING RAIN OR DRIZZLE
GRTST DEPTH: M ON M 7 = DUSTSTORM OR SANDSTORM:
VSBY 1/2 MILE OR LESS
8 = SMOKE OR HAZE
[NO. OF DAYS WITH] [WEATHER - DAYS WITH] 9 = BLOWING SNOW
X = TORNADO
MAX 32 OR BELOW: 0 0.01 INCH OR MORE: 10
MAX 90 OR ABOVE: 0 0.10 INCH OR MORE: 7
MIN 32 OR BELOW: 16 0.50 INCH OR MORE: 1
MIN 0 OR BELOW: 0 1.00 INCH OR MORE: 0
[HDD (BASE 65) ]
TOTAL THIS MO. 632 CLEAR (SCALE 0-3) 15
DPTR FM NORMAL -160 PTCLDY (SCALE 4-7) 12
TOTAL FM JUL 1 4664 CLOUDY (SCALE 8-10) 4
DPTR FM NORMAL -874
[CDD (BASE 65) ]
TOTAL THIS MO. 0
DPTR FM NORMAL -2 [PRESSURE DATA]
TOTAL FM JAN 1 0 HIGHEST SLP 30.42 ON 23
DPTR FM NORMAL -2 LOWEST SLP 29.32 ON 26
[REMARKS]
#FINAL-03-24#