000
CXUS55 KGLD 230800
CF6ITR
PRELIMINARY LOCAL CLIMATOLOGICAL DATA (WS FORM: F-6)
STATION: BURLINGTON CO
MONTH: APRIL
YEAR: 2024
LATITUDE: 39 15 N
LONGITUDE: 102 17 W
TEMPERATURE IN F: :PCPN: SNOW: WIND :SUNSHINE: SKY :PK WND
================================================================================
1 2 3 4 5 6A 6B 7 8 9 10 11 12 13 14 15 16 17 18
12Z AVG MX 2MIN
DY MAX MIN AVG DEP HDD CDD WTR SNW DPTH SPD SPD DIR MIN PSBL S-S WX SPD DR
================================================================================
1 54 35 45 -1 20 0 0.00 M M 17.2 29 20 M M 6 1 37 10
2 61 32 47 1 18 0 0.00 M M 17.3 35 10 M M 5 45 340
3 69 27 48 2 17 0 0.00 M M 9.5 24 10 M M 0 36 340
4 77 36 57 11 8 0 0.00 M M 12.7 28 140 M M 0 36 140
5 82 41 62 15 3 0 0.00 M M 22.5 38 180 M M 0 51 180
6 63 31 47 0 18 0 0.09 M M 19.2 46 310 M M 3 138 58 300
7 63 31 47 0 18 0 0.00 M M 17.6 39 300 M M 2 53 320
8 63 26 45 -2 20 0 0.00 M M 9.2 20 230 M M 1 32 240
9 64 25 45 -2 20 0 0.00 M M 8.9 18 330 M M 0 27 220
10 65 35 50 2 15 0 0.00 M M 13.6 32 300 M M 4 8 42 300
11 63 29 46 -2 19 0 0.00 M M 7.6 17 290 M M 1 8 23 290
12 77 32 55 7 10 0 0.00 M M 10.4 18 170 M M 0 27 170
13 85 41 63 15 2 0 0.00 M M 11.0 22 330 M M 0 28 340
14 85 39 62 14 3 0 0.00 M M 10.9 22 140 M M 0 29 150
15 84 38 61 13 4 0 0.00 M M 17.0 32 300 M M 0 42 300
16 71 40 56 7 9 0 0.13 M M 22.1 43 320 M M 8 56 330
17 80 37 59 10 6 0 0.00 M M 14.3 37 10 M M 1 49 20
18 45 34 40 -9 25 0 0.00 M M 12.8 33 10 M M 10 45 20
19 48 33 41 -8 24 0 0.12 M M 9.4 25 40 M M 10 1 32 40
20 34 31 33 -17 32 0 0.15 M M 9.0 17 120 M M 10 12 22 130
21 61 32 47 -3 18 0 0.00 M M 9.7 18 170 M M 5 26 200
22 82 42 62 12 3 0 0.00 M M 12.2 22 50 M M 0 29 30
================================================================================
SM 1476 747 312 0 0.49 M 294.1 M 66
================================================================================
AV 67.1 34.0 13.4 FASTST M M 3 MAX(MPH)
MISC ----> 46 310 58 300
================================================================================
NOTES:
# LAST OF SEVERAL OCCURRENCES
COLUMN 17 PEAK WIND IN M.P.H.
PRELIMINARY LOCAL CLIMATOLOGICAL DATA (WS FORM: F-6) , PAGE 2
STATION: BURLINGTON CO
MONTH: APRIL
YEAR: 2024
LATITUDE: 39 15 N
LONGITUDE: 102 17 W
[TEMPERATURE DATA] [PRECIPITATION DATA] SYMBOLS USED IN COLUMN 16
AVERAGE MONTHLY: 50.5 TOTAL FOR MONTH: 0.49 1 = FOG OR MIST
DPTR FM NORMAL: 2.7 DPTR FM NORMAL: -0.55 2 = FOG REDUCING VISIBILITY
HIGHEST: 85 ON 14,13 GRTST 24HR 0.27 ON 19-20 TO 1/4 MILE OR LESS
LOWEST: 25 ON 9 3 = THUNDER
SNOW, ICE PELLETS, HAIL 4 = ICE PELLETS
TOTAL MONTH: M 5 = HAIL
GRTST 24HR M ON M 6 = FREEZING RAIN OR DRIZZLE
GRTST DEPTH: M ON M 7 = DUSTSTORM OR SANDSTORM:
VSBY 1/2 MILE OR LESS
8 = SMOKE OR HAZE
[NO. OF DAYS WITH] [WEATHER - DAYS WITH] 9 = BLOWING SNOW
X = TORNADO
MAX 32 OR BELOW: 0 0.01 INCH OR MORE: 4
MAX 90 OR ABOVE: 0 0.10 INCH OR MORE: 3
MIN 32 OR BELOW: 10 0.50 INCH OR MORE: 0
MIN 0 OR BELOW: 0 1.00 INCH OR MORE: 0
[HDD (BASE 65) ]
TOTAL THIS MO. 312 CLEAR (SCALE 0-3) 13
DPTR FM NORMAL -67 PTCLDY (SCALE 4-7) 6
TOTAL FM JUL 1 5084 CLOUDY (SCALE 8-10) 3
DPTR FM NORMAL -407
[CDD (BASE 65) ]
TOTAL THIS MO. 0
DPTR FM NORMAL 0 [PRESSURE DATA]
TOTAL FM JAN 1 0 HIGHEST SLP M ON M
DPTR FM NORMAL 0 LOWEST SLP 29.18 ON 6
[REMARKS]