000
CXUS54 KJAN 011003
CLMJAN
CLIMATE REPORT
NATIONAL WEATHER SERVICE JACKSON MS
503 AM CDT SAT JUL 01 2023
...................................
...THE JACKSON CLIMATE SUMMARY FOR THE MONTH OF JUNE 2023...
CLIMATE NORMAL PERIOD: 1991 TO 2020
CLIMATE RECORD PERIOD: 1896 TO 2023
WEATHER OBSERVED NORMAL DEPART LAST YEAR`S
VALUE DATE(S) VALUE FROM VALUE DATE(S)
NORMAL
................................................................
TEMPERATURE (F)
RECORD
HIGH 105 06/29/1988
06/20/1936
LOW 47 06/01/1984
HIGHEST 99 06/29 96 3 99 06/22
06/23
06/25
LOWEST 64 06/04 56 8 63 06/11
AVG. MAXIMUM 91.8 89.9 1.9 92.0
AVG. MINIMUM 69.5 69.4 0.1 70.7
MEAN 80.7 79.6 1.1 81.3
DAYS MAX >= 90 24 18.0 6.0 19
DAYS MAX <= 32 0 0.0 0.0 0
DAYS MIN <= 32 0 0.0 0.0 0
DAYS MIN <= 0 0 0.0 0.0 0
PRECIPITATION (INCHES)
RECORD
MAXIMUM 9.69 1909
MINIMUM T 1930
TOTALS 4.62 4.43 0.19 8.01
DAILY AVG. 0.15 0.15 0.00 0.27
DAYS >= .01 15 9.8 5.2 7
DAYS >= .10 11 6.9 4.1 6
DAYS >= .50 4 3.1 0.9 6
DAYS >= 1.00 0 1.2 -1.2 5
GREATEST
24 HR. TOTAL 0.85 06/18 TO 06/19 2.07
SNOWFALL (INCHES)
RECORDS
TOTAL 0.0 MM
TOTALS T 0.0 0.0 0.0
SINCE 7/1 T 0.6 -0.6 MM
DAYS >= TRACE 1
DAYS >= 1.0 0 0.0 0.0 0
GREATEST
24 HR TOTAL MM
DEGREE DAYS
HEATING TOTAL 0 0 0 0
SINCE 7/1 1622 2223 -601 MM
COOLING TOTAL 477 439 38 499
SINCE 1/1 1025 834 191 MM
................................................................
WIND (MPH)
AVERAGE WIND SPEED 4.9
HIGHEST WIND SPEED/DIRECTION 45/330 DATE 06/25
HIGHEST GUST SPEED/DIRECTION 76/300 DATE 06/25
SKY COVER
POSSIBLE SUNSHINE (PERCENT) MM
AVERAGE SKY COVER 0.32
NUMBER OF DAYS FAIR 17
NUMBER OF DAYS PC 13
NUMBER OF DAYS CLOUDY 0
AVERAGE RH (PERCENT) 71
WEATHER CONDITIONS. NUMBER OF DAYS WITH
THUNDERSTORM 19 MIXED PRECIP 0
HEAVY RAIN 9 RAIN 13
LIGHT RAIN 17 FREEZING RAIN 0
LT FREEZING RAIN 0 HAIL 1
HEAVY SNOW 0 SNOW 0
LIGHT SNOW 0 SLEET 0
FOG 20 FOG W/VIS <= 1/4 MILE 0
HAZE 6
- INDICATES NEGATIVE NUMBERS.
R INDICATES RECORD WAS SET OR TIED.
MM INDICATES DATA IS MISSING.
T INDICATES TRACE AMOUNT.
$$