000
CXUS54 KJAN 011033
CLMJAN
CLIMATE REPORT
NATIONAL WEATHER SERVICE JACKSON MS
533 AM CDT SAT APR 01 2023
...................................
...THE JACKSON CLIMATE SUMMARY FOR THE MONTH OF MARCH 2023...
CLIMATE NORMAL PERIOD: 1991 TO 2020
CLIMATE RECORD PERIOD: 1896 TO 2023
WEATHER OBSERVED NORMAL DEPART LAST YEAR`S
VALUE DATE(S) VALUE FROM VALUE DATE(S)
NORMAL
................................................................
TEMPERATURE (F)
RECORD
HIGH 95 03/24/1929
LOW 15 03/03/1980
HIGHEST 86 03/01 84 2 84 03/06
03/23
03/29
LOWEST 25 03/20 27 -2 25 03/12
03/13
AVG. MAXIMUM 74.2 69.4 4.8 71.5
AVG. MINIMUM 50.2 46.4 3.8 43.1
MEAN 62.2 57.9 4.3 57.3
DAYS MAX >= 90 0 0.0 0.0 0
DAYS MAX <= 32 0 0.0 0.0 0
DAYS MIN <= 32 2 3.0 -1.0 3
DAYS MIN <= 0 0 0.0 0.0 0
PRECIPITATION (INCHES)
RECORD
MAXIMUM 15.13 1976
MINIMUM 0.90 2007
TOTALS 5.05 5.68 -0.63 10.66
DAILY AVG. 0.16 0.18 -0.02 0.34
DAYS >= .01 9 9.9 -0.9 8
DAYS >= .10 7 7.0 0.0 6
DAYS >= .50 3 3.9 -0.9 5
DAYS >= 1.00 2 2.0 0.0 5
GREATEST
24 HR. TOTAL 2.13 03/26 TO 03/26 4.27
SNOWFALL (INCHES)
RECORDS
TOTAL 5.3 1968
TOTALS 0.0 0.1 -0.1 T
SINCE 7/1 T 0.6 -0.6 MM
DAYS >= TRACE 0
DAYS >= 1.0 0 0.0 0.0 0
GREATEST
24 HR TOTAL MM
DEGREE DAYS
HEATING TOTAL 175 253 -78 253
SINCE 7/1 1559 2116 -557 MM
COOLING TOTAL 95 33 62 21
SINCE 1/1 190 46 144 MM
................................................................
WIND (MPH)
AVERAGE WIND SPEED 8.2
HIGHEST WIND SPEED/DIRECTION 41/340 DATE 03/26
HIGHEST GUST SPEED/DIRECTION 58/260 DATE 03/03
SKY COVER
POSSIBLE SUNSHINE (PERCENT) MM
AVERAGE SKY COVER 0.42
NUMBER OF DAYS FAIR 12
NUMBER OF DAYS PC 16
NUMBER OF DAYS CLOUDY 3
AVERAGE RH (PERCENT) 64
WEATHER CONDITIONS. NUMBER OF DAYS WITH
THUNDERSTORM 5 MIXED PRECIP 0
HEAVY RAIN 4 RAIN 7
LIGHT RAIN 11 FREEZING RAIN 0
LT FREEZING RAIN 0 HAIL 0
HEAVY SNOW 0 SNOW 0
LIGHT SNOW 0 SLEET 0
FOG 12 FOG W/VIS <= 1/4 MILE 2
HAZE 9
- INDICATES NEGATIVE NUMBERS.
R INDICATES RECORD WAS SET OR TIED.
MM INDICATES DATA IS MISSING.
T INDICATES TRACE AMOUNT.
$$