000
CXUS54 KJAN 022010
CLMJAN
CLIMATE REPORT
NATIONAL WEATHER SERVICE JACKSON MS
310 PM CDT TUE APR 02 2024
...................................
...THE JACKSON CLIMATE SUMMARY FOR THE MONTH OF MARCH 2024...
CLIMATE NORMAL PERIOD: 1991 TO 2020
CLIMATE RECORD PERIOD: 1896 TO 2024
WEATHER OBSERVED NORMAL DEPART LAST YEAR`S
VALUE DATE(S) VALUE FROM VALUE DATE(S)
NORMAL
................................................................
TEMPERATURE (F)
RECORD
HIGH 95 03/24/1929
LOW 15 03/03/1980
HIGHEST 83 03/14 84 -1 86 03/01
03/23
LOWEST 31 03/19 27 4 25 03/20
AVG. MAXIMUM 71.1 69.4 1.7 74.2
AVG. MINIMUM 50.0 46.4 3.6 50.1
MEAN 60.5 57.9 2.6 62.1
DAYS MAX >= 90 0 0.0 0.0 0
DAYS MAX <= 32 0 0.0 0.0 0
DAYS MIN <= 32 1 3.0 -2.0 MM
DAYS MIN <= 0 0 0.0 0.0 MM
PRECIPITATION (INCHES)
RECORD
MAXIMUM 15.13 1976
MINIMUM 0.90 2007
TOTALS 9.75 5.68 4.07 5.05
DAILY AVG. 0.31 0.18 0.13 0.16
DAYS >= .01 10 9.9 0.1 9
DAYS >= .10 8 7.0 1.0 7
DAYS >= .50 4 3.9 0.1 3
DAYS >= 1.00 4 2.0 2.0 2
GREATEST
24 HR. TOTAL 3.76 03/08 TO 03/08 2.13
SNOWFALL (INCHES)
RECORDS
TOTAL 5.3 1968
TOTALS 0.0 0.1 -0.1 0.0
SINCE 7/1 0.1 1.0 -0.9 MM
DAYS >= TRACE 0
DAYS >= 1.0 0 0.0 0.0 0
GREATEST
24 HR TOTAL MM
DEGREE DAYS
HEATING TOTAL 158 253 -95 175
SINCE 7/1 1780 2116 -336 MM
COOLING TOTAL 25 33 -8 93
SINCE 1/1 39 46 -7 MM
................................................................
WIND (MPH)
AVERAGE WIND SPEED 6.7
HIGHEST WIND SPEED/DIRECTION 31/160 DATE 03/25
HIGHEST GUST SPEED/DIRECTION 50/180 DATE 03/25
SKY COVER
POSSIBLE SUNSHINE (PERCENT) MM
AVERAGE SKY COVER 0.56
NUMBER OF DAYS FAIR 8
NUMBER OF DAYS PC 12
NUMBER OF DAYS CLOUDY 11
AVERAGE RH (PERCENT) 69
WEATHER CONDITIONS. NUMBER OF DAYS WITH
THUNDERSTORM 8 MIXED PRECIP 0
HEAVY RAIN 6 RAIN 8
LIGHT RAIN 11 FREEZING RAIN 0
LT FREEZING RAIN 0 HAIL 0
HEAVY SNOW 0 SNOW 0
LIGHT SNOW 0 SLEET 0
FOG 16 FOG W/VIS <= 1/4 MILE 6
HAZE 0
- INDICATES NEGATIVE NUMBERS.
R INDICATES RECORD WAS SET OR TIED.
MM INDICATES DATA IS MISSING.
T INDICATES TRACE AMOUNT.
$$