000
CXUS54 KSJT 011000
CF6JCT
PRELIMINARY LOCAL CLIMATOLOGICAL DATA (WS FORM: F-6)
STATION: JUNCTION
MONTH: OCTOBER
YEAR: 2023
LATITUDE: 30 18 N
LONGITUDE: 99 28 W
TEMPERATURE IN F: :PCPN: SNOW: WIND :SUNSHINE: SKY :PK WND
================================================================================
1 2 3 4 5 6A 6B 7 8 9 10 11 12 13 14 15 16 17 18
12Z AVG MX 2MIN
DY MAX MIN AVG DEP HDD CDD WTR SNW DPTH SPD SPD DIR MIN PSBL S-S WX SPD DR
================================================================================
1 87 70 79 7 0 14 0.01 0.0 0 6.8 21 110 M M 3 30 100
2 87 65 76 4 0 11 T 0.0 0 4.2 15 120 M M 5 1 20 110
3 88 67 78 6 0 13 0.00 0.0 0 4.9 14 170 M M 4 19 140
4 93 70 82 10 0 17 0.00 0.0 0 6.8 25 310 M M 2 36 310
5 81 66 74 3 0 9 0.81 0.0 0 6.3 22 340 M M 5 13 31 340
6 83 63 73 2 0 8 0.00 0.0 0 3.4 13 70 M M 1 1 17 70
7 76 54 65 -5 0 0 0.00 0.0 0 5.7 16 70 M M 0 22 60
8 80 48 64 -6 1 0 0.00 0.0 0 3.5 14 190 M M 0 19 210
9 82 50 66 -4 0 1 0.00 0.0 0 4.1 12 240 M M 0 18 20 250
10 76 56 66 -4 0 1 0.00 0.0 0 5.9 17 170 M M 5 1 24 170
11 79 66 73 4 0 8 0.00 0.0 0 8.3 17 160 M M 7 23 160
12 83 69 76 7 0 11 0.00 0.0 0 10.8 20 190 M M 6 27 200
13 86 62 74 6 0 9 0.00 0.0 0 7.4 16 20 M M 4 23 40
14 77 52 65 -3 0 0 0.00 0.0 0 5.8 16 40 M M 0 22 50
15 74 49 62 -6 3 0 0.00 0.0 0 7.7 18 350 M M 2 27 10
16 77 40 59 -8 6 0 0.00 0.0 0 4.4 17 320 M M 0 23 310
17 80 39 60 -7 5 0 0.00 0.0 0 3.5 10 180 M M 0 14 140
18 84 44 64 -3 1 0 0.00 0.0 0 5.9 18 200 M M 0 26 210
19 87 48 68 2 0 3 0.00 0.0 0 4.7 16 40 M M 0 8 20 30
20 94 45 70 4 0 5 0.00 0.0 0 1.8 8 200 M M 0 11 210
21 92 49 71 6 0 6 0.00 0.0 0 3.3 15 140 M M 0 22 170
22 87 63 75 10 0 10 0.00 0.0 0 5.5 15 130 M M 2 22 170
23 77 69 73 8 0 8 0.12 0.0 0 8.1 18 160 M M 6 1 29 150
24 83 71 77 13 0 12 M 0.0 0 10.2 23 180 M M 8 31 200
25 78 66 72 8 0 7 3.68 0.0 0 7.6 20 170 M M 10 123 27 150
26 86 64 75 11 0 10 1.31 0.0 0 4.4 14 200 M M 4 13 20 140
27 87 68 78 15 0 13 0.01 0.0 0 4.7 15 180 M M 6 1 23 180
28 80 70 75 12 0 10 0.26 0.0 0 4.9 15 160 M M 4 1 23 160
29 74 38 56 -6 9 0 0.18 0.0 0 9.8 18 10 M M 9 1 30 10
30 45 38 42 -20 23 0 0.18 0.0 0 11.3 22 10 M M 10 1 31 20
31 59 35 47 -15 18 0 0.00 0.0 0 6.8 16 30 M M 3 22 40
================================================================================
SM 2502 1754 66 186 6.56 0.0 188.5 M 106
================================================================================
AV 80.7 56.6 6.1 FASTST M M 3 MAX(MPH)
MISC ----> 25 310 36 310
================================================================================
NOTES:
# LAST OF SEVERAL OCCURRENCES
COLUMN 17 PEAK WIND IN M.P.H.
PRELIMINARY LOCAL CLIMATOLOGICAL DATA (WS FORM: F-6) , PAGE 2
STATION: JUNCTION
MONTH: OCTOBER
YEAR: 2023
LATITUDE: 30 18 N
LONGITUDE: 99 28 W
[TEMPERATURE DATA] [PRECIPITATION DATA] SYMBOLS USED IN COLUMN 16
AVERAGE MONTHLY: 68.6 TOTAL FOR MONTH: 6.56 1 = FOG OR MIST
DPTR FM NORMAL: 1.4 DPTR FM NORMAL: 4.41 2 = FOG REDUCING VISIBILITY
HIGHEST: 94 ON 20 GRTST 24HR 4.99 ON 25-26 TO 1/4 MILE OR LESS
LOWEST: 35 ON 31 3 = THUNDER
SNOW, ICE PELLETS, HAIL 4 = ICE PELLETS
TOTAL MONTH: 0.0 INCH 5 = HAIL
GRTST 24HR 0.0 6 = FREEZING RAIN OR DRIZZLE
GRTST DEPTH: 0 7 = DUSTSTORM OR SANDSTORM:
VSBY 1/2 MILE OR LESS
8 = SMOKE OR HAZE
[NO. OF DAYS WITH] [WEATHER - DAYS WITH] 9 = BLOWING SNOW
X = TORNADO
MAX 32 OR BELOW: 0 0.01 INCH OR MORE: 9
MAX 90 OR ABOVE: 3 0.10 INCH OR MORE: 7
MIN 32 OR BELOW: 0 0.50 INCH OR MORE: 3
MIN 0 OR BELOW: 0 1.00 INCH OR MORE: 2
[HDD (BASE 65) ]
TOTAL THIS MO. 66 CLEAR (SCALE 0-3) 16
DPTR FM NORMAL -5 PTCLDY (SCALE 4-7) 12
TOTAL FM JUL 1 66 CLOUDY (SCALE 8-10) 3
DPTR FM NORMAL -8
[CDD (BASE 65) ]
TOTAL THIS MO. 186
DPTR FM NORMAL 47 [PRESSURE DATA]
TOTAL FM JAN 1 3377 HIGHEST SLP 30.43 ON 31
DPTR FM NORMAL 778 LOWEST SLP 29.53 ON 12
[REMARKS]
#FINAL-10-23#