000
CXUS53 KLSX 011400
CF6JEF
PRELIMINARY LOCAL CLIMATOLOGICAL DATA (WS FORM: F-6)
STATION: JEFFERSON CITY
MONTH: MARCH
YEAR: 2023
LATITUDE: 38 35 N
LONGITUDE: 92 10 W
TEMPERATURE IN F: :PCPN: SNOW: WIND :SUNSHINE: SKY :PK WND
================================================================================
1 2 3 4 5 6A 6B 7 8 9 10 11 12 13 14 15 16 17 18
12Z AVG MX 2MIN
DY MAX MIN AVG DEP HDD CDD WTR SNW DPTH SPD SPD DIR MIN PSBL S-S WX SPD DR
================================================================================
1 65 36 51 10 14 0 0.00 0.0 0 6.4 18 330 M M 0 25 330
2 53 34 44 3 21 0 0.05 0.0 0 9.0 17 80 M M 4 25 10
3 49 36 43 1 22 0 0.55 0.0 0 7.8 21 330 M M 8 1 32 330
4 62 30 46 4 19 0 0.00 0.0 0 3.3 14 310 M M 3 12 18 310
5 71 34 53 11 12 0 0.00 0.0 0 9.0 25 160 M M 1 32 160
6 73 44 59 16 6 0 0.00 0.0 0 10.7 20 10 M M 0 27 10
7 52 42 47 4 18 0 0.20 0.0 0 10.4 18 80 M M 8 24 60
8 47 43 45 2 20 0 0.19 0.0 0 10.7 22 120 M M 10 1 28 110
9 47 42 45 1 20 0 0.28 0.0 0 7.4 22 300 M M 10 18 29 300
10 46 36 41 -3 24 0 0.00 0.0 0 9.3 20 310 M M 7 30 300
11 45 33 39 -5 26 0 0.17 0.0 0 10.2 21 120 M M 8 18 28 100
12 47 33 40 -5 25 0 0.00 0.0 0 9.7 21 330 M M 9 29 330
13 35 31 33 -12 32 0 0.00 0.0 0 9.4 20 310 M M 10 31 290
14 47 31 39 -7 26 0 0.00 0.0 0 4.0 9 150 M M 5 14 200
15 63 31 47 1 18 0 0.00 0.0 0 11.3 21 150 M M 1 28 150
16 66 37 52 6 13 0 0.10 0.0 0 13.6 28 290 M M 9 18 37 200
17 44 29 37 -10 28 0 T M M 14.2 26 300 M M 3 40 310
18 35 21 28 -19 37 0 T M 0 15.7 25 290 M M 6 36 310
19 44 19 32 -15 33 0 0.00 0.0 0 5.5 13 240 M M 0 18 270
20 64 26 45 -3 20 0 0.00 0.0 0 10.8 23 210 M M 1 33 180
21 50 44 47 -1 18 0 0.32 0.0 0 9.4 16 180 M M 10 1 23 170
22 77 45 61 13 4 0 T 0.0 0 7.3 13 170 M M 9 13 16 180
23 69 45 57 8 8 0 0.56 0.0 0 6.3 14 10 M M 8 138 18 10
24 47 44 46 -3 19 0 0.44 0.0 0 6.3 20 80 M M 10 18 27 80
25 62 42 52 2 13 0 T 0.0 0 7.7 22 300 M M 5 1 29 310
26 64 38 51 1 14 0 T 0.0 0 8.1 18 300 M M 3 26 300
27 58 39 49 -1 16 0 0.00 0.0 0 6.4 15 70 M M 4 21 320
28 51 32 42 -9 23 0 0.07 0.0 0 5.8 14 300 M M 7 1 20 310
29 62 27 45 -6 20 0 0.00 0.0 0 4.4 10 190 M M 2 12 13 210
30 73 36 55 4 10 0 0.09 M M 12.4 26 190 M M 5 39 200
31 83 58 71 19 0 6 0.16 M M 15.2 40 240 M M 6 35 61 240
================================================================================
SM 1751 1118 579 6 3.18 0.0 277.7 M 172
================================================================================
AV 56.5 36.1 9.0 FASTST M M 6 MAX(MPH)
MISC ----> 40 240 61 240
================================================================================
NOTES:
# LAST OF SEVERAL OCCURRENCES
COLUMN 17 PEAK WIND IN M.P.H.
PRELIMINARY LOCAL CLIMATOLOGICAL DATA (WS FORM: F-6) , PAGE 2
STATION: JEFFERSON CITY
MONTH: MARCH
YEAR: 2023
LATITUDE: 38 35 N
LONGITUDE: 92 10 W
[TEMPERATURE DATA] [PRECIPITATION DATA] SYMBOLS USED IN COLUMN 16
AVERAGE MONTHLY: 46.3 TOTAL FOR MONTH: 3.18 1 = FOG OR MIST
DPTR FM NORMAL: 0.1 DPTR FM NORMAL: 0.33 2 = FOG REDUCING VISIBILITY
HIGHEST: 83 ON 31 GRTST 24HR 0.92 ON 23-24 TO 1/4 MILE OR LESS
LOWEST: 19 ON 19 3 = THUNDER
SNOW, ICE PELLETS, HAIL 4 = ICE PELLETS
TOTAL MONTH: 0.0 INCH 5 = HAIL
GRTST 24HR 0.0 6 = FREEZING RAIN OR DRIZZLE
GRTST DEPTH: 0 7 = DUSTSTORM OR SANDSTORM:
VSBY 1/2 MILE OR LESS
8 = SMOKE OR HAZE
[NO. OF DAYS WITH] [WEATHER - DAYS WITH] 9 = BLOWING SNOW
X = TORNADO
MAX 32 OR BELOW: 0 0.01 INCH OR MORE: 13
MAX 90 OR ABOVE: 0 0.10 INCH OR MORE: 10
MIN 32 OR BELOW: 10 0.50 INCH OR MORE: 2
MIN 0 OR BELOW: 0 1.00 INCH OR MORE: 0
[HDD (BASE 65) ]
TOTAL THIS MO. 579 CLEAR (SCALE 0-3) 9
DPTR FM NORMAL -9 PTCLDY (SCALE 4-7) 14
TOTAL FM JUL 1 3708 CLOUDY (SCALE 8-10) 8
DPTR FM NORMAL -507
[CDD (BASE 65) ]
TOTAL THIS MO. 6
DPTR FM NORMAL 0 [PRESSURE DATA]
TOTAL FM JAN 1 6 HIGHEST SLP 30.49 ON 19
DPTR FM NORMAL 0 LOWEST SLP 29.32 ON 31
[REMARKS]
#FINAL-03-23#