000
CXUS55 KBOI 011002
CF6JER
PRELIMINARY LOCAL CLIMATOLOGICAL DATA (WS FORM: F-6)
STATION: JEROME ID
MONTH: AUGUST
YEAR: 2021
LATITUDE: 42 43 N
LONGITUDE: 114 27 W
TEMPERATURE IN F: :PCPN: SNOW: WIND :SUNSHINE: SKY :PK WND
================================================================================
1 2 3 4 5 6A 6B 7 8 9 10 11 12 13 14 15 16 17 18
12Z AVG MX 2MIN
DY MAX MIN AVG DEP HDD CDD WTR SNW DPTH SPD SPD DIR MIN PSBL S-S WX SPD DR
================================================================================
1 82 64 73 -2 0 8 T M M 7.6 17 240 M M 3 3 23 240
2 88 63 76 1 0 11 T M M 9.9 20 110 M M 1 1 28 110
3 90 61 76 1 0 11 0.00 M M 8.3 16 70 M M 0 22 60
4 99 62 81 6 0 16 0.00 M M 8.8 16 130 M M 0 24 210
5 97 66 82 7 0 17 T M M 9.4 24 320 M M 0 3 35 320
6 76 60 68 -6 0 3 T M M 13.0 28 250 M M 0 8 39 260
7 88 53 71 -3 0 6 0.00 M M 5.3 13 290 M M 0 17 300
8 85 57 71 -3 0 6 0.00 M M 9.6 22 290 M M 0 8 30 300
9 81 52 67 -7 0 2 0.00 M M 9.8 17 270 M M 0 23 260
10 89 51 70 -4 0 5 0.00 M M 8.9 18 260 M M 0 25 280
11 91 58 75 2 0 10 0.00 M M 7.3 14 270 M M 0 20 270
12 94 63 79 6 0 14 0.00 M M 5.9 10 150 M M 0 14 220
13 95 62 79 6 0 14 0.00 M M 7.2 13 120 M M 0 8 15 140
14 96 61 79 6 0 14 0.00 M M 8.9 17 270 M M 0 8 24 260
15 93 61 77 5 0 12 0.00 M M 5.2 13 240 M M 0 8 16 240
16 93 59 76 4 0 11 0.01 M M 8.2 29 270 M M 0 8 46 210
17 82 61 72 0 0 7 0.00 M M 10.9 23 280 M M 0 8 30 280
18 72 51 62 -10 3 0 0.00 M M 9.5 21 280 M M 1 27 270
19 67 48 58 -14 7 0 T M M 10.7 23 90 M M 4 30 90
20 81 49 65 -6 0 0 T M M 8.6 18 110 M M 0 1 24 110
21 74 49 62 -9 3 0 0.01 M M 9.2 25 260 M M 2 138 34 260
22 80 47 64 -7 1 0 0.00 M M 6.3 12 60 M M 0 18 17 20
23 80 50 65 -5 0 0 0.00 M M 7.8 15 270 M M 0 8 20 270
24 76 54 65 -5 0 0 0.00 M M 4.7 12 260 M M 0 15 260
25 84 51 68 -2 0 3 0.00 M M 5.6 12 290 M M 0 8 16 290
26 82 52 67 -3 0 2 0.00 M M 6.9 16 280 M M 0 8 23 260
27 79 54 67 -2 0 2 0.00 M M 10.4 22 280 M M 0 8 29 280
28 78 45 62 -7 3 0 0.00 M M 4.6 12 120 M M 0 14 240
29 87 51 69 0 0 4 0.00 M M 7.2 13 100 M M 0 17 120
30 86 55 71 2 0 6 0.00 M M 7.5 14 100 M M 3 8 22 290
31 80 54 67 -1 0 2 0.00 M M 8.3 15 270 M M 0 8 21 290
================================================================================
SM 2625 1724 17 186 0.02 M 251.5 M 14
================================================================================
AV 84.7 55.6 8.1 FASTST M M 0 MAX(MPH)
MISC ----> 29 270 46 210
================================================================================
NOTES:
# LAST OF SEVERAL OCCURRENCES
COLUMN 17 PEAK WIND IN M.P.H.
PRELIMINARY LOCAL CLIMATOLOGICAL DATA (WS FORM: F-6) , PAGE 2
STATION: JEROME ID
MONTH: AUGUST
YEAR: 2021
LATITUDE: 42 43 N
LONGITUDE: 114 27 W
[TEMPERATURE DATA] [PRECIPITATION DATA] SYMBOLS USED IN COLUMN 16
AVERAGE MONTHLY: 70.1 TOTAL FOR MONTH: 0.02 1 = FOG OR MIST
DPTR FM NORMAL: -1.9 DPTR FM NORMAL: -0.25 2 = FOG REDUCING VISIBILITY
HIGHEST: 99 ON 4 GRTST 24HR 0.07 ON 31- 1 TO 1/4 MILE OR LESS
LOWEST: 45 ON 28 3 = THUNDER
SNOW, ICE PELLETS, HAIL 4 = ICE PELLETS
TOTAL MONTH: M 5 = HAIL
GRTST 24HR M ON M 6 = FREEZING RAIN OR DRIZZLE
GRTST DEPTH: M ON M 7 = DUSTSTORM OR SANDSTORM:
VSBY 1/2 MILE OR LESS
8 = SMOKE OR HAZE
[NO. OF DAYS WITH] [WEATHER - DAYS WITH] 9 = BLOWING SNOW
X = TORNADO
MAX 32 OR BELOW: 0 0.01 INCH OR MORE: 2
MAX 90 OR ABOVE: 9 0.10 INCH OR MORE: 0
MIN 32 OR BELOW: 0 0.50 INCH OR MORE: 0
MIN 0 OR BELOW: 0 1.00 INCH OR MORE: 0
[HDD (BASE 65) ]
TOTAL THIS MO. 17 CLEAR (SCALE 0-3) 30
DPTR FM NORMAL 4 PTCLDY (SCALE 4-7) 1
TOTAL FM JUL 1 17 CLOUDY (SCALE 8-10) 0
DPTR FM NORMAL 1
[CDD (BASE 65) ]
TOTAL THIS MO. 186
DPTR FM NORMAL -46 [PRESSURE DATA]
TOTAL FM JAN 1 921 HIGHEST SLP 30.19 ON 2
DPTR FM NORMAL 280 LOWEST SLP 29.58 ON 17
[REMARKS]
#FINAL-08-21#