000
CXUS51 KOKX 010910
CF6JFK
PRELIMINARY LOCAL CLIMATOLOGICAL DATA (WS FORM: F-6)
STATION: KENNEDY NY
MONTH: AUGUST
YEAR: 2023
LATITUDE: 40 39 N
LONGITUDE: 73 47 W
TEMPERATURE IN F: :PCPN: SNOW: WIND :SUNSHINE: SKY :PK WND
================================================================================
1 2 3 4 5 6A 6B 7 8 9 10 11 12 13 14 15 16 17 18
12Z AVG MX 2MIN
DY MAX MIN AVG DEP HDD CDD WTR SNW DPTH SPD SPD DIR MIN PSBL S-S WX SPD DR
================================================================================
1 81 66 74 -2 0 9 0.00 0.0 0 9.1 18 360 M M 6 23 30
2 78 62 70 -6 0 5 0.00 0.0 0 8.5 14 210 M M 4 18 180
3 78 63 71 -5 0 6 0.00 0.0 0 13.9 24 180 M M 7 29 170
4 76 70 73 -3 0 8 T 0.0 0 13.5 21 190 M M 9 25 190
5 84 69 77 1 0 12 0.00 0.0 0 8.3 18 240 M M 7 22 240
6 81 67 74 -2 0 9 0.00 0.0 0 9.1 16 170 M M 5 19 180
7 79 68 74 -2 0 9 0.83 0.0 0 15.4 24 170 M M 9 1 31 180
8 82 71 77 1 0 12 0.03 0.0 0 15.1 29 300 M M 8 1 37 300
9 87 69 78 2 0 13 0.00 0.0 0 15.3 24 330 M M 3 33 290
10 78 69 74 -2 0 9 0.66 0.0 0 6.9 20 180 M M 7 1 24 170
11 86 67 77 1 0 12 0.00 0.0 0 10.7 22 260 M M 4 28 250
12 81 66 74 -2 0 9 0.15 0.0 0 10.6 28 210 M M 6 13 34 190
13 89 68 79 3 0 14 0.63 0.0 0 10.0 23 280 M M 6 13 28 280
14 83 69 76 1 0 11 T 0.0 0 7.6 18 180 M M 7 22 180
15 81 71 76 1 0 11 0.33 0.0 0 9.2 20 140 M M 8 13 24 140
16 81 69 75 0 0 10 0.40 0.0 0 7.0 14 140 M M 8 1 17 140
17 76 71 74 -1 0 9 T 0.0 0 10.2 18 120 M M 9 1 21 130
18 83 68 76 1 0 11 0.31 0.0 0 13.3 28 310 M M 6 13 35 310
19 79 63 71 -4 0 6 0.00 0.0 0 13.1 21 300 M M 4 26 300
20 82 63 73 -2 0 8 0.00 0.0 0 9.4 17 230 M M 5 25 240
21 88 70 79 4 0 14 0.00 0.0 0 9.5 17 320 M M 7 23 330
22 79 66 73 -1 0 8 0.00 0.0 0 11.7 23 10 M M 7 28 10
23 77 63 70 -4 0 5 0.00 0.0 0 8.9 14 170 M M 6 16 20
24 73 68 71 -3 0 6 0.02 0.0 0 12.0 21 170 M M 10 1 26 160
25 77 70 74 0 0 9 0.41 0.0 0 13.2 21 180 M M 8 13 26 190
26 86 69 78 4 0 13 0.11 0.0 0 6.0 15 30 M M 7 1 19 40
27 83 68 76 2 0 11 0.00 0.0 0 7.5 14 30 M M 6 21 20
28 74 67 71 -3 0 6 0.00 0.0 0 7.6 15 110 M M 9 18 120
29 81 67 74 1 0 9 0.00 0.0 0 6.0 12 140 M M 8 16 140
30 85 68 77 4 0 12 0.13 0.0 0 9.8 22 330 M M 8 1 29 330
31 77 63 70 -3 0 5 0.00 0.0 0 13.9 25 30 M M 5 30 10
================================================================================
SM 2505 2088 0 291 4.01 0.0 322.3 M 209
================================================================================
AV 80.8 67.4 10.4 FASTST M M 7 MAX(MPH)
MISC ----> 29 300 37 300
================================================================================
NOTES:
# LAST OF SEVERAL OCCURRENCES
COLUMN 17 PEAK WIND IN M.P.H.
PRELIMINARY LOCAL CLIMATOLOGICAL DATA (WS FORM: F-6) , PAGE 2
STATION: KENNEDY NY
MONTH: AUGUST
YEAR: 2023
LATITUDE: 40 39 N
LONGITUDE: 73 47 W
[TEMPERATURE DATA] [PRECIPITATION DATA] SYMBOLS USED IN COLUMN 16
AVERAGE MONTHLY: 74.1 TOTAL FOR MONTH: 4.01 1 = FOG OR MIST
DPTR FM NORMAL: -0.9 DPTR FM NORMAL: -0.10 2 = FOG REDUCING VISIBILITY
HIGHEST: 89 ON 13 GRTST 24HR 0.83 ON 7- 7 TO 1/4 MILE OR LESS
LOWEST: 62 ON 2 3 = THUNDER
SNOW, ICE PELLETS, HAIL 4 = ICE PELLETS
TOTAL MONTH: 0.0 INCH 5 = HAIL
GRTST 24HR 0.0 6 = FREEZING RAIN OR DRIZZLE
GRTST DEPTH: 0 7 = DUSTSTORM OR SANDSTORM:
VSBY 1/2 MILE OR LESS
8 = SMOKE OR HAZE
[NO. OF DAYS WITH] [WEATHER - DAYS WITH] 9 = BLOWING SNOW
X = TORNADO
MAX 32 OR BELOW: 0 0.01 INCH OR MORE: 12
MAX 90 OR ABOVE: 0 0.10 INCH OR MORE: 10
MIN 32 OR BELOW: 0 0.50 INCH OR MORE: 3
MIN 0 OR BELOW: 0 1.00 INCH OR MORE: 0
[HDD (BASE 65) ]
TOTAL THIS MO. 0 CLEAR (SCALE 0-3) 0
DPTR FM NORMAL -1 PTCLDY (SCALE 4-7) 24
TOTAL FM JUL 1 0 CLOUDY (SCALE 8-10) 7
DPTR FM NORMAL 0
[CDD (BASE 65) ]
TOTAL THIS MO. 291
DPTR FM NORMAL -20 [PRESSURE DATA]
TOTAL FM JAN 1 856 HIGHEST SLP M ON M
DPTR FM NORMAL -10 LOWEST SLP 29.60 ON 8
[REMARKS]
#FINAL-08-23#