000
CXUS53 KSGF 171520
CF6JLN
PRELIMINARY LOCAL CLIMATOLOGICAL DATA (WS FORM: F-6)

                                          STATION:   JOPLIN MO
                                          MONTH:     AUGUST
                                          YEAR:      2017
                                          LATITUDE:   37 10 N
                                          LONGITUDE:  94 30 W

  TEMPERATURE IN F:       :PCPN:    SNOW:  WIND      :SUNSHINE: SKY     :PK WND
================================================================================
1   2   3   4   5  6A  6B    7    8   9   10  11  12  13   14  15   16   17  18
                                     12Z  AVG MX 2MIN
DY MAX MIN AVG DEP HDD CDD  WTR  SNW DPTH SPD SPD DIR MIN PSBL S-S WX    SPD DR
================================================================================

 1  86  69  78  -3   0  13 0.08    M    M  4.3 12 210   M    M   7 1      20 250
 2  91  66  79  -2   0  14 0.00    M    M  3.1  9 350   M    M   1 1      28 330
 3  94  69  82   1   0  17 0.06    M    M  6.0 28 310   M    M   2 13     39 310
 4  81  62  72  -9   0   7 0.11    M    M  7.5 15 360   M    M   2 13     20  50
 5  83  62  73  -8   0   8 0.26    M    M  9.6 24 150   M    M   5 13     32 140
 6  78  65  72  -9   0   7 1.02    M    M  7.9 25 130   M    M   7 13     33 130
 7  84  68  76  -5   0  11 0.00    M    M  5.8 13  30   M    M   6 12     17  30
 8  86  65  76  -5   0  11 0.00    M    M  6.3 13  50   M    M   1        20  50
 9  87  66  77  -4   0  12 0.00    M    M  5.5 12 150   M    M   3 8      19 160
10  91  71  81   0   0  16 0.06    M    M  3.6 10 280   M    M   3 18     16 280
11  84  70  77  -3   0  12 0.66    M    M  5.7 17 300   M    M   6 13     23 290
12  81  66  74  -6   0   9    T    M    M  4.2  9  90   M    M   5 1      16  80
13  79  67  73  -7   0   8    T    M    M  8.7 16 120   M    M   8 1      21 120
14  87  70  79  -1   0  14 0.00    M    M  4.5 14 180   M    M   4        16 180
15  91  68  80   0   0  15 0.32    M    M  4.7 18 220   M    M   3 13     23 220
16  89  69  79  -1   0  14 1.46    M    M 12.2 29 310   M    M   5 13     38 250
================================================================================
SM 1372 1073         0 188  4.03    M     99.6          M       68
================================================================================
AV 85.8 67.1                               6.2 FASTST   M    M   4    MAX(MPH)
                                 MISC ---->  # 29 310               # 39  310
================================================================================
NOTES:
# LAST OF SEVERAL OCCURRENCES

COLUMN 17 PEAK WIND IN M.P.H.

PRELIMINARY LOCAL CLIMATOLOGICAL DATA (WS FORM: F-6) , PAGE 2

                                          STATION:  JOPLIN MO
                                          MONTH:    AUGUST
                                          YEAR:     2017
                                          LATITUDE:   37 10 N
                                          LONGITUDE:  94 30 W

[TEMPERATURE DATA]      [PRECIPITATION DATA]       SYMBOLS USED IN COLUMN 16

AVERAGE MONTHLY: 76.4   TOTAL FOR MONTH:   4.03    1 = FOG OR MIST
DPTR FM NORMAL:  -4.2   DPTR FM NORMAL:    2.41    2 = FOG REDUCING VISIBILITY
HIGHEST:    94 ON  3    GRTST 24HR  1.46 ON 16-16      TO 1/4 MILE OR LESS
LOWEST:     62 ON  5, 4                            3 = THUNDER
                        SNOW, ICE PELLETS, HAIL    4 = ICE PELLETS
                        TOTAL MONTH:    M          5 = HAIL
                        GRTST 24HR    M  ON   M    6 = FREEZING RAIN OR DRIZZLE
                        GRTST DEPTH:  M  ON   M    7 = DUSTSTORM OR SANDSTORM:
                                                       VSBY 1/2 MILE OR LESS
                                                   8 = SMOKE OR HAZE
[NO. OF DAYS WITH]      [WEATHER - DAYS WITH]      9 = BLOWING SNOW
                                                   X = TORNADO
MAX 32 OR BELOW:   0    0.01 INCH OR MORE:   9
MAX 90 OR ABOVE:   4    0.10 INCH OR MORE:   6
MIN 32 OR BELOW:   0    0.50 INCH OR MORE:   3
MIN  0 OR BELOW:   0    1.00 INCH OR MORE:   2

[HDD (BASE 65) ]
TOTAL THIS MO.     0    CLEAR  (SCALE 0-3)   7
DPTR FM NORMAL     0    PTCLDY (SCALE 4-7)   8
TOTAL FM JUL 1     0    CLOUDY (SCALE 8-10)  1
DPTR FM NORMAL     0

[CDD (BASE 65) ]
TOTAL THIS MO.   188
DPTR FM NORMAL   -63    [PRESSURE DATA]
TOTAL FM JAN 1  1261    HIGHEST SLP M ON M
DPTR FM NORMAL    39    LOWEST  SLP 29.76 ON  6

[REMARKS]
