000
CXUS53 KSGF 240800
CF6JLN
PRELIMINARY LOCAL CLIMATOLOGICAL DATA (WS FORM: F-6)

                                          STATION:   JOPLIN MO
                                          MONTH:     MARCH
                                          YEAR:      2017
                                          LATITUDE:   37 10 N
                                          LONGITUDE:  94 30 W

  TEMPERATURE IN F:       :PCPN:    SNOW:  WIND      :SUNSHINE: SKY     :PK WND
================================================================================
1   2   3   4   5  6A  6B    7    8   9   10  11  12  13   14  15   16   17  18
                                     12Z  AVG MX 2MIN
DY MAX MIN AVG DEP HDD CDD  WTR  SNW DPTH SPD SPD DIR MIN PSBL S-S WX    SPD DR
================================================================================

 1  62  33  48   4  17   0 0.01    M    M 12.5 31 300   M    M   1 3      36 330
 2  60  26  43  -1  22   0 0.00    M    M  8.8 25 280   M    M   0        34 270
 3  65  30  48   3  17   0 0.00    M    M 11.0 25 200   M    M   0 8      30 200
 4  69  49  59  14   6   0 0.00    M    M 19.8 30 210   M    M   3 8      39 210
 5  60  53  57  11   8   0 0.00    M    M 20.0 31 180   M    M  10        40 160
 6  76  45  61  15   4   0 0.40    M    M 24.1 45 290   M    M   7 13     61 310
 7  61  36  49   3  16   0 0.00    M    M 11.1 24 280   M    M   1        32 280
 8  71  34  53   7  12   0 0.00    M    M 10.6 28 210   M    M   0        33 220
 9  81  47  64  17   1   0 0.67    M    M 12.6 26  10   M    M   0 135    35 230
10  51  34  43  -4  22   0 0.00    M    M 11.0 18  40   M    M   2        33 190
11  43  30  37 -10  28   0 0.01    M    M  9.8 17 100   M    M   9 5      23 110
12  49  30  40  -8  25   0 0.15    M    M  6.5 23 150   M    M   7 1      27 150
13  42  29  36 -12  29   0 0.01    M    M 13.6 26 310   M    M   9 1      33 320
14  33  24  29 -19  36   0    T    M    M  7.2 13 360   M    M   8 18     15  30
15  42  21  32 -17  33   0 0.00    M    M  5.8 14 340   M    M   6        17 120
16  68  37  53   4  12   0 0.00    M    M 13.4 25 190   M    M   4        31 190
17  75  54  65  16   0   0 0.00    M    M 12.1 26 190   M    M   6        33 200
18  69  45  57   7   8   0 0.00    M    M  6.9 14  40   M    M   1        19  50
19  85  56  71  21   0   6 0.00    M    M 14.4 25 180   M    M   2        35 180
20  85  66  76  26   0  11 0.00    M    M 12.3 25 210   M    M   0        32 210
21  68  54  61  11   4   0 0.00    M    M 12.1 28  50   M    M   4 3      36  40
22  57  47  52   1  13   0 0.00    M    M 12.5 21 110   M    M  10        28 110
23  79  51  65  14   0   0 0.00    M    M 17.0 28 180   M    M   4        35 190
================================================================================
SM 1451  931       313  17  1.25    M    285.1          M       94
================================================================================
AV 63.1 40.5                              12.4 FASTST   M    M   4    MAX(MPH)
                                 MISC ---->  # 45 290               # 61  310
================================================================================
NOTES:
# LAST OF SEVERAL OCCURRENCES

COLUMN 17 PEAK WIND IN M.P.H.

PRELIMINARY LOCAL CLIMATOLOGICAL DATA (WS FORM: F-6) , PAGE 2

                                          STATION:  JOPLIN MO
                                          MONTH:    MARCH
                                          YEAR:     2017
                                          LATITUDE:   37 10 N
                                          LONGITUDE:  94 30 W

[TEMPERATURE DATA]      [PRECIPITATION DATA]       SYMBOLS USED IN COLUMN 16

AVERAGE MONTHLY: 51.8   TOTAL FOR MONTH:   1.25    1 = FOG OR MIST
DPTR FM NORMAL:   4.1   DPTR FM NORMAL:   -1.20    2 = FOG REDUCING VISIBILITY
HIGHEST:    85 ON 20,19 GRTST 24HR  0.67 ON  9- 9      TO 1/4 MILE OR LESS
LOWEST:     21 ON 15                               3 = THUNDER
                        SNOW, ICE PELLETS, HAIL    4 = ICE PELLETS
                        TOTAL MONTH:    M          5 = HAIL
                        GRTST 24HR    M  ON   M    6 = FREEZING RAIN OR DRIZZLE
                        GRTST DEPTH:  M  ON   M    7 = DUSTSTORM OR SANDSTORM:
                                                       VSBY 1/2 MILE OR LESS
                                                   8 = SMOKE OR HAZE
[NO. OF DAYS WITH]      [WEATHER - DAYS WITH]      9 = BLOWING SNOW
                                                   X = TORNADO
MAX 32 OR BELOW:   0    0.01 INCH OR MORE:   6
MAX 90 OR ABOVE:   0    0.10 INCH OR MORE:   3
MIN 32 OR BELOW:   7    0.50 INCH OR MORE:   1
MIN  0 OR BELOW:   0    1.00 INCH OR MORE:   0

[HDD (BASE 65) ]
TOTAL THIS MO.   313    CLEAR  (SCALE 0-3)  11
DPTR FM NORMAL   -90    PTCLDY (SCALE 4-7)   7
TOTAL FM JUL 1  2865    CLOUDY (SCALE 8-10)  5
DPTR FM NORMAL  -792

[CDD (BASE 65) ]
TOTAL THIS MO.    17
DPTR FM NORMAL    17    [PRESSURE DATA]
TOTAL FM JAN 1    27    HIGHEST SLP M ON M
DPTR FM NORMAL    26    LOWEST  SLP 29.50 ON  1

[REMARKS]
