000
CXUS53 KSGF 260800
CF6JLN
PRELIMINARY LOCAL CLIMATOLOGICAL DATA (WS FORM: F-6)

                                          STATION:   JOPLIN MO
                                          MONTH:     NOVEMBER
                                          YEAR:      2014
                                          LATITUDE:   37 10 N
                                          LONGITUDE:  94 30 W

  TEMPERATURE IN F:       :PCPN:    SNOW:  WIND      :SUNSHINE: SKY     :PK WND
================================================================================
1   2   3   4   5  6A  6B    7    8   9   10  11  12  13   14  15   16   17  18
                                     12Z  AVG MX 2MIN
DY MAX MIN AVG DEP HDD CDD  WTR  SNW DPTH SPD SPD DIR MIN PSBL S-S WX    SPD DR
================================================================================

 1  55  23  39 -16  26   0 0.00    M    M  5.4 15 150   M    M   1        18 150
 2  65  45  55   1  10   0    T    M    M 15.4 26 190   M    M   3        34 180
 3  67  50  59   5   6   0 0.27  0.0    0 16.6 30 200   M    M   6 1      39 180
 4  58  43  51  -3  14   0 1.03    M    0  4.8 20 330   M    M   6 1      24 320
 5  59  39  49  -4  16   0 0.00  0.0    0  6.1 14 220   M    M   0 1      18 220
 6  57  33  45  -8  20   0 0.00    M    M  8.2 23 340   M    M   0        27 320
 7  65  31  48  -4  17   0 0.00    M    M 11.5 22 180   M    M   0        29 190
 8  55  33  44  -8  21   0 0.00    M    M  9.5 23 350   M    M   0        30  10
 9  68  30  49  -3  16   0 0.00    M    M 12.5 22 190   M    M   0         M  M
10  76  42  59   8   6   0 0.00    M    M 20.0 39 210   M    M   1        49 200
11  42  25  34 -17  31   0    T    M    M 15.0 23 340   M    M   6 16     30 330
12  32  21  27 -23  38   0 0.00    M    M 11.7 20 350   M    M   4        31 340
13  32  18  25 -25  40   0 0.00    M    M  7.3 16 350   M    M   1        20 340
14  36  14  25 -24  40   0 0.00    M    M  2.2  9 110   M    M   0        11 120
15  37  25  31 -18  34   0 0.00    M    M  7.0 14 160   M    M   7 8      18 160
16  34  20  27 -21  38   0 0.12    M    M  6.6 17 320   M    M   8 18     23 320
17  26  12  19 -29  46   0 0.00    M    M 10.4 23 290   M    M   1        31 310
18  41   6  24 -23  41   0 0.00    M    M  8.4 23 210   M    M   0        35 210
19  52  27  40  -7  25   0 0.00    M    M 11.9 28 210   M    M   0        35 210
20  50  26  38  -8  27   0 0.00    M    M  6.6 14  50   M    M   0 8      19  70
21  59  33  46   0  19   0 0.02    M    M 10.5 21 170   M    M   8 1      27 180
22  58  52  55  10  10   0 0.01    M    M 15.1 30 170   M    M   6        42 170
23  65  41  53   8  12   0 0.50    M    M 11.2 28 310   M    M   9 13     36 330
24  50  30  40  -4  25   0    T    M    M 12.7 24 280   M    M   1        32 290
25  45  23  34 -10  31   0 0.00    M    M  6.2 12 260   M    M   0        14 250
================================================================================
SM 1284  742       609   0  1.95     0.0 252.8          M       68
================================================================================
AV 51.4 29.7                              10.1 FASTST   M    M   3    MAX(MPH)
                                 MISC ---->  # 39 210               # 49  200
================================================================================
NOTES:
# LAST OF SEVERAL OCCURRENCES

COLUMN 17 PEAK WIND IN M.P.H.

PRELIMINARY LOCAL CLIMATOLOGICAL DATA (WS FORM: F-6) , PAGE 2

                                          STATION:  JOPLIN MO
                                          MONTH:    NOVEMBER
                                          YEAR:     2014
                                          LATITUDE:   37 10 N
                                          LONGITUDE:  94 30 W

[TEMPERATURE DATA]      [PRECIPITATION DATA]       SYMBOLS USED IN COLUMN 16

AVERAGE MONTHLY: 40.5   TOTAL FOR MONTH:   1.95    1 = FOG OR MIST
DPTR FM NORMAL:  -9.0   DPTR FM NORMAL:   -1.24    2 = FOG REDUCING VISIBILITY
HIGHEST:    76 ON 10    GRTST 24HR  1.30 ON  3- 4      TO 1/4 MILE OR LESS
LOWEST:      6 ON 18                               3 = THUNDER
                        SNOW, ICE PELLETS, HAIL    4 = ICE PELLETS
                        TOTAL MONTH:   0.0 INCH    5 = HAIL
                        GRTST 24HR     0.0         6 = FREEZING RAIN OR DRIZZLE
                        GRTST DEPTH:   0           7 = DUSTSTORM OR SANDSTORM:
                                                       VSBY 1/2 MILE OR LESS
                                                   8 = SMOKE OR HAZE
[NO. OF DAYS WITH]      [WEATHER - DAYS WITH]      9 = BLOWING SNOW
                                                   X = TORNADO
MAX 32 OR BELOW:   3    0.01 INCH OR MORE:   6
MAX 90 OR ABOVE:   0    0.10 INCH OR MORE:   4
MIN 32 OR BELOW:  15    0.50 INCH OR MORE:   2
MIN  0 OR BELOW:   0    1.00 INCH OR MORE:   1

[HDD (BASE 65) ]
TOTAL THIS MO.   609    CLEAR  (SCALE 0-3)  16
DPTR FM NORMAL   216    PTCLDY (SCALE 4-7)   7
TOTAL FM JUL 1   822    CLOUDY (SCALE 8-10)  2
DPTR FM NORMAL   177

[CDD (BASE 65) ]
TOTAL THIS MO.     0
DPTR FM NORMAL    -5    [PRESSURE DATA]
TOTAL FM JAN 1  1583    HIGHEST SLP M ON M
DPTR FM NORMAL  -113    LOWEST  SLP 29.26 ON 23

[REMARKS]
