000
CXUS53 KSGF 080651
CF6JLN
PRELIMINARY LOCAL CLIMATOLOGICAL DATA (WS FORM: F-6)

                                          STATION:   JOPLIN MO
                                          MONTH:     JULY
                                          YEAR:      2013
                                          LATITUDE:   37 10 N
                                          LONGITUDE:  94 30 W

  TEMPERATURE IN F:       :PCPN:    SNOW:  WIND      :SUNSHINE: SKY     :PK WND
================================================================================
1   2   3   4   5  6A  6B    7    8   9   10  11  12  13   14  15   16   17  18
                                     12Z  AVG MX 2MIN
DY MAX MIN AVG DEP HDD CDD  WTR  SNW DPTH SPD SPD DIR MIN PSBL S-S WX    SPD DR
================================================================================

 1  81  57  69 -10   0   4 0.00    M    M  6.0 18  20   M    M   2        26  30
 2  82  53  68 -11   0   3 0.00    M    M  4.2 14  20   M    M   0        18  10
 3  85  55  70  -9   0   5 0.00    M    M  3.5 14  20   M    M   2 3      20  40
 4  87  63  75  -5   0  10 0.06    M    M  6.9 18 160   M    M   1        28 140
 5  90  63  77  -3   0  12 0.00    M    M  7.5 14 190   M    M   0        20 180
 6  86  67  77  -3   0  12 0.03    M    M  6.4 13 170   M    M   2        18 170
 7  92  72  82   2   0  17 0.00    M    M  8.8 20 200   M    M   2        25 200
 8  95  71  83   3   0  18 0.00    M    M  8.8 17 230   M    M   1         M  M
 9  97  76  87   7   0  22 0.00    M    M 12.1 20 190   M    M   0        25 180
10  98  76  87   7   0  22    T    M    M  5.2 15 290   M    M   1        20 290
11  93  72  83   3   0  18 0.00    M    M  6.9 15  90   M    M   0        21  70
12  94  69  82   2   0  17 0.00    M    M  8.3 15 120   M    M   0        23 130
13  93  67  80   0   0  15 0.00    M    M  7.2 17 120   M    M   1         M  M
14  89  65  77  -3   0  12    T    M    M  7.7 16 140   M    M   1        23 130
15  92  68  80   0   0  15 0.02    M    M  6.7 17 250   M    M   5 1      22 100
16  93  68  81   1   0  16 0.00    M    M  4.8 18  80   M    M   2 13     29  90
17  93  71  82   2   0  17 0.00    M    M  4.0 12 120   M    M   2        21 100
18  97  69  83   3   0  18 0.00    M    M  2.0 12 210   M    M   1        20 230
19  98  71  85   5   0  20 0.00    M    M  6.5 15 190   M    M   2        22 190
20  97  70  84   3   0  19    M    M    M  8.6 18  50   M    M   2 13     25  30
21  83  69  76  -5   0  11    M    M    M  4.8 15 210   M    M   6 13     21 170
22  88  67  78  -3   0  13    M    M    M 11.5 23 230   M    M   4 13     30 270
23  98  72  85   4   0  20 0.08    M    M  8.7 20 120   M    M   1 13     25 120
24  87  65  76  -5   0  11 0.03    M    M  6.1 16 160   M    M   2 13     22 160
25  90  62  76  -5   0  11    T    M    M  5.0 13 180   M    M   0        16 180
26  77  64  71 -10   0   6 0.37    M    M  4.0 12 250   M    M   7 13      M  M
27  79  60  70 -11   0   5 0.00    M    M  4.8 12  20   M    M   1 12     21 360
28  70  62  66 -15   0   1 0.11    M    M  0.8  8 100   M    M   7         M  M
29  86  66  76  -5   0  11 1.43    M    M  8.4 18  20   M    M   5 13     26 120
30  87  68  78  -3   0  13 0.95    M    M  5.9 16 150   M    M  10 13     21 150
31  88  69  79  -2   0  14 0.00    M    M  4.2 14 350   M    M   5 1      17  20
================================================================================
SM 2765 2067         0 408  3.08    M    196.3          M       75
================================================================================
AV 89.2 66.7                               6.3 FASTST   M    M   2    MAX(MPH)
                                 MISC ---->  # 23 230               # 30  270
================================================================================
NOTES:
# LAST OF SEVERAL OCCURRENCES

COLUMN 17 PEAK WIND IN M.P.H.

PRELIMINARY LOCAL CLIMATOLOGICAL DATA (WS FORM: F-6) , PAGE 2

                                          STATION:  JOPLIN MO
                                          MONTH:    JULY
                                          YEAR:     2013
                                          LATITUDE:   37 10 N
                                          LONGITUDE:  94 30 W

[TEMPERATURE DATA]      [PRECIPITATION DATA]       SYMBOLS USED IN COLUMN 16

AVERAGE MONTHLY: 77.9   TOTAL FOR MONTH:   3.08    1 = FOG OR MIST
DPTR FM NORMAL:  -2.3   DPTR FM NORMAL:   -0.73    2 = FOG REDUCING VISIBILITY
HIGHEST:    98 ON 23,19 GRTST 24HR  2.38 ON 29-30      TO 1/4 MILE OR LESS
LOWEST:     53 ON  2                               3 = THUNDER
                        SNOW, ICE PELLETS, HAIL    4 = ICE PELLETS
                        TOTAL MONTH:    M          5 = HAIL
                        GRTST 24HR    M  ON   M    6 = FREEZING RAIN OR DRIZZLE
                        GRTST DEPTH:  M  ON   M    7 = DUSTSTORM OR SANDSTORM:
                                                       VSBY 1/2 MILE OR LESS
                                                   8 = SMOKE OR HAZE
[NO. OF DAYS WITH]      [WEATHER - DAYS WITH]      9 = BLOWING SNOW
                                                   X = TORNADO
MAX 32 OR BELOW:   0    0.01 INCH OR MORE:   9
MAX 90 OR ABOVE:  16    0.10 INCH OR MORE:   4
MIN 32 OR BELOW:   0    0.50 INCH OR MORE:   2
MIN  0 OR BELOW:   0    1.00 INCH OR MORE:   1

[HDD (BASE 65) ]
TOTAL THIS MO.     0    CLEAR  (SCALE 0-3)  23
DPTR FM NORMAL     0    PTCLDY (SCALE 4-7)   7
TOTAL FM JUL 1     0    CLOUDY (SCALE 8-10)  1
DPTR FM NORMAL     0

[CDD (BASE 65) ]
TOTAL THIS MO.   408
DPTR FM NORMAL   -65    [PRESSURE DATA]
TOTAL FM JAN 1   875    HIGHEST SLP 30.31 ON 17
DPTR FM NORMAL   -96    LOWEST  SLP 29.76 ON 23

[REMARKS]
#FINAL-07-13#
