000
CXUS53 KSGF 192000
CF6JLN
PRELIMINARY LOCAL CLIMATOLOGICAL DATA (WS FORM: F-6)
STATION: JOPLIN MO
MONTH: MAY
YEAR: 2023
LATITUDE: 37 10 N
LONGITUDE: 94 30 W
TEMPERATURE IN F: :PCPN: SNOW: WIND :SUNSHINE: SKY :PK WND
================================================================================
1 2 3 4 5 6A 6B 7 8 9 10 11 12 13 14 15 16 17 18
12Z AVG MX 2MIN
DY MAX MIN AVG DEP HDD CDD WTR SNW DPTH SPD SPD DIR MIN PSBL S-S WX SPD DR
================================================================================
1 67 39 53 -9 12 0 0.00 M M 11.3 24 300 M M 0 34 290
2 69 41 55 -7 10 0 0.00 M M 7.4 20 320 M M 0 31 310
3 74 36 55 -8 10 0 0.00 M M 1.8 12 320 M M 1 14 330
4 67 48 58 -5 7 0 1.29 M M 5.6 15 200 M M 8 1 18 190
5 76 56 66 3 0 1 0.03 M M 11.4 18 120 M M 8 1 26 120
6 89 65 77 14 0 12 T M M 14.4 28 210 M M 3 18 39 200
7 85 68 77 13 0 12 0.00 M M 13.8 23 180 M M 2 3 32 200
8 86 64 75 11 0 10 0.00 M M 9.2 21 190 M M 3 1 27 190
9 88 63 76 12 0 11 0.03 M M 8.2 35 350 M M 4 3 55 340
10 83 60 72 7 0 7 T M M 8.7 23 120 M M 1 3 41 110
11 80 65 73 8 0 8 0.52 M M 7.0 18 100 M M 8 1 29 100
12 83 63 73 8 0 8 0.64 M M 10.4 30 270 M M 5 13 42 260
13 82 63 73 7 0 8 0.67 M M 6.6 35 350 M M 5 13 46 350
14 84 66 75 9 0 10 0.01 M M 4.4 12 120 M M 5 13 15 120
15 79 63 71 5 0 6 0.71 M M 4.5 14 50 M M 8 13 18 50
16 64 60 62 -4 3 0 0.03 M M 6.1 10 320 M M 10 1 15 330
17 76 58 67 0 0 2 0.00 M M 1.8 7 330 M M 7 12 10 340
18 83 54 69 2 0 4 0.00 M M 2.4 12 170 M M 3 1 15 190
19 70 51 61 -6 4 0 0.37 M M 6.1 24 360 M M 7 1 32 360
20 70 46 58 -10 7 0 0.00 M M 5.0 12 360 M M 2 12 17 340
21 75 49 62 -6 3 0 0.00 M M 1.6 10 160 M M 1 1 14 80
22 78 52 65 -3 0 0 0.00 M M 3.2 12 130 M M 1 20 100
23 80 54 67 -2 0 2 0.00 M M 3.7 13 170 M M 0 1 21 110
24 81 61 71 2 0 6 0.00 M M 5.3 14 140 M M 3 13 21 130
25 83 58 71 2 0 6 0.00 M M 3.9 13 120 M M 5 128 18 120
26 82 57 70 0 0 5 0.00 M M 6.0 12 50 M M 1 20 10
27 80 51 66 -4 0 1 0.00 M M 4.5 12 90 M M 0 18 130
28 84 51 68 -2 0 3 0.00 M M 2.8 9 200 M M 1 14 360
29 85 59 72 1 0 7 0.00 M M 2.7 9 130 M M 3 13 220
30 86 68 77 6 0 12 0.00 M M 6.3 14 170 M M 6 3 19 220
31 86 65 76 5 0 11 0.00 M M 5.8 14 190 M M 3 3 19 190
================================================================================
SM 2455 1754 56 152 4.30 M 191.9 M 114
================================================================================
AV 79.2 56.6 6.2 FASTST M M 4 MAX(MPH)
MISC ----> # 35 350 55 340
================================================================================
NOTES:
# LAST OF SEVERAL OCCURRENCES
COLUMN 17 PEAK WIND IN M.P.H.
PRELIMINARY LOCAL CLIMATOLOGICAL DATA (WS FORM: F-6) , PAGE 2
STATION: JOPLIN MO
MONTH: MAY
YEAR: 2023
LATITUDE: 37 10 N
LONGITUDE: 94 30 W
[TEMPERATURE DATA] [PRECIPITATION DATA] SYMBOLS USED IN COLUMN 16
AVERAGE MONTHLY: 67.9 TOTAL FOR MONTH: 4.30 1 = FOG OR MIST
DPTR FM NORMAL: 1.4 DPTR FM NORMAL: -2.26 2 = FOG REDUCING VISIBILITY
HIGHEST: 89 ON 6 GRTST 24HR 1.32 ON 4- 5 TO 1/4 MILE OR LESS
LOWEST: 36 ON 3 3 = THUNDER
SNOW, ICE PELLETS, HAIL 4 = ICE PELLETS
TOTAL MONTH: M 5 = HAIL
GRTST 24HR M ON M 6 = FREEZING RAIN OR DRIZZLE
GRTST DEPTH: M ON M 7 = DUSTSTORM OR SANDSTORM:
VSBY 1/2 MILE OR LESS
8 = SMOKE OR HAZE
[NO. OF DAYS WITH] [WEATHER - DAYS WITH] 9 = BLOWING SNOW
X = TORNADO
MAX 32 OR BELOW: 0 0.01 INCH OR MORE: 10
MAX 90 OR ABOVE: 0 0.10 INCH OR MORE: 6
MIN 32 OR BELOW: 0 0.50 INCH OR MORE: 5
MIN 0 OR BELOW: 0 1.00 INCH OR MORE: 1
[HDD (BASE 65) ]
TOTAL THIS MO. 56 CLEAR (SCALE 0-3) 15
DPTR FM NORMAL -23 PTCLDY (SCALE 4-7) 15
TOTAL FM JUL 1 3759 CLOUDY (SCALE 8-10) 1
DPTR FM NORMAL -357
[CDD (BASE 65) ]
TOTAL THIS MO. 152
DPTR FM NORMAL 26 [PRESSURE DATA]
TOTAL FM JAN 1 191 HIGHEST SLP 30.25 ON 20
DPTR FM NORMAL 19 LOWEST SLP 29.75 ON 11
[REMARKS]
#FINAL-05-23#