000
CXUS53 KSGF 241848
CF6JLN
PRELIMINARY LOCAL CLIMATOLOGICAL DATA (WS FORM: F-6)

                                          STATION:   JOPLIN MO
                                          MONTH:     SEPTEMBER
                                          YEAR:      2013
                                          LATITUDE:   37 10 N
                                          LONGITUDE:  94 30 W

  TEMPERATURE IN F:       :PCPN:    SNOW:  WIND      :SUNSHINE: SKY     :PK WND
================================================================================
1   2   3   4   5  6A  6B    7    8   9   10  11  12  13   14  15   16   17  18
                                     12Z  AVG MX 2MIN
DY MAX MIN AVG DEP HDD CDD  WTR  SNW DPTH SPD SPD DIR MIN PSBL S-S WX    SPD DR
================================================================================

 1  85  72  79   2   0  14    T  0.0    0  7.3 20 160   M    M   3 3       M  M
 2  84  64  74  -2   0   9 0.00  0.0    0  5.9 13 340   M    M   2        16  10
 3  87  56  72  -4   0   7 0.00  0.0    0  1.9  9  60   M    M   0 1      13  10
 4  89  59  74  -2   0   9 0.00  0.0    0   M   M   M   M    M   0         M  M
 5  90  63  77   2   0  12 0.00  0.0    0  4.2 10  60   M    M   0        22  90
 6  91  64  78   3   0  13 0.00  0.0    0  4.1 10 140   M    M   0        24 150
 7  94  70  82   8   0  17 0.00  0.0    0  7.0 15 210   M    M   0        18 200
 8  96  74  85  11   0  20 0.00  0.0    0  7.9 15 210   M    M   0        20 170
 9  94  71  83   9   0  18 0.00  0.0    0   M  18 210   M    M   0         M  M
10  93  71  82   9   0  17 0.00  0.0    0  7.7 21 190   M    M   0        31 150
11  92  67  80   7   0  15 0.00  0.0    0  4.6 12 220   M    M   0        14 230
12  89  67  78   6   0  13 0.00  0.0    0  5.0 15 360   M    M   1 18     17 350
13  80  56  68  -4   0   3 0.00  0.0    0  6.9 14  50   M    M   0        35  90
14  82  52  67  -5   0   2 0.00  0.0    0   M  16 140   M    M   0         M  M
15  90  63  77   6   0  12 0.00  0.0    0  7.0 23 120   M    M   1         M  M
16  76  66  71   0   0   6    M    M    M  4.5 12  40   M    M   9 138    16  40
17  76  65  71   1   0   6    M    M    M  6.5 15 140   M    M   6 1      18 150
18  90  69  80  10   0  15    M  0.0    0   M  21 180   M    M   2         M  M
19  92  69  81  12   0  16    M  0.0    0 11.4 28 190   M    M   3 13     59 150
20  71  52  62  -7   3   0    M  0.0    0  5.5 15  10   M    M   5 1      21  10
21  75  47  61  -7   4   0 0.00  0.0    0  2.6 12  30   M    M   0 1      15  50
22  77  49  63  -5   2   0    M    M    M  5.2 13 120   M    M   0        18 150
23  79  52  66  -2   0   1 0.00  0.0    0  8.0 17 160   M    M   1        23 190
24  77  59  68   1   0   3 0.00  0.0    0  8.7 18 290   M    M   2        23 280
25  81  53  67   0   0   2 0.00  0.0    0   M   M   M   M    M   0 1       M  M
26  86  60  73   7   0   8 0.00    M    M  9.2 16 150   M    M   0        22 150
27  86  66  76  10   0  11 0.00    M    M 11.4 18 160   M    M   0 8      24 140
28  76  54  65  -1   0   0    M    M    M  9.5 26 180   M    M   7 12     37 160
29  73  52  63  -2   2   0    M    M    M  2.1  9  40   M    M   4 12     17  50
30  80  53  67   2   0   2    M    M    M  6.4 14 190   M    M   2        20 200
================================================================================
SM 2531 1835        11 251    T      0.0 160.5          M       48
================================================================================
AV 84.4 61.2                               6.4 FASTST   M    M   2    MAX(MPH)
                                 MISC ---->  # 28 190               # 59  150
================================================================================
NOTES:
# LAST OF SEVERAL OCCURRENCES

COLUMN 17 PEAK WIND IN M.P.H.

PRELIMINARY LOCAL CLIMATOLOGICAL DATA (WS FORM: F-6) , PAGE 2

                                          STATION:  JOPLIN MO
                                          MONTH:    SEPTEMBER
                                          YEAR:     2013
                                          LATITUDE:   37 10 N
                                          LONGITUDE:  94 30 W

[TEMPERATURE DATA]      [PRECIPITATION DATA]       SYMBOLS USED IN COLUMN 16

AVERAGE MONTHLY: 72.8   TOTAL FOR MONTH:      T    1 = FOG OR MIST
DPTR FM NORMAL:   2.0   DPTR FM NORMAL:   -4.95    2 = FOG REDUCING VISIBILITY
HIGHEST:    96 ON  8    GRTST 24HR  0.13 ON 18-19      TO 1/4 MILE OR LESS
LOWEST:     47 ON 21                               3 = THUNDER
                        SNOW, ICE PELLETS, HAIL    4 = ICE PELLETS
                        TOTAL MONTH:   0.0 INCH    5 = HAIL
                        GRTST 24HR     0.0         6 = FREEZING RAIN OR DRIZZLE
                        GRTST DEPTH:   0           7 = DUSTSTORM OR SANDSTORM:
                                                       VSBY 1/2 MILE OR LESS
                                                   8 = SMOKE OR HAZE
[NO. OF DAYS WITH]      [WEATHER - DAYS WITH]      9 = BLOWING SNOW
                                                   X = TORNADO
MAX 32 OR BELOW:   0    0.01 INCH OR MORE:   0
MAX 90 OR ABOVE:  10    0.10 INCH OR MORE:   0
MIN 32 OR BELOW:   0    0.50 INCH OR MORE:   0
MIN  0 OR BELOW:   0    1.00 INCH OR MORE:   0

[HDD (BASE 65) ]
TOTAL THIS MO.    11    CLEAR  (SCALE 0-3)  25
DPTR FM NORMAL   -30    PTCLDY (SCALE 4-7)   4
TOTAL FM JUL 1    11    CLOUDY (SCALE 8-10)  1
DPTR FM NORMAL   -31

[CDD (BASE 65) ]
TOTAL THIS MO.   251
DPTR FM NORMAL    36    [PRESSURE DATA]
TOTAL FM JAN 1  1515    HIGHEST SLP M ON M
DPTR FM NORMAL  -127    LOWEST  SLP 29.76 ON  1

[REMARKS]
#FINAL-09-13#
