000
CXUS53 KSGF 010800
CF6JLN
PRELIMINARY LOCAL CLIMATOLOGICAL DATA (WS FORM: F-6)

                                          STATION:   JOPLIN MO
                                          MONTH:     MAY
                                          YEAR:      2013
                                          LATITUDE:   37 10 N
                                          LONGITUDE:  94 30 W

  TEMPERATURE IN F:       :PCPN:    SNOW:  WIND      :SUNSHINE: SKY     :PK WND
================================================================================
1   2   3   4   5  6A  6B    7    8   9   10  11  12  13   14  15   16   17  18
                                     12Z  AVG MX 2MIN
DY MAX MIN AVG DEP HDD CDD  WTR  SNW DPTH SPD SPD DIR MIN PSBL S-S WX    SPD DR
================================================================================

 1  81  59  70   7   0   5 0.00    M    M  8.6 18 120   M    M   1 3      24 140
 2  60  32  46 -17  19   0 0.63    M    M 14.4 24 350   M    M   9 1      32 350
 3  43  32  38 -26  27   0 0.48    M    M 12.6 22 320   M    M  10 16     29 340
 4  46  33  40 -24  25   0 0.22    M    M  5.8 13 290   M    M   8 16     16  70
 5  58  35  47 -17  18   0 0.00  0.0    0   M  15 320   M    M   8         M  M
 6  63  47  55  -9  10   0 0.00  0.0    0  4.4 12 340   M    M   7 18     16 240
 7  76  41  59  -6   6   0 0.00  0.0    0  1.6  7 150   M    M   2 12     12  80
 8  78  54  66   1   0   1 0.19  0.0    0  7.6 21 170   M    M   4 1      26 160
 9  74  60  67   2   0   2 0.42    M    M  8.3 18 240   M    M   6 13     22 240
10  65  48  57  -8   8   0 0.00    M    M  6.1 17 320   M    M   7 1      22 340
11  71  44  58  -8   7   0 0.00    M    M  7.5 21 360   M    M   0 1      26 340
12  65  37  51 -15  14   0 0.00    M    M  3.0 13 240   M    M   2 1      18 120
13  79  47  63  -3   2   0 0.00    M    M  8.2 18 210   M    M   1        23 210
14  87  66  77  11   0  12 0.00  0.0    0 16.2 24 200   M    M   0        37 210
15  79  59  69   2   0   4 0.10  0.0    0 12.1 23 200   M    M   1 1      30 210
16  72  59  66  -1   0   1 0.00  0.0    0  6.2 16 120   M    M   8 1      18 120
17  81  58  70   3   0   5 0.00  0.0    0  3.1 10 150   M    M   6 1      25 150
18  85  65  75   8   0  10 0.00  0.0    0  8.9 17 210   M    M   3 18     22 140
19  87  60  74   6   0   9 1.17  0.0    0 13.5 41 280   M    M   4 138    49 290
20  77  60  69   1   0   4 0.88  0.0    0 11.6 26 190   M    M   9 138    44 180
21  69  56  63  -5   2   0 0.02  0.0    0  7.8 21 150   M    M   5 1      28 150
22  72  56  64  -4   1   0 0.00  0.0    0  7.5 17 280   M    M   3        22 250
23  72  52  62  -7   3   0 0.00    M    M  5.3 13  40   M    M   0        22  70
24  76  55  66  -3   0   1 0.00    M    M  9.5 18 110   M    M   0        25 110
25  83  56  70   1   0   5 0.66    M    M  9.0 18 200   M    M   2 13     23 200
26  83  67  75   5   0  10 0.00    M    M 12.8 23 180   M    M   4        31 190
27  84  68  76   6   0  11 0.00  0.0    0 18.2 30 190   M    M   1        40 180
28  82  71  77   7   0  12    T  0.0    0 16.8 29 200   M    M   1 3      37 200
29  81  63  72   2   0   7 0.24  0.0    0 15.9 30 190   M    M   3 13     36 180
30  78  62  70  -1   0   5 2.08  0.0    0 11.1 32 170   M    M   5 13     43 170
31  85  64  75   4   0  10 0.80  0.0    0 13.9 30 210   M    M   6 13     41 220
================================================================================
SM 2292 1666       142 114  7.89     0.0 287.5          M      126
================================================================================
AV 73.9 53.7                               9.6 FASTST   M    M   4    MAX(MPH)
                                 MISC ---->  # 41 280               # 49  290
================================================================================
NOTES:
# LAST OF SEVERAL OCCURRENCES

COLUMN 17 PEAK WIND IN M.P.H.

PRELIMINARY LOCAL CLIMATOLOGICAL DATA (WS FORM: F-6) , PAGE 2

                                          STATION:  JOPLIN MO
                                          MONTH:    MAY
                                          YEAR:     2013
                                          LATITUDE:   37 10 N
                                          LONGITUDE:  94 30 W

[TEMPERATURE DATA]      [PRECIPITATION DATA]       SYMBOLS USED IN COLUMN 16

AVERAGE MONTHLY: 63.8   TOTAL FOR MONTH:   7.89    1 = FOG OR MIST
DPTR FM NORMAL:  -3.2   DPTR FM NORMAL:    2.18    2 = FOG REDUCING VISIBILITY
HIGHEST:    87 ON 19,14 GRTST 24HR  2.32 ON 29-30      TO 1/4 MILE OR LESS
LOWEST:     32 ON  3, 2                            3 = THUNDER
                        SNOW, ICE PELLETS, HAIL    4 = ICE PELLETS
                        TOTAL MONTH:   0.0 INCH    5 = HAIL
                        GRTST 24HR     0.0         6 = FREEZING RAIN OR DRIZZLE
                        GRTST DEPTH:   0           7 = DUSTSTORM OR SANDSTORM:
                                                       VSBY 1/2 MILE OR LESS
                                                   8 = SMOKE OR HAZE
[NO. OF DAYS WITH]      [WEATHER - DAYS WITH]      9 = BLOWING SNOW
                                                   X = TORNADO
MAX 32 OR BELOW:   0    0.01 INCH OR MORE:  13
MAX 90 OR ABOVE:   0    0.10 INCH OR MORE:  12
MIN 32 OR BELOW:   2    0.50 INCH OR MORE:   6
MIN  0 OR BELOW:   0    1.00 INCH OR MORE:   2

[HDD (BASE 65) ]
TOTAL THIS MO.   142    CLEAR  (SCALE 0-3)  14
DPTR FM NORMAL    76    PTCLDY (SCALE 4-7)  14
TOTAL FM JUL 1  4246    CLOUDY (SCALE 8-10)  3
DPTR FM NORMAL   177

[CDD (BASE 65) ]
TOTAL THIS MO.   114
DPTR FM NORMAL   -12    [PRESSURE DATA]
TOTAL FM JAN 1   144    HIGHEST SLP M ON M
DPTR FM NORMAL   -36    LOWEST  SLP 29.57 ON 21

[REMARKS]
#FINAL-05-13#
