000
CXUS53 KSGF 080652
CF6JLN
PRELIMINARY LOCAL CLIMATOLOGICAL DATA (WS FORM: F-6)

                                          STATION:   JOPLIN MO
                                          MONTH:     JUNE
                                          YEAR:      2013
                                          LATITUDE:   37 10 N
                                          LONGITUDE:  94 30 W

  TEMPERATURE IN F:       :PCPN:    SNOW:  WIND      :SUNSHINE: SKY     :PK WND
================================================================================
1   2   3   4   5  6A  6B    7    8   9   10  11  12  13   14  15   16   17  18
                                     12Z  AVG MX 2MIN
DY MAX MIN AVG DEP HDD CDD  WTR  SNW DPTH SPD SPD DIR MIN PSBL S-S WX    SPD DR
================================================================================

 1  75  59  67  -4   0   2 0.71  0.0    0  8.8 20 300   M    M   4 13     23 260
 2  66  49  58 -14   7   0 0.00  0.0    0  5.6 13 340   M    M   7 1      17 360
 3  77  45  61 -11   4   0 0.00    M    M  5.6 12 130   M    M   0 1      18 130
 4  76  63  70  -2   0   5 0.06    M    M  9.1 17 110   M    M   5 1      23 110
 5  75  60  68  -4   0   3 1.45    M    M  5.8 21 210   M    M   6 13     25 210
 6  75  56  66  -7   0   1 0.00  0.0    0  5.7 14 340   M    M   6 1      18 330
 7  76  52  64  -9   1   0 0.00  0.0    0  2.8 14 350   M    M   2 1      20  80
 8  81  54  68  -5   0   3 0.00  0.0    0  7.6 16 170   M    M   1        21 170
 9  81  63  72  -2   0   7 0.12  0.0    0  6.9 16 240   M    M   5 13     22 270
10  90  61  76   2   0  11 0.00  0.0    0  8.4 17 230   M    M   0        23 240
11  92  74  83   9   0  18 0.00  0.0    0 15.1 26 210   M    M   0        39 120
12  91  74  83   8   0  18 0.00  0.0    0 16.8 30 210   M    M   0        37 220
13  86  67  77   2   0  12 0.00  0.0    0  4.9 12  30   M    M   0        20 350
14  91  66  79   4   0  14 0.00    M    M  7.1 14 150   M    M   1         M  M
15  89  68  79   3   0  14 2.87    M    M  8.9 35 180   M    M   3 123    54 180
16  88  66  77   1   0  12 0.00    M    M  6.6 15 230   M    M   3 1      21 230
17  79  65  72  -4   0   7 0.18  0.0    0  7.4 21 230   M    M   6 1      29  80
18  87  62  75  -1   0  10 0.00  0.0    0  3.8 13  50   M    M   1 12     17  50
19  87  62  75  -2   0  10 0.00  0.0    0  4.6 14 180   M    M   0 1      17 120
20  90  68  79   2   0  14 0.00  0.0    0 10.4 18 170   M    M   0        24 180
21  91  74  83   6   0  18 0.00  0.0    0 13.5 22 170   M    M   1        26 160
22  89  74  82   5   0  17 0.00  0.0    0 11.6 21 210   M    M   0        28 210
23  91  73  82   4   0  17 0.00  0.0    0 13.3 24 170   M    M   1        31 170
24  91  74  83   5   0  18 0.00  0.0    0 14.3 25 180   M    M   1        31 190
25  90  75  83   5   0  18 0.00  0.0    0 15.0 28 180   M    M   0        35 170
26  93  78  86   8   0  21 0.00  0.0    0 12.5 22 190   M    M   0        29 230
27  97  75  86   8   0  21    T  0.0    0  5.5 10 200   M    M   0 3       M  M
28  92  70  81   2   0  16    T    M    M  6.4 20 300   M    M   1 3      25 340
29  86  63  75  -4   0  10 0.00    M    M  9.1 26 340   M    M   2        33 310
30  81  60  71  -8   0   6 0.00    M    M  8.1 18 350   M    M   4        22 350
================================================================================
SM 2553 1950        12 323  5.39     0.0 261.2          M       60
================================================================================
AV 85.1 65.0                               8.7 FASTST   M    M   2    MAX(MPH)
                                 MISC ---->  # 35 180               # 54  180
================================================================================
NOTES:
# LAST OF SEVERAL OCCURRENCES

COLUMN 17 PEAK WIND IN M.P.H.

PRELIMINARY LOCAL CLIMATOLOGICAL DATA (WS FORM: F-6) , PAGE 2

                                          STATION:  JOPLIN MO
                                          MONTH:    JUNE
                                          YEAR:     2013
                                          LATITUDE:   37 10 N
                                          LONGITUDE:  94 30 W

[TEMPERATURE DATA]      [PRECIPITATION DATA]       SYMBOLS USED IN COLUMN 16

AVERAGE MONTHLY: 75.1   TOTAL FOR MONTH:   5.39    1 = FOG OR MIST
DPTR FM NORMAL:  -0.4   DPTR FM NORMAL:   -0.47    2 = FOG REDUCING VISIBILITY
HIGHEST:    97 ON 27    GRTST 24HR  2.87 ON 15-15      TO 1/4 MILE OR LESS
LOWEST:     45 ON  3                               3 = THUNDER
                        SNOW, ICE PELLETS, HAIL    4 = ICE PELLETS
                        TOTAL MONTH:   0.0 INCH    5 = HAIL
                        GRTST 24HR     0.0         6 = FREEZING RAIN OR DRIZZLE
                        GRTST DEPTH:   0           7 = DUSTSTORM OR SANDSTORM:
                                                       VSBY 1/2 MILE OR LESS
                                                   8 = SMOKE OR HAZE
[NO. OF DAYS WITH]      [WEATHER - DAYS WITH]      9 = BLOWING SNOW
                                                   X = TORNADO
MAX 32 OR BELOW:   0    0.01 INCH OR MORE:   6
MAX 90 OR ABOVE:  12    0.10 INCH OR MORE:   5
MIN 32 OR BELOW:   0    0.50 INCH OR MORE:   3
MIN  0 OR BELOW:   0    1.00 INCH OR MORE:   2

[HDD (BASE 65) ]
TOTAL THIS MO.    12    CLEAR  (SCALE 0-3)  21
DPTR FM NORMAL     7    PTCLDY (SCALE 4-7)   9
TOTAL FM JUL 1  4258    CLOUDY (SCALE 8-10)  0
DPTR FM NORMAL   184

[CDD (BASE 65) ]
TOTAL THIS MO.   323
DPTR FM NORMAL     5    [PRESSURE DATA]
TOTAL FM JAN 1   467    HIGHEST SLP 30.08 ON  2
DPTR FM NORMAL   -31    LOWEST  SLP 29.66 ON  1

[REMARKS]
#FINAL-06-13#
