000
CXUS53 KSGF 010800
CF6JLN
PRELIMINARY LOCAL CLIMATOLOGICAL DATA (WS FORM: F-6)

                                          STATION:   JOPLIN MO
                                          MONTH:     MARCH
                                          YEAR:      2013
                                          LATITUDE:   37 10 N
                                          LONGITUDE:  94 30 W

  TEMPERATURE IN F:       :PCPN:    SNOW:  WIND      :SUNSHINE: SKY     :PK WND
================================================================================
1   2   3   4   5  6A  6B    7    8   9   10  11  12  13   14  15   16   17  18
                                     12Z  AVG MX 2MIN
DY MAX MIN AVG DEP HDD CDD  WTR  SNW DPTH SPD SPD DIR MIN PSBL S-S WX    SPD DR
================================================================================

 1  31  26  29 -15  36   0    T    T    T  9.8 17 340   M    M  10 8      21 330
 2  36  22  29 -15  36   0 0.00  0.0    T   M   M   M   M    M   5         M  M
 3  60  25  43  -2  22   0 0.00  0.0    T 10.0 18 200   M    M   2        23 170
 4  68  41  55  10  10   0 0.00  0.0    0  9.4 21 340   M    M   2         M  M
 5  43  28  36 -10  29   0 0.06  0.0    0 16.7 28 310   M    M   4 1       M  M
 6  45  19  32 -14  33   0 0.00  0.0    0  5.7 17 340   M    M   0        22 150
 7  65  32  49   3  16   0 0.00  0.0    0  8.7 17 160   M    M   0        25 150
 8  65  42  54   8  11   0 0.03  0.0    0 11.2 21 170   M    M   5        25 170
 9  69  50  60  13   5   0 0.68  0.0    0 15.1 31 180   M    M  10 13      M  M
10  56  29  43  -4  22   0 0.22  0.0    0 13.1 28 180   M    M   9 16      M  M
11  44  26  35 -12  30   0 0.00  0.0    0 10.6 20 290   M    M   5        25 280
12  54  28  41  -7  24   0 0.00  0.0    0  7.5 25 320   M    M   3        33 310
13  48  23  36 -12  29   0 0.00  0.0    0  2.2 10 360   M    M   1        22 290
14  72  35  54   6  11   0 0.00  0.0    0 12.3 31 210   M    M   0        39 220
15  79  48  64  15   1   0 0.00  0.0    0 15.0 24 210   M    M   0        31 210
16  67  40  54   5  11   0 0.01  0.0    0 13.5  M   M   M    M   3 13      M  M
17  43  37  40  -9  25   0 0.17  0.0    0  9.9 20  50   M    M   9 13      M  M
18  56  37  47  -3  18   0 0.03    M    0  8.7 21 330   M    M   5 1      26 340
19  51  29  40 -10  25   0 0.00  0.0    0  5.5 17  30   M    M   4        22  10
20  45  27  36 -14  29   0 0.00  0.0    0  7.6 21 310   M    M   1 1      26 340
21  40  30  35 -15  30   0 0.13    M    0 11.4 20 120   M    M   8 16     31  90
22  41  32  37 -14  28   0 0.00  0.0    0   M   M   M   M    M  10 1       M  M
23  40  36  38 -13  27   0 0.06    M    M  7.2 14  40   M    M  10 1      20  30
24  37  24  31 -20  34   0 0.27    M    M 15.3 29 300   M    M   9 16     37 290
25  33  22  28 -24  37   0    T    T    T   M   M   M   M    M   7         M  M
26  43  20  32 -20  33   0 0.00  0.0    0  4.6 13 290   M    M   1        20 310
27  61  28  45  -7  20   0 0.00  0.0    0  8.5 20 170   M    M   2        24 190
28  70  45  58   5   7   0    T  0.0    0  8.2 18 210   M    M   4        23 210
29  68  52  60   7   5   0 0.33  0.0    0  6.2 13  70   M    M   8 1      78 150
30  70  52  61   8   4   0 0.65  0.0    0   M  22 250   M    M   6 13      M  M
31  66  45  56   2   9   0 0.06  0.0    0  4.4 26 320   M    M   3 12     33 320
================================================================================
SM 1666 1030       657   0  2.70    T    258.3          M      146
================================================================================
AV 53.7 33.2                               9.6 FASTST   M    M   5    MAX(MPH)
                                 MISC ---->  # 31 180               # 78  150
================================================================================
NOTES:
# LAST OF SEVERAL OCCURRENCES

COLUMN 17 PEAK WIND IN M.P.H.

PRELIMINARY LOCAL CLIMATOLOGICAL DATA (WS FORM: F-6) , PAGE 2

                                          STATION:  JOPLIN MO
                                          MONTH:    MARCH
                                          YEAR:     2013
                                          LATITUDE:   37 10 N
                                          LONGITUDE:  94 30 W

[TEMPERATURE DATA]      [PRECIPITATION DATA]       SYMBOLS USED IN COLUMN 16

AVERAGE MONTHLY: 43.5   TOTAL FOR MONTH:   2.70    1 = FOG OR MIST
DPTR FM NORMAL:  -5.4   DPTR FM NORMAL:   -0.72    2 = FOG REDUCING VISIBILITY
HIGHEST:    79 ON 15    GRTST 24HR  0.68 ON  9- 9      TO 1/4 MILE OR LESS
LOWEST:     19 ON  6                               3 = THUNDER
                        SNOW, ICE PELLETS, HAIL    4 = ICE PELLETS
                        TOTAL MONTH:    T          5 = HAIL
                        GRTST 24HR    T  ON 25-25  6 = FREEZING RAIN OR DRIZZLE
                        GRTST DEPTH:   0           7 = DUSTSTORM OR SANDSTORM:
                                                       VSBY 1/2 MILE OR LESS
                                                   8 = SMOKE OR HAZE
[NO. OF DAYS WITH]      [WEATHER - DAYS WITH]      9 = BLOWING SNOW
                                                   X = TORNADO
MAX 32 OR BELOW:   1    0.01 INCH OR MORE:  13
MAX 90 OR ABOVE:   0    0.10 INCH OR MORE:   7
MIN 32 OR BELOW:  18    0.50 INCH OR MORE:   2
MIN  0 OR BELOW:   0    1.00 INCH OR MORE:   0

[HDD (BASE 65) ]
TOTAL THIS MO.   657    CLEAR  (SCALE 0-3)  12
DPTR FM NORMAL   149    PTCLDY (SCALE 4-7)  10
TOTAL FM JUL 1  3773    CLOUDY (SCALE 8-10)  9
DPTR FM NORMAL    11

[CDD (BASE 65) ]
TOTAL THIS MO.     0
DPTR FM NORMAL    -9    [PRESSURE DATA]
TOTAL FM JAN 1     1    HIGHEST SLP M ON M
DPTR FM NORMAL    -9    LOWEST  SLP 29.58 ON 24

[REMARKS]
#FINAL-03-13#
