000
CXUS53 KSGF 310800
CF6JLN
PRELIMINARY LOCAL CLIMATOLOGICAL DATA (WS FORM: F-6)

                                          STATION:   JOPLIN MO
                                          MONTH:     DECEMBER
                                          YEAR:      2012
                                          LATITUDE:   37 10 N
                                          LONGITUDE:  94 30 W

  TEMPERATURE IN F:       :PCPN:    SNOW:  WIND      :SUNSHINE: SKY     :PK WND
================================================================================
1   2   3   4   5  6A  6B    7    8   9   10  11  12  13   14  15   16   17  18
                                     12Z  AVG MX 2MIN
DY MAX MIN AVG DEP HDD CDD  WTR  SNW DPTH SPD SPD DIR MIN PSBL S-S WX    SPD DR
================================================================================

 1  72  57  65  24   0   0 0.00  0.0    0 16.9 32 180   M    M   M        44 180
 2  72  51  62  21   3   0 0.00  0.0    0  8.7 23 190   M    M   M 12     29 180
 3  73  54  64  23   1   0 0.67  0.0    0 17.8 33 210   M    M   M 13     44 190
 4  60  36  48   8  17   0 0.02  0.0    0  6.1 14  30   M    M   M 3      26  20
 5  60  31  46   6  19   0 0.00  0.0    M  5.8 17 150   M    M   M        22 150
 6  63  41  52  12  13   0 0.00  0.0    M  6.9 14 190   M    M   M        20 190
 7  54  48  51  12  14   0 0.06  0.0    0  2.4 12  20   M    M   M 1      24  30
 8  48  44  46   7  19   0 0.00  0.0    M  5.5 12  50   M    M   M 1      14  50
 9  48  26  37  -1  28   0 0.03  0.0    0  9.3 21 320   M    M   M 1      29 330
10  32  19  26 -12  39   0    T    T    0  9.3 18 310   M    M   M        25 320
11  44  18  31  -7  34   0 0.00  0.0    0  7.6 15 220   M    M   M        20 220
12  51  26  39   1  26   0 0.00  0.0    0 10.4 21 200   M    M   M        24 190
13  59  36  48  11  17   0 0.00  0.0    0 14.6 28 210   M    M   M        33 210
14  55  43  49  12  16   0 0.09  0.0    0 14.5 25 170   M    M   M 3      44 190
15  61  45  53  16  12   0 0.01  0.0    0 16.4 32 220   M    M   M 1      39 220
16  60  34  47  10  18   0 0.00  0.0    0  6.4 15 280   M    M   M 1      20 280
17  44  35  40   3  25   0 0.01  0.0    0  7.8 14 320   M    M   4 18     17 320
18  58  35  47  11  18   0 0.00  0.0    0  8.2 20 220   M    M   0        40 210
19  64  35  50  14  15   0 0.00  0.0    0 10.0 20 230   M    M   5        28 160
20  62  27  45   9  20   0    T    T    0   M  37 290   M    M   5 1      47 290
21  48  20  34  -2  31   0 0.00  0.0    0   M   M   M   M    M   0         M  M
22  63  31  47  11  18   0 0.00  0.0    0   M   M   M   M    M   0         M  M
23  58  30  44   8  21   0 0.00  0.0    0  7.0 14 360   M    M   1 1      17 350
24  33  19  26 -10  39   0 0.00  0.0    0  7.7 17  60   M    M   1 18     24  40
25  29  20  25 -10  40   0    T    T    0 14.8 24  20   M    M   8 18     33  30
26  32  17  25 -10  40   0 0.00  0.0    0  7.3 20 360   M    M   6        24 360
27  41  21  31  -4  34   0 0.00  0.0    0  6.3 14 180   M    M   1        17 160
28  36  23  30  -5  35   0 0.00  0.0    0  6.9 18 300   M    M  10 18     26 300
29  36  19  28  -7  37   0 0.00  0.0    0  9.1 17 320   M    M   3        21 310
30  44  21  33  -2  32   0 0.00  0.0    0 11.4 21 200   M    M   0         M  M
================================================================================
SM 1560  962       681   0  0.89    T    255.1          M       44
================================================================================
AV 52.0 32.1                               9.4 FASTST   M    M   3    MAX(MPH)
                                 MISC ---->  # 37 290               # 47  290
================================================================================
NOTES:
# LAST OF SEVERAL OCCURRENCES

COLUMN 17 PEAK WIND IN M.P.H.

PRELIMINARY LOCAL CLIMATOLOGICAL DATA (WS FORM: F-6) , PAGE 2

                                          STATION:  JOPLIN MO
                                          MONTH:    DECEMBER
                                          YEAR:     2012
                                          LATITUDE:   37 10 N
                                          LONGITUDE:  94 30 W

[TEMPERATURE DATA]      [PRECIPITATION DATA]       SYMBOLS USED IN COLUMN 16

AVERAGE MONTHLY: 42.0   TOTAL FOR MONTH:   0.89    1 = FOG OR MIST
DPTR FM NORMAL:   4.7   DPTR FM NORMAL:   -1.86    2 = FOG REDUCING VISIBILITY
HIGHEST:    73 ON  3    GRTST 24HR  0.69 ON  3- 4      TO 1/4 MILE OR LESS
LOWEST:     17 ON 26                               3 = THUNDER
                        SNOW, ICE PELLETS, HAIL    4 = ICE PELLETS
                        TOTAL MONTH:    T          5 = HAIL
                        GRTST 24HR    T  ON 25-25  6 = FREEZING RAIN OR DRIZZLE
                        GRTST DEPTH:   0           7 = DUSTSTORM OR SANDSTORM:
                                                       VSBY 1/2 MILE OR LESS
                                                   8 = SMOKE OR HAZE
[NO. OF DAYS WITH]      [WEATHER - DAYS WITH]      9 = BLOWING SNOW
                                                   X = TORNADO
MAX 32 OR BELOW:   3    0.01 INCH OR MORE:   7
MAX 90 OR ABOVE:   0    0.10 INCH OR MORE:   1
MIN 32 OR BELOW:  16    0.50 INCH OR MORE:   1
MIN  0 OR BELOW:   0    1.00 INCH OR MORE:   0

[HDD (BASE 65) ]
TOTAL THIS MO.   681    CLEAR  (SCALE 0-3)   7
DPTR FM NORMAL  -150    PTCLDY (SCALE 4-7)   6
TOTAL FM JUL 1  1467    CLOUDY (SCALE 8-10)  1
DPTR FM NORMAL  -121

[CDD (BASE 65) ]
TOTAL THIS MO.     0
DPTR FM NORMAL     0    [PRESSURE DATA]
TOTAL FM JAN 1  2106    HIGHEST SLP M ON M
DPTR FM NORMAL   408    LOWEST  SLP 29.34 ON 20

[REMARKS]
