000
CXUS53 KSGF 032153
CF6JLN
PRELIMINARY LOCAL CLIMATOLOGICAL DATA (WS FORM: F-6)

                                          STATION:   JOPLIN MO
                                          MONTH:     NOVEMBER
                                          YEAR:      2012
                                          LATITUDE:   37 10 N
                                          LONGITUDE:  94 30 W

  TEMPERATURE IN F:       :PCPN:    SNOW:  WIND      :SUNSHINE: SKY     :PK WND
================================================================================
1   2   3   4   5  6A  6B    7    8   9   10  11  12  13   14  15   16   17  18
                                     12Z  AVG MX 2MIN
DY MAX MIN AVG DEP HDD CDD  WTR  SNW DPTH SPD SPD DIR MIN PSBL S-S WX    SPD DR
================================================================================

 1  73  38  56   1   9   0 0.00    M    M  4.9 14 250   M    M   M 8      17 220
 2  79  43  61   7   4   0 0.00    M    M  7.8 18 190   M    M   M        23 190
 3  69  37  53  -1  12   0 0.00    M    M  7.9 18 200   M    M   M        25 210
 4  64  34  49  -5  16   0 0.00    M    M  2.5  8 150   M    M   M 18     13 110
 5  54  43  49  -4  16   0    T    M    M 11.0 18 320   M    M   M 1      23 300
 6  58  40  49  -4  16   0 0.00    M    M  6.9 20 270   M    M   M 18     28 270
 7  57  35  46  -6  19   0 0.00    M    M  5.7 16 340   M    M   M        22 340
 8  71  40  56   4   9   0 0.00    M    M 11.1 23 170   M    M   M        29 210
 9  75  55  65  13   0   0 0.00    M    M 18.9 28 200   M    M   M        36 190
10  75  63  69  18   0   4 0.00    M    M 21.7 31 180   M    M   M        41 160
11  68  30  49  -2  16   0 1.13    M    M 13.3 33 190   M    M   M 13     43 180
12  47  22  35 -15  30   0 0.00    M    M  6.1 18 270   M    M   M        23 250
13  55  29  42  -8  23   0 0.00    M    M  4.9 13 200   M    M   M        15 220
14  57  31  44  -5  21   0 0.00    M    M  3.5  9 190   M    M   M        13 260
15  59  34  47  -2  18   0 0.00    M    M   M   M   M   M    M   M         M  M
16  62  30  46  -2  19   0 0.00    M    M  1.4  7 150   M    M   M 18     16  90
17  62  34  48   0  17   0 0.00    M    M  6.6 16 170   M    M   M        18 150
18  66  40  53   6  12   0 0.00    M    M  9.1 20 180   M    M   M        24 180
19  66  48  57  10   8   0 0.18    M    M 10.1 17 200   M    M   M 1      24 200
20  65  40  53   7  12   0 0.00    M    M  4.4 10 320   M    M   M 18     13 300
21  72  36  54   8  11   0 0.00    M    M  7.2 15 170   M    M   M 18     18 180
22  71  52  62  17   3   0    T    M    M 15.0 30 200   M    M   M        38 200
23  52  29  41  -4  24   0 0.00    M    M  8.4 24 340   M    M   M 8      30 330
24  50  21  36  -8  29   0 0.00    M    M  6.4 21 200   M    M   M        26 200
25  62  40  51   7  14   0 0.00    M    M  7.9 21 200   M    M   M        26 190
26  45  29  37  -7  28   0 0.00    M    M 11.1 22  20   M    M   M        32  10
27  46  20  33 -10  32   0 0.00    M    M  3.2 10  40   M    M   M 8      21  80
28  55  24  40  -3  25   0 0.00    M    M  4.5 12 170   M    M   M        17 160
29  67  39  53  11  12   0 0.00    M    M 13.8 28 200   M    M   M        35 190
30  66  49  58  16   7   0 0.00    M    M  9.8 17 220   M    M   M        22 230
================================================================================
SM 1868 1105       462   4  1.31    M    245.1          M        M
================================================================================
AV 62.3 36.8                               8.5 FASTST   M    M   0    MAX(MPH)
                                 MISC ---->  # 33 190               # 43  180
================================================================================
NOTES:
# LAST OF SEVERAL OCCURRENCES

COLUMN 17 PEAK WIND IN M.P.H.

PRELIMINARY LOCAL CLIMATOLOGICAL DATA (WS FORM: F-6) , PAGE 2

                                          STATION:  JOPLIN MO
                                          MONTH:    NOVEMBER
                                          YEAR:     2012
                                          LATITUDE:   37 10 N
                                          LONGITUDE:  94 30 W

[TEMPERATURE DATA]      [PRECIPITATION DATA]       SYMBOLS USED IN COLUMN 16

AVERAGE MONTHLY: 49.5   TOTAL FOR MONTH:   1.31    1 = FOG OR MIST
DPTR FM NORMAL:   1.1   DPTR FM NORMAL:   -2.47    2 = FOG REDUCING VISIBILITY
HIGHEST:    79 ON  2    GRTST 24HR  1.13 ON 11-11      TO 1/4 MILE OR LESS
LOWEST:     20 ON 27                               3 = THUNDER
                        SNOW, ICE PELLETS, HAIL    4 = ICE PELLETS
                        TOTAL MONTH:    M          5 = HAIL
                        GRTST 24HR    M  ON   M    6 = FREEZING RAIN OR DRIZZLE
                        GRTST DEPTH:  M  ON   M    7 = DUSTSTORM OR SANDSTORM:
                                                       VSBY 1/2 MILE OR LESS
                                                   8 = SMOKE OR HAZE
[NO. OF DAYS WITH]      [WEATHER - DAYS WITH]      9 = BLOWING SNOW
                                                   X = TORNADO
MAX 32 OR BELOW:   0    0.01 INCH OR MORE:   2
MAX 90 OR ABOVE:   0    0.10 INCH OR MORE:   2
MIN 32 OR BELOW:  10    0.50 INCH OR MORE:   1
MIN  0 OR BELOW:   0    1.00 INCH OR MORE:   1

[HDD (BASE 65) ]
TOTAL THIS MO.   462    CLEAR  (SCALE 0-3)   0
DPTR FM NORMAL   -43    PTCLDY (SCALE 4-7)   0
TOTAL FM JUL 1   786    CLOUDY (SCALE 8-10)  0
DPTR FM NORMAL    29

[CDD (BASE 65) ]
TOTAL THIS MO.     4
DPTR FM NORMAL    -3    [PRESSURE DATA]
TOTAL FM JAN 1  2106    HIGHEST SLP 30.52 ON 13
DPTR FM NORMAL   408    LOWEST  SLP 29.69 ON 11

[REMARKS]
#FINAL-11-12#
