000
CXUS53 KSGF 010800
CF6JLN
PRELIMINARY LOCAL CLIMATOLOGICAL DATA (WS FORM: F-6)

                                          STATION:   JOPLIN MO
                                          MONTH:     FEBRUARY
                                          YEAR:      2013
                                          LATITUDE:   37 10 N
                                          LONGITUDE:  94 30 W

  TEMPERATURE IN F:       :PCPN:    SNOW:  WIND      :SUNSHINE: SKY     :PK WND
================================================================================
1   2   3   4   5  6A  6B    7    8   9   10  11  12  13   14  15   16   17  18
                                     12Z  AVG MX 2MIN
DY MAX MIN AVG DEP HDD CDD  WTR  SNW DPTH SPD SPD DIR MIN PSBL S-S WX    SPD DR
================================================================================

 1  36  10  23 -13  42   0 0.00  0.0    0  4.7 10 130   M    M   0        13 180
 2  52  24  38   1  27   0    T  0.0    0  7.9 16 270   M    M   2        24 310
 3  53  31  42   5  23   0 0.00  0.0    0  8.5 16 180   M    M   0        24 270
 4  61  31  46   9  19   0    T    M    0 11.6 22 190   M    M   2        36 190
 5  61  25  43   6  22   0 0.00  0.0    0  3.8 16 280   M    M   0 1      21 280
 6  67  37  52  15  13   0 0.00  0.0    0 10.2 18 170   M    M   2        25 140
 7  54  38  46   8  19   0 0.40  0.0    0  7.5 21 330   M    M  10 13     30 270
 8  47  33  40   2  25   0 0.00  0.0    0  8.0 16 360   M    M   5 18     21 360
 9  47  33  40   2  25   0 0.06  0.0    0 12.2 22 140   M    M   5 1       M  M
10  58  39  49  11  16   0 0.08  0.0    0 18.2 31 220   M    M   4 13      M  M
11  49  29  39   0  26   0 0.00  0.0    0  5.1 13 300   M    M   0        20  60
12  42  25  34  -5  31   0 0.25  0.3    0  3.7 12 360   M    M   6 1      15 360
13  49  31  40   1  25   0 0.03    T    0 10.0 17 230   M    M   6 126    29 240
14  54  33  44   4  21   0 0.00  0.0    0  7.6 14 320   M    M   2        18 220
15  40  24  32  -8  33   0 0.00  0.0    0  9.5 20 330   M    M   2        25 320
16  36  25  31  -9  34   0    T    T    T  7.9 14 170   M    M   9 1      17 210
17  65  33  49   9  16   0 0.00  0.0    0   M  25 190   M    M   1         M  M
18  61  31  46   5  19   0 0.01  0.0    0   M   M   M   M    M   4         M  M
19  43  21  32  -9  33   0 0.00  0.0    0  7.2 18 300   M    M   0        23 300
20  35  25  30 -11  35   0    T    M    M  8.1 14  80   M    M   6 6      21  80
21  33  28  31 -11  34   0 1.05  1.5    2 12.1 22 100   M    M  10 12346  29 110
22  33  20  27 -15  38   0 0.00  0.0    1  8.8 24 250   M    M   6        31 250
23  39  15  27 -15  38   0 0.00  0.0    1   M   M   M   M    M   0 1       M  M
24  56  25  41  -2  24   0 0.00  0.0    0  8.2 18 120   M    M   0        30 140
25  40  33  37  -6  28   0 0.47    T    0   M   M   M   M    M   7 13      M  M
26  34  32  33 -10  32   0 0.35  3.7    4 14.5 25 340   M    M  10 1      32 350
27  36  30  33 -11  32   0    T    T    3   M   M   M   M    M   7 18      M  M
28  34  30  32 -12  33   0 0.00  0.0    M   M   M   M   M    M   8         M  M
================================================================================
SM 1315  791       763   0  2.70     5.5 195.3          M      114
================================================================================
AV 47.0 28.2                               8.9 FASTST   M    M   4    MAX(MPH)
                                 MISC ---->  # 31 220               # 36  190
================================================================================
NOTES:
# LAST OF SEVERAL OCCURRENCES

COLUMN 17 PEAK WIND IN M.P.H.

PRELIMINARY LOCAL CLIMATOLOGICAL DATA (WS FORM: F-6) , PAGE 2

                                          STATION:  JOPLIN MO
                                          MONTH:    FEBRUARY
                                          YEAR:     2013
                                          LATITUDE:   37 10 N
                                          LONGITUDE:  94 30 W

[TEMPERATURE DATA]      [PRECIPITATION DATA]       SYMBOLS USED IN COLUMN 16

AVERAGE MONTHLY: 37.6   TOTAL FOR MONTH:   2.70    1 = FOG OR MIST
DPTR FM NORMAL:  -2.2   DPTR FM NORMAL:    0.38    2 = FOG REDUCING VISIBILITY
HIGHEST:    67 ON  6    GRTST 24HR  1.06 ON 20-21      TO 1/4 MILE OR LESS
LOWEST:     10 ON  1                               3 = THUNDER
                        SNOW, ICE PELLETS, HAIL    4 = ICE PELLETS
                        TOTAL MONTH:   5.5 INCHES  5 = HAIL
                        GRTST 24HR   3.7 ON   M    6 = FREEZING RAIN OR DRIZZLE
                        GRTST DEPTH:   4 ON 26     7 = DUSTSTORM OR SANDSTORM:
                                                       VSBY 1/2 MILE OR LESS
                                                   8 = SMOKE OR HAZE
[NO. OF DAYS WITH]      [WEATHER - DAYS WITH]      9 = BLOWING SNOW
                                                   X = TORNADO
MAX 32 OR BELOW:   0    0.01 INCH OR MORE:   9
MAX 90 OR ABOVE:   0    0.10 INCH OR MORE:   5
MIN 32 OR BELOW:  20    0.50 INCH OR MORE:   1
MIN  0 OR BELOW:   0    1.00 INCH OR MORE:   1

[HDD (BASE 65) ]
TOTAL THIS MO.   763    CLEAR  (SCALE 0-3)  13
DPTR FM NORMAL    58    PTCLDY (SCALE 4-7)  11
TOTAL FM JUL 1  3116    CLOUDY (SCALE 8-10)  4
DPTR FM NORMAL  -138

[CDD (BASE 65) ]
TOTAL THIS MO.     0
DPTR FM NORMAL    -1    [PRESSURE DATA]
TOTAL FM JAN 1     1    HIGHEST SLP M ON M
DPTR FM NORMAL     0    LOWEST  SLP 29.35 ON 26

[REMARKS]
#FINAL-02-13#
