000
CXUS53 KSGF 010800
CF6JLN
PRELIMINARY LOCAL CLIMATOLOGICAL DATA (WS FORM: F-6)

                                          STATION:   JOPLIN MO
                                          MONTH:     JUNE
                                          YEAR:      2016
                                          LATITUDE:   37 10 N
                                          LONGITUDE:  94 30 W

  TEMPERATURE IN F:       :PCPN:    SNOW:  WIND      :SUNSHINE: SKY     :PK WND
================================================================================
1   2   3   4   5  6A  6B    7    8   9   10  11  12  13   14  15   16   17  18
                                     12Z  AVG MX 2MIN
DY MAX MIN AVG DEP HDD CDD  WTR  SNW DPTH SPD SPD DIR MIN PSBL S-S WX    SPD DR
================================================================================

 1  81  64  73   2   0   8 0.90    M    M  3.2 15 240   M    M   4 13     16 240
 2  82  64  73   1   0   8 0.09    M    M  6.2 15  40   M    M   3 13     19  40
 3  77  67  72   0   0   7 0.05    M    M  3.6  9 140   M    M   7 1      14 120
 4  84  62  73   1   0   8 0.00    M    M  5.8 18 300   M    M   3 12     29 330
 5  81  56  69  -3   0   4 0.00    M    M  3.9 16 350   M    M   1        21 350
 6  87  56  72  -1   0   7 0.00    M    M  5.3 12 320   M    M   0        14 320
 7  83  62  73   0   0   8 0.00    M    M  5.0 15 360   M    M   0        20 360
 8  88  61  75   2   0  10 0.00    M    M  6.5 12 200   M    M   0        21 190
 9  89  69  79   5   0  14 0.00    M    M 11.0 21 190   M    M   0        25 190
10  90  71  81   7   0  16 0.00    M    M 10.0 17 190   M    M   1        27 230
11  90  69  80   6   0  15 0.00    M    M  7.6 16 210   M    M   0        19 210
12  88  68  78   3   0  13 0.07    M    M  4.8 24 190   M    M   2 138    30 190
13  88  67  78   3   0  13    T    M    M  5.9 15 190   M    M   2 1      21 190
14  91  72  82   7   0  17 0.03    M    M 10.0 17 210   M    M   1 1      22 210
15  96  78  87  11   0  22 0.00    M    M  9.5 16 220   M    M   2        21 210
16  95  69  82   6   0  17 0.05    M    M  8.8 30 290   M    M   1 13     44 280
17  97  75  86  10   0  21 0.00    M    M  4.3 10 130   M    M   2        16 110
18  90  72  81   5   0  16    T    M    M  8.6 17 150   M    M   2 3      24 140
19  90  65  78   1   0  13 0.00    M    M  7.1 16 200   M    M   0        21 180
20  93  72  83   6   0  18 0.00    M    M  6.5 13 250   M    M   1        17 200
21  94  69  82   5   0  17 0.00    M    M  9.0 15 210   M    M   0        19 230
22  98  77  88  11   0  23 0.00    M    M 15.9 26 210   M    M   0        34 190
23  97  71  84   6   0  19 0.65    M    M 11.1 31 310   M    M   4 13     42 300
24  92  67  80   2   0  15 1.70    M    M  7.5 18 150   M    M   5 13     25 150
25  92  74  83   5   0  18 0.00    M    M 11.0 20 220   M    M   1        26 200
26  94  71  83   5   0  18 2.05    M    M  9.9 31  30   M    M   2 13     39  20
27  88  71  80   2   0  15 0.02    M    M  2.4 12 290   M    M   3 138    14 300
28  92  67  80   1   0  15 0.00    M    M  3.5 10  50   M    M   1 12     14  50
29  91  69  80   1   0  15 0.00    M    M  5.0 17 120   M    M   1        22 120
30  90  66  78  -1   0  13 0.51    M    M  9.3 17 210   M    M   2 13     23 210
================================================================================
SM 2688 2041         0 423  6.12    M    218.2          M       51
================================================================================
AV 89.6 68.0                               7.3 FASTST   M    M   2    MAX(MPH)
                                 MISC ---->  # 31 310               # 44  280
================================================================================
NOTES:
# LAST OF SEVERAL OCCURRENCES

COLUMN 17 PEAK WIND IN M.P.H.

PRELIMINARY LOCAL CLIMATOLOGICAL DATA (WS FORM: F-6) , PAGE 2

                                          STATION:  JOPLIN MO
                                          MONTH:    JUNE
                                          YEAR:     2016
                                          LATITUDE:   37 10 N
                                          LONGITUDE:  94 30 W

[TEMPERATURE DATA]      [PRECIPITATION DATA]       SYMBOLS USED IN COLUMN 16

AVERAGE MONTHLY: 78.8   TOTAL FOR MONTH:   6.12    1 = FOG OR MIST
DPTR FM NORMAL:   3.3   DPTR FM NORMAL:    0.26    2 = FOG REDUCING VISIBILITY
HIGHEST:    98 ON 22    GRTST 24HR  2.35 ON 23-24      TO 1/4 MILE OR LESS
LOWEST:     56 ON  6, 5                            3 = THUNDER
                        SNOW, ICE PELLETS, HAIL    4 = ICE PELLETS
                        TOTAL MONTH:    M          5 = HAIL
                        GRTST 24HR    M  ON   M    6 = FREEZING RAIN OR DRIZZLE
                        GRTST DEPTH:  M  ON   M    7 = DUSTSTORM OR SANDSTORM:
                                                       VSBY 1/2 MILE OR LESS
                                                   8 = SMOKE OR HAZE
[NO. OF DAYS WITH]      [WEATHER - DAYS WITH]      9 = BLOWING SNOW
                                                   X = TORNADO
MAX 32 OR BELOW:   0    0.01 INCH OR MORE:  11
MAX 90 OR ABOVE:  18    0.10 INCH OR MORE:   5
MIN 32 OR BELOW:   0    0.50 INCH OR MORE:   5
MIN  0 OR BELOW:   0    1.00 INCH OR MORE:   2

[HDD (BASE 65) ]
TOTAL THIS MO.     0    CLEAR  (SCALE 0-3)  26
DPTR FM NORMAL    -5    PTCLDY (SCALE 4-7)   4
TOTAL FM JUL 1  3389    CLOUDY (SCALE 8-10)  0
DPTR FM NORMAL  -685

[CDD (BASE 65) ]
TOTAL THIS MO.   423
DPTR FM NORMAL   105    [PRESSURE DATA]
TOTAL FM JAN 1   537    HIGHEST SLP M ON M
DPTR FM NORMAL    39    LOWEST  SLP 29.73 ON 14

[REMARKS]
#FINAL-06-16#
