000
CXUS53 KSGF 010800
CF6JLN
PRELIMINARY LOCAL CLIMATOLOGICAL DATA (WS FORM: F-6)

                                          STATION:   JOPLIN MO
                                          MONTH:     JANUARY
                                          YEAR:      2018
                                          LATITUDE:   37 10 N
                                          LONGITUDE:  94 30 W

  TEMPERATURE IN F:       :PCPN:    SNOW:  WIND      :SUNSHINE: SKY     :PK WND
================================================================================
1   2   3   4   5  6A  6B    7    8   9   10  11  12  13   14  15   16   17  18
                                     12Z  AVG MX 2MIN
DY MAX MIN AVG DEP HDD CDD  WTR  SNW DPTH SPD SPD DIR MIN PSBL S-S WX    SPD DR
================================================================================

 1  15  -2   7 -28  58   0 0.00    M    M  6.8 14 360   M    M   0        20  20
 2  21   4  13 -22  52   0 0.00    M    M  5.5 14 240   M    M   1        19 240
 3  34  12  23 -12  42   0 0.00    M    M  9.6 20 340   M    M   2        24 360
 4  33   9  21 -14  44   0 0.00    M    M  3.8  8  40   M    M   0        11 360
 5  43  14  29  -6  36   0 0.00    M    M  6.2 14 250   M    M   0        19 240
 6  44  17  31  -4  34   0 0.00    M    M  9.1 15 140   M    M   0        25 130
 7  44  34  39   4  26   0 0.42    M    M  8.0 21 170   M    M   8 12     28 170
 8  44  26  35   0  30   0 0.00    M    M  2.4  9 320   M    M   4 128    12 330
 9  48  27  38   4  27   0 0.00    M    M  7.1 15 130   M    M   3 12     22 120
10  65  32  49  15  16   0 0.00    M    M 15.8 31 190   M    M   2 1      40 220
11  58  15  37   3  28   0 0.02    M    M 17.4 30 180   M    M   9 16     42 180
12  26  10  18 -16  47   0 0.00    M    M 12.6 22 340   M    M   2        29 350
13  27  15  21 -14  44   0 0.00    M    M  6.0 18 360   M    M   8        23 360
14  37  24  31  -4  34   0 0.01    M    M  8.1 15 190   M    M   7 1      20 190
15  35   3  19 -16  46   0 0.01    M    M 12.9 30 350   M    M   7 12     39 340
16   8  -6   1 -34  64   0 0.00    M    M  6.9 15 340   M    M   0 1      19 330
17  22  -4   9 -26  56   0 0.00    M    M  5.1 10 190   M    M   0 1      13 210
18  42  16  29  -6  36   0 0.00    M    M 15.3 24 200   M    M   0        30 210
19  54  30  42   7  23   0 0.00    M    M 16.2 24 200   M    M   0        31 190
20  65  45  55  20  10   0 0.00    M    M 15.9 25 190   M    M   5        35 200
21  72  51  62  27   3   0 0.01    M    M 16.9 33 200   M    M   4 13     46 210
22  56  34  45  10  20   0    T    M    M 20.1 33 220   M    M   7 1      44 210
23  42  28  35   0  30   0 0.00    M    M  8.8 24 300   M    M   5        31 310
24  53  22  38   3  27   0 0.00    M    M  6.9 13 230   M    M   0        17 230
25  64  40  52  17  13   0 0.00    M    M 17.4 29 210   M    M   0        39 220
26  58  48  53  17  12   0    T    M    M 20.4 35 180   M    M   8        50 170
27  56  29  43   7  22   0    T    M    M  5.5 20 310   M    M   2 1      25 320
28  58  24  41   5  24   0 0.00    M    M  3.9 18 360   M    M   1        23 360
29  34  21  28  -8  37   0 0.00    M    M  8.5 18 360   M    M   3        25 340
30  53  20  37   1  28   0 0.00    M    M 12.8 26 190   M    M   0        37 180
31  61  41  51  15  14   0 0.00    M    M 13.0 31 190   M    M   0        42 190
================================================================================
SM 1372  679       983   0  0.47    M    324.9          M       88
================================================================================
AV 44.3 21.9                              10.5 FASTST   M    M   3    MAX(MPH)
                                 MISC ---->  # 35 180               # 50  170
================================================================================
NOTES:
# LAST OF SEVERAL OCCURRENCES

COLUMN 17 PEAK WIND IN M.P.H.

PRELIMINARY LOCAL CLIMATOLOGICAL DATA (WS FORM: F-6) , PAGE 2

                                          STATION:  JOPLIN MO
                                          MONTH:    JANUARY
                                          YEAR:     2018
                                          LATITUDE:   37 10 N
                                          LONGITUDE:  94 30 W

[TEMPERATURE DATA]      [PRECIPITATION DATA]       SYMBOLS USED IN COLUMN 16

AVERAGE MONTHLY: 33.1   TOTAL FOR MONTH:   0.47    1 = FOG OR MIST
DPTR FM NORMAL:  -1.8   DPTR FM NORMAL:   -1.56    2 = FOG REDUCING VISIBILITY
HIGHEST:    72 ON 21    GRTST 24HR  0.42 ON  7- 7      TO 1/4 MILE OR LESS
LOWEST:     -6 ON 16                               3 = THUNDER
                        SNOW, ICE PELLETS, HAIL    4 = ICE PELLETS
                        TOTAL MONTH:    M          5 = HAIL
                        GRTST 24HR    M  ON   M    6 = FREEZING RAIN OR DRIZZLE
                        GRTST DEPTH:  M  ON   M    7 = DUSTSTORM OR SANDSTORM:
                                                       VSBY 1/2 MILE OR LESS
                                                   8 = SMOKE OR HAZE
[NO. OF DAYS WITH]      [WEATHER - DAYS WITH]      9 = BLOWING SNOW
                                                   X = TORNADO
MAX 32 OR BELOW:   6    0.01 INCH OR MORE:   5
MAX 90 OR ABOVE:   0    0.10 INCH OR MORE:   1
MIN 32 OR BELOW:  24    0.50 INCH OR MORE:   0
MIN  0 OR BELOW:   3    1.00 INCH OR MORE:   0

[HDD (BASE 65) ]
TOTAL THIS MO.   983    CLEAR  (SCALE 0-3)  20
DPTR FM NORMAL    51    PTCLDY (SCALE 4-7)   9
TOTAL FM JUL 1  2469    CLOUDY (SCALE 8-10)  2
DPTR FM NORMAL   -80

[CDD (BASE 65) ]
TOTAL THIS MO.     0
DPTR FM NORMAL     0    [PRESSURE DATA]
TOTAL FM JAN 1     0    HIGHEST SLP M ON M
DPTR FM NORMAL     0    LOWEST  SLP 29.55 ON 22

[REMARKS]
#FINAL-01-18#
