000
CXUS53 KSGF 010800
CF6JLN
PRELIMINARY LOCAL CLIMATOLOGICAL DATA (WS FORM: F-6)

                                          STATION:   JOPLIN MO
                                          MONTH:     OCTOBER
                                          YEAR:      2014
                                          LATITUDE:   37 10 N
                                          LONGITUDE:  94 30 W

  TEMPERATURE IN F:       :PCPN:    SNOW:  WIND      :SUNSHINE: SKY     :PK WND
================================================================================
1   2   3   4   5  6A  6B    7    8   9   10  11  12  13   14  15   16   17  18
                                     12Z  AVG MX 2MIN
DY MAX MIN AVG DEP HDD CDD  WTR  SNW DPTH SPD SPD DIR MIN PSBL S-S WX    SPD DR
================================================================================

 1  87  68  78  14   0  13 0.09    M    M 14.6 25 200   M    M   1 138    42 160
 2  75  58  67   3   0   2 2.54    M    M 10.1 41 280   M    M   5 13     50 290
 3  58  43  51 -13  14   0 0.02    M    M 10.4 28 340   M    M   2        36 340
 4  62  39  51 -12  14   0 0.00    M    M  7.7 20 310   M    M   1        25 280
 5  76  54  65   2   0   0 0.00    M    M  8.5 16 230   M    M   1        20 190
 6  73  53  63   0   2   0 0.00    M    M  9.4 20 200   M    M   1        24 200
 7  83  57  70   8   0   5 0.00    M    M  5.8 21 200   M    M   0        28 200
 8  80  56  68   6   0   3    T    M    M  6.3 15 120   M    M   4        19 130
 9  85  64  75  13   0  10 2.05    M    M 10.6 24 190   M    M   5 13     30 190
10  64  50  57  -5   8   0 1.57    M    M  9.7 23  80   M    M   9 13     28  80
11  56  48  52  -9  13   0 0.11    M    M  7.8 14  50   M    M  10 1      21  50
12  60  52  56  -5   9   0 0.05    M    M  6.9 15 190   M    M   7 1      19 210
13  65  54  60  -1   5   0 1.16    M    M 12.2 24 310   M    M  10 13     33 300
14  66  48  57  -3   8   0    T    M    M 15.5 30 300   M    M   3        39 320
15  67  42  55  -5  10   0 0.00    M    M  7.1 18 300   M    M   0        22 290
16  80  42  61   1   4   0 0.00    M    M  8.3 21 180   M    M   0        26 180
17  70  46  58  -2   7   0 0.00    M    M  4.3 15 330   M    M   0 1      27 300
18  64  42  53  -6  12   0 0.00    M    M  4.8 13 360   M    M   0 1      16  20
19  68  43  56  -3   9   0    T    M    M  6.8 15 200   M    M   1 1      19 200
20  76  52  64   5   1   0 0.01    M    M  5.8 14 220   M    M   4 1      16 240
21  76  48  62   4   3   0 0.00    M    M  3.0  9  90   M    M   1 12     10  90
22  74  53  64   6   1   0 0.00    M    M  7.0 14 130   M    M   2        18 130
23  63  52  58   0   7   0 0.01    M    M  6.5 15 210   M    M   7 1      18 220
24  75  50  63   5   2   0 0.00    M    M  9.2 16 200   M    M   1 18     25 170
25  83  61  72  15   0   7 0.00    M    M  6.4 17 200   M    M   0 1      20 210
26  85  63  74  17   0   9 0.00    M    M 15.6 30 200   M    M   0        37 200
27  80  59  70  13   0   5 0.34  0.0    0 15.5 30 190   M    M   2 13     38 180
28  66  42  54  -2  11   0    T    M    0  4.9 16 350   M    M   1 38     22 350
29  66  38  52  -4  13   0 0.00  0.0    0  2.4  9 160   M    M   0        10 160
30  70  46  58   2   7   0    M    M    M 12.1 26 240   M    M   1        34 230
31  51  28  40 -15  25   0 0.00    M    M 11.4 25 350   M    M   2        33  10
================================================================================
SM 2204 1551       185  54  7.95     0.0 266.6          M       81
================================================================================
AV 71.1 50.0                               8.6 FASTST   M    M   3    MAX(MPH)
                                 MISC ---->  # 41 280               # 50  290
================================================================================
NOTES:
# LAST OF SEVERAL OCCURRENCES

COLUMN 17 PEAK WIND IN M.P.H.

PRELIMINARY LOCAL CLIMATOLOGICAL DATA (WS FORM: F-6) , PAGE 2

                                          STATION:  JOPLIN MO
                                          MONTH:    OCTOBER
                                          YEAR:     2014
                                          LATITUDE:   37 10 N
                                          LONGITUDE:  94 30 W

[TEMPERATURE DATA]      [PRECIPITATION DATA]       SYMBOLS USED IN COLUMN 16

AVERAGE MONTHLY: 60.6   TOTAL FOR MONTH:   7.95    1 = FOG OR MIST
DPTR FM NORMAL:   0.8   DPTR FM NORMAL:    3.92    2 = FOG REDUCING VISIBILITY
HIGHEST:    87 ON  1    GRTST 24HR  3.62 ON  9-10      TO 1/4 MILE OR LESS
LOWEST:     28 ON 31                               3 = THUNDER
                        SNOW, ICE PELLETS, HAIL    4 = ICE PELLETS
                        TOTAL MONTH:   0.0 INCH    5 = HAIL
                        GRTST 24HR     0.0         6 = FREEZING RAIN OR DRIZZLE
                        GRTST DEPTH:   0           7 = DUSTSTORM OR SANDSTORM:
                                                       VSBY 1/2 MILE OR LESS
                                                   8 = SMOKE OR HAZE
[NO. OF DAYS WITH]      [WEATHER - DAYS WITH]      9 = BLOWING SNOW
                                                   X = TORNADO
MAX 32 OR BELOW:   0    0.01 INCH OR MORE:  11
MAX 90 OR ABOVE:   0    0.10 INCH OR MORE:   6
MIN 32 OR BELOW:   1    0.50 INCH OR MORE:   4
MIN  0 OR BELOW:   0    1.00 INCH OR MORE:   4

[HDD (BASE 65) ]
TOTAL THIS MO.   185    CLEAR  (SCALE 0-3)  22
DPTR FM NORMAL   -25    PTCLDY (SCALE 4-7)   6
TOTAL FM JUL 1   213    CLOUDY (SCALE 8-10)  3
DPTR FM NORMAL   -39

[CDD (BASE 65) ]
TOTAL THIS MO.    54
DPTR FM NORMAL     5    [PRESSURE DATA]
TOTAL FM JAN 1  1583    HIGHEST SLP M ON M
DPTR FM NORMAL  -108    LOWEST  SLP 29.43 ON 13

[REMARKS]
#FINAL-10-14#
