000
CXUS53 KSGF 010800
CF6JLN
PRELIMINARY LOCAL CLIMATOLOGICAL DATA (WS FORM: F-6)

                                          STATION:   JOPLIN MO
                                          MONTH:     NOVEMBER
                                          YEAR:      2016
                                          LATITUDE:   37 10 N
                                          LONGITUDE:  94 30 W

  TEMPERATURE IN F:       :PCPN:    SNOW:  WIND      :SUNSHINE: SKY     :PK WND
================================================================================
1   2   3   4   5  6A  6B    7    8   9   10  11  12  13   14  15   16   17  18
                                     12Z  AVG MX 2MIN
DY MAX MIN AVG DEP HDD CDD  WTR  SNW DPTH SPD SPD DIR MIN PSBL S-S WX    SPD DR
================================================================================

 1  83  67  75  20   0  10 0.00  0.0    0 17.4 24 170   M    M   0        33 190
 2  82  67  75  21   0  10 0.00  0.0    0 11.4 24 200   M    M   3        28 190
 3  72  56  64  10   1   0 0.08    M    M  5.6 15 230   M    M   9 123    19 220
 4  73  50  62   8   3   0 0.00    M    M  4.3 13 100   M    M   4 12     18  90
 5  70  50  60   7   5   0 0.00    M    M  3.9 13 170   M    M   0        15 170
 6  66  44  55   2  10   0 0.00    M    M  4.2 13 130   M    M   0        17 140
 7  68  52  60   8   5   0 0.51  0.0    0  6.7 15 180   M    M   9 1      19 180
 8  62  51  57   5   8   0 0.15  0.0    0  6.0 14  40   M    M   9 1      19  40
 9  62  40  51  -1  14   0 0.00  0.0    0  3.7  9  30   M    M   0 1      13  30
10  66  35  51   0  14   0 0.00    M    M  6.7 17 230   M    M   0 1      20 210
11  64  42  53   2  12   0 0.00    M    M  6.7 16  40   M    M   0        22  30
12  57  36  47  -3  18   0 0.00    M    M  3.7  9  80   M    M   0 1      13  50
13  62  33  48  -2  17   0 0.00    M    M  7.4 17 210   M    M   0        24 180
14  67  46  57   8   8   0 0.00    M    M  6.2 17 210   M    M   1 18     23 220
15  73  40  57   8   8   0 0.00    M    M  4.4 13 210   M    M   1 12     15 220
16  82  44  63  15   2   0 0.00    M    M   M   M   M   M    M   0         M  M
17  79  64  72  24   0   7 0.00    M    M 22.3 36 200   M    M   0        44 190
18  71  36  54   7  11   0 0.01    M    M 18.0 31 210   M    M   6        40 210
19  46  26  36 -11  29   0 0.00    M    M  6.0 16 330   M    M   0 18     21 320
20  57  27  42  -4  23   0 0.00    M    M  5.4 15 180   M    M   0 1      21 180
21  64  38  51   5  14   0 0.00    M    M  8.4 16 160   M    M   0        26 190
22  62  50  56  11   9   0 0.11    M    M 12.7 22 180   M    M   7 1      29 140
23  58  43  51   6  14   0 0.01    M    M  8.6 18 310   M    M   9 1      23 310
24  59  40  50   6  15   0 0.00    M    M  3.9 13 160   M    M   4        15 160
25  50  32  41  -3  24   0 0.00    M    M  3.1 10 330   M    M   3 1      17 230
26  55  28  42  -2  23   0 0.00    M    M  7.7 17 230   M    M   0 1      21 230
27  59  46  53  10  12   0    T    M    M 20.6 35 190   M    M   6        46 180
28  63  45  54  11  11   0 0.00    M    M 16.0 28 190   M    M   4        36 180
29  60  36  48   6  17   0 0.00    M    M 10.1 22 220   M    M   0        27 210
30  47  31  39  -3  26   0 0.00    M    M 10.8 24 250   M    M   0        31 280
================================================================================
SM 1939 1295       353  27  0.87     0.0 251.9          M       75
================================================================================
AV 64.6 43.2                               8.7 FASTST   M    M   3    MAX(MPH)
                                 MISC ---->  # 36 200               # 46  180
================================================================================
NOTES:
# LAST OF SEVERAL OCCURRENCES

COLUMN 17 PEAK WIND IN M.P.H.

PRELIMINARY LOCAL CLIMATOLOGICAL DATA (WS FORM: F-6) , PAGE 2

                                          STATION:  JOPLIN MO
                                          MONTH:    NOVEMBER
                                          YEAR:     2016
                                          LATITUDE:   37 10 N
                                          LONGITUDE:  94 30 W

[TEMPERATURE DATA]      [PRECIPITATION DATA]       SYMBOLS USED IN COLUMN 16

AVERAGE MONTHLY: 53.9   TOTAL FOR MONTH:   0.87    1 = FOG OR MIST
DPTR FM NORMAL:   5.5   DPTR FM NORMAL:   -2.91    2 = FOG REDUCING VISIBILITY
HIGHEST:    83 ON  1    GRTST 24HR  0.65 ON  7- 8      TO 1/4 MILE OR LESS
LOWEST:     26 ON 19                               3 = THUNDER
                        SNOW, ICE PELLETS, HAIL    4 = ICE PELLETS
                        TOTAL MONTH:   0.0 INCH    5 = HAIL
                        GRTST 24HR     0.0         6 = FREEZING RAIN OR DRIZZLE
                        GRTST DEPTH:   0           7 = DUSTSTORM OR SANDSTORM:
                                                       VSBY 1/2 MILE OR LESS
                                                   8 = SMOKE OR HAZE
[NO. OF DAYS WITH]      [WEATHER - DAYS WITH]      9 = BLOWING SNOW
                                                   X = TORNADO
MAX 32 OR BELOW:   0    0.01 INCH OR MORE:   6
MAX 90 OR ABOVE:   0    0.10 INCH OR MORE:   3
MIN 32 OR BELOW:   5    0.50 INCH OR MORE:   1
MIN  0 OR BELOW:   0    1.00 INCH OR MORE:   0

[HDD (BASE 65) ]
TOTAL THIS MO.   353    CLEAR  (SCALE 0-3)  19
DPTR FM NORMAL  -152    PTCLDY (SCALE 4-7)   7
TOTAL FM JUL 1   455    CLOUDY (SCALE 8-10)  4
DPTR FM NORMAL  -302

[CDD (BASE 65) ]
TOTAL THIS MO.    27
DPTR FM NORMAL    20    [PRESSURE DATA]
TOTAL FM JAN 1  1878    HIGHEST SLP M ON M
DPTR FM NORMAL   180    LOWEST  SLP 29.20 ON 28

[REMARKS]
#FINAL-11-16#
