000
CXUS53 KSGF 010800
CF6JLN
PRELIMINARY LOCAL CLIMATOLOGICAL DATA (WS FORM: F-6)

                                          STATION:   JOPLIN MO
                                          MONTH:     JUNE
                                          YEAR:      2014
                                          LATITUDE:   37 10 N
                                          LONGITUDE:  94 30 W

  TEMPERATURE IN F:       :PCPN:    SNOW:  WIND      :SUNSHINE: SKY     :PK WND
================================================================================
1   2   3   4   5  6A  6B    7    8   9   10  11  12  13   14  15   16   17  18
                                     12Z  AVG MX 2MIN
DY MAX MIN AVG DEP HDD CDD  WTR  SNW DPTH SPD SPD DIR MIN PSBL S-S WX    SPD DR
================================================================================

 1  84  67  76   5   0  11 0.00    M    M 10.1 21 160   M    M   3 3      30 170
 2  83  63  73   1   0   8 0.98    M    M  8.2 25 340   M    M   4 1      32 290
 3  88  70  79   7   0  14 0.00    M    M 10.3 17 200   M    M   2        24 200
 4  87  73  80   8   0  15    T    M    M 11.5 37 190   M    M   3 3      46 200
 5  83  65  74   2   0   9 1.28    M    M 10.4 43 290   M    M   5 13     64 300
 6  80  66  73   0   0   8 0.04    M    M  4.8 13  80   M    M   5 138    20 130
 7  82  65  74   1   0   9 0.15    M    M 11.8 23 250   M    M   4 13     29 250
 8  68  60  64  -9   1   0 0.05    M    M  4.9 14 120   M    M   3 1      21 130
 9  71  60  66  -8   0   1 0.60  0.0    0  8.1 22 250   M    M   9 13     27 250
10  71  57  64 -10   1   0 0.00  0.0    0  7.2 16 330   M    M   9 12     22 320
11  81  59  70  -4   0   5 0.00  0.0    0  5.1 14 270   M    M   5 1      24 230
12  78  59  69  -6   0   4 0.01    M    M  6.1 15 350   M    M   4 1      20 360
13  80  53  67  -8   0   2 0.00    M    M  5.4 13 140   M    M   0 1      19  90
14  83  62  73  -2   0   8 0.00    M    M 14.6 25 150   M    M   1        33 150
15  81  63  72  -4   0   7 0.30    M    M 13.0  M   M   M    M   6 38      M  M
16  89  72  81   5   0  16 0.00    M    M 16.6 28 180   M    M   3        35 180
17  88  75  82   6   0  17 0.00    M    M 18.1 28 180   M    M   1        35 180
18  87  75  81   5   0  16 0.00    M    M 16.7 25 200   M    M   1        31 190
19  84  70  77   0   0  12 0.00    M    M 13.2 24 210   M    M   1        30 200
20  88  70  79   2   0  14 0.00    M    M   M  21 330   M    M   2 3       M  M
21  90  71  81   4   0  16 0.00    M    M  7.8 15 220   M    M   1        22 220
22  89  71  80   3   0  15 0.00    M    M  9.7 22 220   M    M   1 3      26 220
23  77  65  71  -7   0   6 0.01    M    M  4.9 14 320   M    M   6 1      17 360
24  87  64  76  -2   0  11 0.00    M    M  4.0 17 220   M    M   0 1      20 220
25  84  67  76  -2   0  11 0.00    M    M  5.3 18 170   M    M   2        24 150
26  87  66  77  -1   0  12 0.00    M    M  8.8 16 160   M    M   3        23 210
27  85  69  77  -1   0  12 0.00  0.0    0 12.6 25 180   M    M   3        31 180
28  83  67  75  -4   0  10 0.51    M    M 13.6 33 220   M    M   6 13     42 220
29  89  70  80   1   0  15 0.00    M    M 10.4 21 170   M    M   6        28 200
30  91  76  84   5   0  19 0.00    M    M 16.9 26 200   M    M   0        35 210
================================================================================
SM 2498 1990         2 303  3.93     0.0 290.1          M       99
================================================================================
AV 83.3 66.3                              10.0 FASTST   M    M   3    MAX(MPH)
                                 MISC ---->  # 43 290               # 64  300
================================================================================
NOTES:
# LAST OF SEVERAL OCCURRENCES

COLUMN 17 PEAK WIND IN M.P.H.

PRELIMINARY LOCAL CLIMATOLOGICAL DATA (WS FORM: F-6) , PAGE 2

                                          STATION:  JOPLIN MO
                                          MONTH:    JUNE
                                          YEAR:     2014
                                          LATITUDE:   37 10 N
                                          LONGITUDE:  94 30 W

[TEMPERATURE DATA]      [PRECIPITATION DATA]       SYMBOLS USED IN COLUMN 16

AVERAGE MONTHLY: 74.8   TOTAL FOR MONTH:   3.93    1 = FOG OR MIST
DPTR FM NORMAL:  -0.7   DPTR FM NORMAL:   -1.93    2 = FOG REDUCING VISIBILITY
HIGHEST:    91 ON 30    GRTST 24HR  1.28 ON  5- 5      TO 1/4 MILE OR LESS
LOWEST:     53 ON 13                               3 = THUNDER
                        SNOW, ICE PELLETS, HAIL    4 = ICE PELLETS
                        TOTAL MONTH:   0.0 INCH    5 = HAIL
                        GRTST 24HR     0.0         6 = FREEZING RAIN OR DRIZZLE
                        GRTST DEPTH:   0           7 = DUSTSTORM OR SANDSTORM:
                                                       VSBY 1/2 MILE OR LESS
                                                   8 = SMOKE OR HAZE
[NO. OF DAYS WITH]      [WEATHER - DAYS WITH]      9 = BLOWING SNOW
                                                   X = TORNADO
MAX 32 OR BELOW:   0    0.01 INCH OR MORE:  10
MAX 90 OR ABOVE:   2    0.10 INCH OR MORE:   6
MIN 32 OR BELOW:   0    0.50 INCH OR MORE:   4
MIN  0 OR BELOW:   0    1.00 INCH OR MORE:   1

[HDD (BASE 65) ]
TOTAL THIS MO.     2    CLEAR  (SCALE 0-3)  16
DPTR FM NORMAL    -3    PTCLDY (SCALE 4-7)  12
TOTAL FM JUL 1  4883    CLOUDY (SCALE 8-10)  2
DPTR FM NORMAL   809

[CDD (BASE 65) ]
TOTAL THIS MO.   303
DPTR FM NORMAL   -15    [PRESSURE DATA]
TOTAL FM JAN 1   516    HIGHEST SLP M ON M
DPTR FM NORMAL    18    LOWEST  SLP 29.65 ON M

[REMARKS]
#FINAL-06-14#
