000
CXUS53 KSGF 032153
CF6JLN
PRELIMINARY LOCAL CLIMATOLOGICAL DATA (WS FORM: F-6)

                                          STATION:   JOPLIN MO
                                          MONTH:     SEPTEMBER
                                          YEAR:      2012
                                          LATITUDE:   37 10 N
                                          LONGITUDE:  94 30 W

  TEMPERATURE IN F:       :PCPN:    SNOW:  WIND      :SUNSHINE: SKY     :PK WND
================================================================================
1   2   3   4   5  6A  6B    7    8   9   10  11  12  13   14  15   16   17  18
                                     12Z  AVG MX 2MIN
DY MAX MIN AVG DEP HDD CDD  WTR  SNW DPTH SPD SPD DIR MIN PSBL S-S WX    SPD DR
================================================================================

 1  84  68  76  -1   0  11 0.87    M    M 10.2 21 310   M    M   8 18     31 280
 2  91  63  77   1   0  12 0.00    M    M  3.7  9 310   M    M   0 12     12 300
 3 100  70  85   9   0  20 0.00    M    M  5.1 14 140   M    M   0        26 200
 4  99  74  87  11   0  22 0.00    M    M  4.8 10 180   M    M   0        13 180
 5  93  70  82   7   0  17 0.27    M    M  5.2 31 190   M    M   0 3      37 190
 6  93  70  82   7   0  17 0.00    M    M  5.8 18  20   M    M   0        25  20
 7  93  61  77   3   0  12 1.11    M    M 10.4 38 350   M    M   4 13     49 340
 8  75  54  65  -9   0   0 0.00    M    M  7.2 17 350   M    M   0        24  10
 9  77  56  67  -7   0   2 0.00    M    M  5.6 14 350   M    M   0        22  40
10  82  52  67  -6   0   2 0.00    M    M  5.7 14 150   M    M   0        16 140
11  87  63  75   2   0  10 0.00    M    M 11.1 18 190   M    M   0        22 160
12  85  66  76   4   0  11 0.00    M    M 11.9 21 180   M    M   0        25 170
13  81  57  69  -3   0   4 0.21    M    M  8.8 22 360   M    M   5 1       M  M
14  61  54  58 -14   7   0 2.03    M    M  8.8 15  50   M    M  10 1      22  40
15  68  60  64  -7   1   0 2.30    M    M  6.5 14 120   M    M   9 1      17 120
16  73  62  68  -3   0   3    T    M    M  1.7  7  20   M    M   8 1      12  20
17  78  60  69  -1   0   4    T    M    M  3.5 20  20   M    M   4 1      29 360
18  70  48  59 -11   6   0    T    M    M  6.2 17 320   M    M   1        26 360
19  79  52  66  -3   0   1 0.00    M    M 12.7 23 190   M    M   0        30 190
20  79  61  70   1   0   5 0.00    M    M  7.8 16 200   M    M   0        22 190
21  82  56  69   1   0   4 0.31    M    M  6.6 17 240   M    M   1 138    22 250
22  73  49  61  -7   4   0 0.00    M    M  5.7 16 340   M    M   0 8      25 330
23  71  48  60  -8   5   0 0.00    M    M  5.9 14 100   M    M   2        17  90
24  80  54  67   0   0   2 0.00    M    M 13.2 25 190   M    M   0        32 190
25  88  69  79  12   0  14 0.00    M    M 15.9 30 210   M    M   1 3      39 310
26  73  62  68   2   0   3 0.10    M    M  4.3 15 350   M    M   7 1      24  90
27  80  64  72   6   0   7    T    M    M   M   M   M   M    M   6 1       M  M
28  77  63  70   4   0   5 0.00    M    M  4.9 13 360   M    M   8 12     17  40
29  74  59  67   2   0   2 0.00    M    M  5.7 12  30   M    M   5 1      18  70
30  73  54  64  -1   1   0 0.00    M    M  3.4  9  40   M    M   0        13  30
================================================================================
SM 2419 1799        24 190  7.20    M    208.3          M       79
================================================================================
AV 80.6 60.0                               7.2 FASTST   M    M   3    MAX(MPH)
                                 MISC ---->  # 38 350               # 49  340
================================================================================
NOTES:
# LAST OF SEVERAL OCCURRENCES

COLUMN 17 PEAK WIND IN M.P.H.

PRELIMINARY LOCAL CLIMATOLOGICAL DATA (WS FORM: F-6) , PAGE 2

                                          STATION:  JOPLIN MO
                                          MONTH:    SEPTEMBER
                                          YEAR:     2012
                                          LATITUDE:   37 10 N
                                          LONGITUDE:  94 30 W

[TEMPERATURE DATA]      [PRECIPITATION DATA]       SYMBOLS USED IN COLUMN 16

AVERAGE MONTHLY: 70.3   TOTAL FOR MONTH:   7.20    1 = FOG OR MIST
DPTR FM NORMAL:  -0.5   DPTR FM NORMAL:    2.25    2 = FOG REDUCING VISIBILITY
HIGHEST:   100 ON  3    GRTST 24HR  2.77 ON 14-15      TO 1/4 MILE OR LESS
LOWEST:     48 ON 23,18                            3 = THUNDER
                        SNOW, ICE PELLETS, HAIL    4 = ICE PELLETS
                        TOTAL MONTH:    M          5 = HAIL
                        GRTST 24HR    M  ON   M    6 = FREEZING RAIN OR DRIZZLE
                        GRTST DEPTH:  M  ON   M    7 = DUSTSTORM OR SANDSTORM:
                                                       VSBY 1/2 MILE OR LESS
                                                   8 = SMOKE OR HAZE
[NO. OF DAYS WITH]      [WEATHER - DAYS WITH]      9 = BLOWING SNOW
                                                   X = TORNADO
MAX 32 OR BELOW:   0    0.01 INCH OR MORE:   8
MAX 90 OR ABOVE:   6    0.10 INCH OR MORE:   8
MIN 32 OR BELOW:   0    0.50 INCH OR MORE:   4
MIN  0 OR BELOW:   0    1.00 INCH OR MORE:   3

[HDD (BASE 65) ]
TOTAL THIS MO.    24    CLEAR  (SCALE 0-3)  19
DPTR FM NORMAL   -17    PTCLDY (SCALE 4-7)   8
TOTAL FM JUL 1    24    CLOUDY (SCALE 8-10)  3
DPTR FM NORMAL   -18

[CDD (BASE 65) ]
TOTAL THIS MO.   190
DPTR FM NORMAL   -25    [PRESSURE DATA]
TOTAL FM JAN 1  2061    HIGHEST SLP 30.32 ON 23
DPTR FM NORMAL   419    LOWEST  SLP 29.67 ON  7

[REMARKS]
#FINAL-09-12#
