000
CXUS53 KSGF 032153
CF6JLN
PRELIMINARY LOCAL CLIMATOLOGICAL DATA (WS FORM: F-6)

                                          STATION:   JOPLIN MO
                                          MONTH:     AUGUST
                                          YEAR:      2012
                                          LATITUDE:   37 10 N
                                          LONGITUDE:  94 30 W

  TEMPERATURE IN F:       :PCPN:    SNOW:  WIND      :SUNSHINE: SKY     :PK WND
================================================================================
1   2   3   4   5  6A  6B    7    8   9   10  11  12  13   14  15   16   17  18
                                     12Z  AVG MX 2MIN
DY MAX MIN AVG DEP HDD CDD  WTR  SNW DPTH SPD SPD DIR MIN PSBL S-S WX    SPD DR
================================================================================

 1 104  80  92  11   0  27 0.00    M    M  8.1 15 180   M    M   0        37 140
 2 107  80  94  13   0  29    T    M    M  7.5 16 170   M    M   0        21 210
 3 105  74  90   9   0  25    T    M    M  7.0 22 230   M    M   0 3      30 230
 4 107  76  92  11   0  27    T    M    M 10.6 26 260   M    M   2 3      62 150
 5  94  69  82   1   0  17    M    M    M  5.6 23 340   M    M   2 13     28 340
 6  97  62  80  -1   0  15    M    M    M  2.3 12  30   M    M   0        17  40
 7 103  68  86   5   0  21 0.00    M    M  4.1 14 140   M    M   0        17 150
 8 100  72  86   5   0  21    T    M    M  9.6 23 360   M    M   1 3      30 350
 9  93  68  81   0   0  16 0.00    M    M  8.0 16  20   M    M   2        23 280
10  86  62  74  -7   0   9 0.00    M    M  7.1 20 360   M    M   0        29 360
11  89  57  73  -7   0   8 0.00    M    M  3.1 12  80   M    M   0        23 150
12  97  70  84   4   0  19 0.00    M    M 10.0 21 190   M    M   2        25 180
13  82  61  72  -8   0   7 0.00    M    M  7.8 20 320   M    M   3        25 360
14  77  57  67 -13   0   2    T    M    M  4.9 15 110   M    M   5        20 110
15  96  61  79  -1   0  14 0.00    M    M  7.3 20 210   M    M   2        24 220
16  97  66  82   2   0  17 0.07    M    M 11.5 24 340   M    M   2        31 340
17  84  63  74  -6   0   9 0.00    M    M  5.5 14  90   M    M   2        20  90
18  85  61  73  -7   0   8 0.00    M    M  3.5 10 180   M    M   3         M  M
19  88  57  73  -7   0   8 0.00    M    M  4.9 17 340   M    M   3 1      22 310
20  88  52  70 -10   0   5 0.00    M    M  3.3 12 340   M    M   1        20 350
21  93  62  78  -2   0  13 0.00    M    M  4.6 10 160   M    M   1        16 110
22  95  65  80   1   0  15 0.00    M    M  8.4 20 230   M    M   1        29 210
23  94  63  79   0   0  14 0.00    M    M 11.3 26 170   M    M   0        35 200
24  91  69  80   1   0  15    T    M    M 10.4 20 200   M    M   1        25 180
25  88  68  78  -1   0  13 0.45    M    M  7.8 25 260   M    M   7 13     31 250
26  80  69  75  -3   0  10 0.79    M    M  5.7 21 210   M    M   7 12     28 220
27  91  67  79   1   0  14 0.00    M    M  4.8 16  50   M    M   5 128    21  50
28  94  62  78   0   0  13 0.00    M    M   M   M   M   M    M   0         M  M
29  95  63  79   1   0  14 0.00    M    M   M   M   M   M    M   0         M  M
30  97  61  79   2   0  14 0.00    M    M  8.3 18 120   M    M   1        25  90
31  78  69  74  -3   0   9 1.82    M    M 10.3 16  30   M    M   9 1      23  30
================================================================================
SM 2875 2034         0 448  3.13    M    203.3          M       62
================================================================================
AV 92.7 65.6                               7.0 FASTST   M    M   2    MAX(MPH)
                                 MISC ---->  # 26 260               # 62  150
================================================================================
NOTES:
# LAST OF SEVERAL OCCURRENCES

COLUMN 17 PEAK WIND IN M.P.H.

PRELIMINARY LOCAL CLIMATOLOGICAL DATA (WS FORM: F-6) , PAGE 2

                                          STATION:  JOPLIN MO
                                          MONTH:    AUGUST
                                          YEAR:     2012
                                          LATITUDE:   37 10 N
                                          LONGITUDE:  94 30 W

[TEMPERATURE DATA]      [PRECIPITATION DATA]       SYMBOLS USED IN COLUMN 16

AVERAGE MONTHLY: 79.2   TOTAL FOR MONTH:   3.13    1 = FOG OR MIST
DPTR FM NORMAL:  -0.5   DPTR FM NORMAL:   -0.22    2 = FOG REDUCING VISIBILITY
HIGHEST:   107 ON  4, 2 GRTST 24HR  1.82 ON 31-31      TO 1/4 MILE OR LESS
LOWEST:     52 ON 20                               3 = THUNDER
                        SNOW, ICE PELLETS, HAIL    4 = ICE PELLETS
                        TOTAL MONTH:    M          5 = HAIL
                        GRTST 24HR    M  ON   M    6 = FREEZING RAIN OR DRIZZLE
                        GRTST DEPTH:  M  ON   M    7 = DUSTSTORM OR SANDSTORM:
                                                       VSBY 1/2 MILE OR LESS
                                                   8 = SMOKE OR HAZE
[NO. OF DAYS WITH]      [WEATHER - DAYS WITH]      9 = BLOWING SNOW
                                                   X = TORNADO
MAX 32 OR BELOW:   0    0.01 INCH OR MORE:   4
MAX 90 OR ABOVE:  20    0.10 INCH OR MORE:   3
MIN 32 OR BELOW:   0    0.50 INCH OR MORE:   2
MIN  0 OR BELOW:   0    1.00 INCH OR MORE:   1

[HDD (BASE 65) ]
TOTAL THIS MO.     0    CLEAR  (SCALE 0-3)  26
DPTR FM NORMAL    -1    PTCLDY (SCALE 4-7)   4
TOTAL FM JUL 1     0    CLOUDY (SCALE 8-10)  1
DPTR FM NORMAL    -1

[CDD (BASE 65) ]
TOTAL THIS MO.   448
DPTR FM NORMAL    -8    [PRESSURE DATA]
TOTAL FM JAN 1  1871    HIGHEST SLP 30.15 ON  5
DPTR FM NORMAL   444    LOWEST  SLP 29.68 ON  2

[REMARKS]
#FINAL-08-12#
