000
CXUS53 KSGF 032152
CF6JLN
PRELIMINARY LOCAL CLIMATOLOGICAL DATA (WS FORM: F-6)

                                          STATION:   JOPLIN MO
                                          MONTH:     JULY
                                          YEAR:      2012
                                          LATITUDE:   37 10 N
                                          LONGITUDE:  94 30 W

  TEMPERATURE IN F:       :PCPN:    SNOW:  WIND      :SUNSHINE: SKY     :PK WND
================================================================================
1   2   3   4   5  6A  6B    7    8   9   10  11  12  13   14  15   16   17  18
                                     12Z  AVG MX 2MIN
DY MAX MIN AVG DEP HDD CDD  WTR  SNW DPTH SPD SPD DIR MIN PSBL S-S WX    SPD DR
================================================================================

 1  99  72  86   7   0  21 0.00    M    M  8.7 17 190   M    M   1        29 200
 2  95  72  84   5   0  19 0.00    M    M 10.6 22 190   M    M   1        30 190
 3  98  75  87   8   0  22 0.00    M    M 12.0 22 220   M    M   1        28 220
 4 100  75  88   8   0  23 0.00    M    M  9.9 22 180   M    M   0 8      28 210
 5 100  73  87   7   0  22 0.00    M    M  7.0 16 200   M    M   0        23 150
 6 102  74  88   8   0  23 0.00    M    M  4.5 15 200   M    M   0        21 190
 7 102  73  88   8   0  23    T    M    M  8.2 26 170   M    M   3 13     36 170
 8  98  72  85   5   0  20    M    M    M  5.0 16 360   M    M   2 13     21 360
 9  93  70  82   2   0  17 0.00    M    M  6.1 17  60   M    M   2 1      24  70
10  96  71  84   4   0  19 0.00    M    M  6.0 17  20   M    M   1        23  20
11  96  67  82   2   0  17 0.00    M    M  5.1 13 100   M    M   2        20 120
12  98  67  83   3   0  18 0.00    M    M  5.4 15 110   M    M   1        25 110
13  94  71  83   3   0  18    T    M    M  3.6 29 350   M    M   2 3       M  M
14  98  68  83   3   0  18 0.00    M    M  5.9 18 150   M    M   0        23 150
15  95  65  80   0   0  15 0.00    M    M  4.7  M   M   M    M   1         M  M
16  97  74  86   6   0  21 0.00    M    M 10.4 17 210   M    M   3        23 170
17  99  76  88   8   0  23 0.00    M    M 11.6 23 220   M    M   1        30 230
18 102  79  91  11   0  26 0.00    M    M 10.8 20 220   M    M   0        30 200
19 105  78  92  12   0  27 0.00    M    M  8.8 17 250   M    M   2        28 200
20 100  70  85   4   0  20 0.00    M    M  6.9 18 360   M    M   0        23 350
21 101  68  85   4   0  20 0.00    M    M  6.0 14  80   M    M   0 8      20  90
22 101  72  87   6   0  22 0.00    M    M  7.8 15  80   M    M   0        24 120
23 102  80  91  10   0  26 0.00    M    M  9.9 16 190   M    M   1        22 190
24 100  78  89   8   0  24 0.00    M    M 11.5 18 170   M    M   1        28 200
25 104  80  92  11   0  27 0.00    M    M 13.9 22 200   M    M   1        36 190
26  95  77  86   5   0  21    T    M    M  7.7 20 210   M    M   2        25 200
27 103  70  87   6   0  22    T    M    M  5.6 20  90   M    M   1        26  80
28 103  66  85   4   0  20 0.00    M    M  4.6 14 150   M    M   0        17 160
29 109  83  96  15   0  31 0.00    M    M 13.2 21 220   M    M   1        28 220
30 106  84  95  14   0  30 0.00    M    M  9.4 20 340   M    M   1        24 330
31 101  76  89   8   0  24 0.00    M    M  6.8 14 140   M    M   0        47 150
================================================================================
SM 3092 2276         0 679    T     M    247.6          M       31
================================================================================
AV 99.7 73.4                               8.0 FASTST   M    M   1    MAX(MPH)
                                 MISC ---->  # 29 350               # 47  150
================================================================================
NOTES:
# LAST OF SEVERAL OCCURRENCES

COLUMN 17 PEAK WIND IN M.P.H.

PRELIMINARY LOCAL CLIMATOLOGICAL DATA (WS FORM: F-6) , PAGE 2

                                          STATION:  JOPLIN MO
                                          MONTH:    JULY
                                          YEAR:     2012
                                          LATITUDE:   37 10 N
                                          LONGITUDE:  94 30 W

[TEMPERATURE DATA]      [PRECIPITATION DATA]       SYMBOLS USED IN COLUMN 16

AVERAGE MONTHLY: 86.6   TOTAL FOR MONTH:      T    1 = FOG OR MIST
DPTR FM NORMAL:   6.4   DPTR FM NORMAL:   -3.81    2 = FOG REDUCING VISIBILITY
HIGHEST:   109 ON 29    GRTST 24HR  0.03 ON 17-18      TO 1/4 MILE OR LESS
LOWEST:     65 ON 15                               3 = THUNDER
                        SNOW, ICE PELLETS, HAIL    4 = ICE PELLETS
                        TOTAL MONTH:    M          5 = HAIL
                        GRTST 24HR    M  ON   M    6 = FREEZING RAIN OR DRIZZLE
                        GRTST DEPTH:  M  ON   M    7 = DUSTSTORM OR SANDSTORM:
                                                       VSBY 1/2 MILE OR LESS
                                                   8 = SMOKE OR HAZE
[NO. OF DAYS WITH]      [WEATHER - DAYS WITH]      9 = BLOWING SNOW
                                                   X = TORNADO
MAX 32 OR BELOW:   0    0.01 INCH OR MORE:   0
MAX 90 OR ABOVE:  31    0.10 INCH OR MORE:   0
MIN 32 OR BELOW:   0    0.50 INCH OR MORE:   0
MIN  0 OR BELOW:   0    1.00 INCH OR MORE:   0

[HDD (BASE 65) ]
TOTAL THIS MO.     0    CLEAR  (SCALE 0-3)  31
DPTR FM NORMAL     0    PTCLDY (SCALE 4-7)   0
TOTAL FM JUL 1     0    CLOUDY (SCALE 8-10)  0
DPTR FM NORMAL     0

[CDD (BASE 65) ]
TOTAL THIS MO.   679
DPTR FM NORMAL   206    [PRESSURE DATA]
TOTAL FM JAN 1  1423    HIGHEST SLP 30.08 ON 28
DPTR FM NORMAL   452    LOWEST  SLP 29.71 ON 25

[REMARKS]
#FINAL-07-12#
