000
CXUS53 KSGF 032153
CF6JLN
PRELIMINARY LOCAL CLIMATOLOGICAL DATA (WS FORM: F-6)

                                          STATION:   JOPLIN MO
                                          MONTH:     OCTOBER
                                          YEAR:      2012
                                          LATITUDE:   37 10 N
                                          LONGITUDE:  94 30 W

  TEMPERATURE IN F:       :PCPN:    SNOW:  WIND      :SUNSHINE: SKY     :PK WND
================================================================================
1   2   3   4   5  6A  6B    7    8   9   10  11  12  13   14  15   16   17  18
                                     12Z  AVG MX 2MIN
DY MAX MIN AVG DEP HDD CDD  WTR  SNW DPTH SPD SPD DIR MIN PSBL S-S WX    SPD DR
================================================================================

 1  75  56  66   2   0   1 0.00    M    M  4.5 21 350   M    M   0        25 350
 2  73  49  61  -3   4   0 0.00    M    M  3.6 15 320   M    M   0        20 310
 3  77  47  62  -2   3   0 0.00    M    M  6.3 21 200   M    M   0        25 190
 4  79  53  66   3   0   1 0.00    M    M 10.2 20 240   M    M   4        25 230
 5  52  36  44 -19  21   0 0.07    M    M  9.0 17  20   M    M   7 13     23  30
 6  48  33  41 -22  24   0 0.00    M    M  3.9 15 360   M    M   8        25  30
 7  54  28  41 -21  24   0 0.00    M    M  3.0 13 210   M    M   0        17  60
 8  61  32  47 -15  18   0 0.00    M    M  8.2 17 200   M    M   0 1      23 190
 9  67  42  55  -7  10   0 0.00    M    M  9.1 20 190   M    M   5 12     24 180
10  64  36  50 -12  15   0 0.00    M    M  5.0 16  20   M    M   1        22  20
11  71  51  61   0   4   0    T    M    M  7.9 16 190   M    M  10        21 190
12  71  60  66   5   0   1 2.32    M    M  6.0 20  20   M    M   7 13     28  30
13  76  60  68   7   0   3 1.38    M    M 15.3 30 190   M    M   5 13     39 190
14  71  51  61   1   4   0 0.00    M    M 11.6 23 290   M    M   2        30 290
15  78  48  63   3   2   0 0.00    M    M  8.1 16 200   M    M   0        23 210
16  78  60  69   9   0   4 0.00    M    M 15.4 28 210   M    M   0        36 220
17  70  50  60   0   5   0 0.79    M    M 11.5 25 310   M    M   5 123    32 310
18  63  43  53  -6  12   0 0.00    M    M 13.9 29 260   M    M   3        37 270
19  59  42  51  -8  14   0 0.00    M    M  9.1 22 310   M    M   5        28 300
20  77  41  59   0   6   0 0.00    M    M  7.9 15 170   M    M   0        20 170
21  78  62  70  12   0   5 0.00    M    M 13.5 22 180   M    M   5        29 170
22  79  68  74  16   0   9    T    M    M 16.7 32 190   M    M   2 3      40 200
23  76  68  72  14   0   7 0.00    M    M 17.6 26 180   M    M   6 8      33 160
24  82  68  75  17   0  10 0.00    M    M 17.9 26 190   M    M   M        33 190
25  72  43  58   1   7   0 0.07    M    M 15.5 28 300   M    M   M 1      38 190
26  48  31  40 -17  25   0 0.00    M    M 10.8 20 350   M    M   M        28 360
27  49  28  39 -18  26   0 0.00    M    M  5.0 12 360   M    M   M        16  50
28  53  25  39 -17  26   0 0.00    M    M  2.6  9  90   M    M   M 1      21  20
29  59  32  46 -10  19   0 0.00    M    M  4.6 12 160   M    M   M         M  M
30  63  36  50  -6  15   0 0.00    M    M  4.3  9 200   M    M   M        23 150
31  63  35  49  -6  16   0 0.00    M    M  2.5  8  10   M    M   M        17  10
================================================================================
SM 2086 1414       300  41  4.63    M    280.5          M       75
================================================================================
AV 67.3 45.6                               9.0 FASTST   M    M   3    MAX(MPH)
                                 MISC ---->  # 32 190               # 40  200
================================================================================
NOTES:
# LAST OF SEVERAL OCCURRENCES

COLUMN 17 PEAK WIND IN M.P.H.

PRELIMINARY LOCAL CLIMATOLOGICAL DATA (WS FORM: F-6) , PAGE 2

                                          STATION:  JOPLIN MO
                                          MONTH:    OCTOBER
                                          YEAR:     2012
                                          LATITUDE:   37 10 N
                                          LONGITUDE:  94 30 W

[TEMPERATURE DATA]      [PRECIPITATION DATA]       SYMBOLS USED IN COLUMN 16

AVERAGE MONTHLY: 56.5   TOTAL FOR MONTH:   4.63    1 = FOG OR MIST
DPTR FM NORMAL:  -3.3   DPTR FM NORMAL:    0.60    2 = FOG REDUCING VISIBILITY
HIGHEST:    82 ON 24    GRTST 24HR  2.32 ON 12-12      TO 1/4 MILE OR LESS
LOWEST:     25 ON 28                               3 = THUNDER
                        SNOW, ICE PELLETS, HAIL    4 = ICE PELLETS
                        TOTAL MONTH:    M          5 = HAIL
                        GRTST 24HR    M  ON   M    6 = FREEZING RAIN OR DRIZZLE
                        GRTST DEPTH:  M  ON   M    7 = DUSTSTORM OR SANDSTORM:
                                                       VSBY 1/2 MILE OR LESS
                                                   8 = SMOKE OR HAZE
[NO. OF DAYS WITH]      [WEATHER - DAYS WITH]      9 = BLOWING SNOW
                                                   X = TORNADO
MAX 32 OR BELOW:   0    0.01 INCH OR MORE:   5
MAX 90 OR ABOVE:   0    0.10 INCH OR MORE:   3
MIN 32 OR BELOW:   6    0.50 INCH OR MORE:   3
MIN  0 OR BELOW:   0    1.00 INCH OR MORE:   2

[HDD (BASE 65) ]
TOTAL THIS MO.   300    CLEAR  (SCALE 0-3)  12
DPTR FM NORMAL    90    PTCLDY (SCALE 4-7)  10
TOTAL FM JUL 1   324    CLOUDY (SCALE 8-10)  1
DPTR FM NORMAL    72

[CDD (BASE 65) ]
TOTAL THIS MO.    41
DPTR FM NORMAL    -8    [PRESSURE DATA]
TOTAL FM JAN 1  2102    HIGHEST SLP M ON M
DPTR FM NORMAL   411    LOWEST  SLP 29.42 ON 17

[REMARKS]
#FINAL-10-12#
