000
CXUS53 KSGF 010800
CF6JLN
PRELIMINARY LOCAL CLIMATOLOGICAL DATA (WS FORM: F-6)

                                          STATION:   JOPLIN MO
                                          MONTH:     JANUARY
                                          YEAR:      2013
                                          LATITUDE:   37 10 N
                                          LONGITUDE:  94 30 W

  TEMPERATURE IN F:       :PCPN:    SNOW:  WIND      :SUNSHINE: SKY     :PK WND
================================================================================
1   2   3   4   5  6A  6B    7    8   9   10  11  12  13   14  15   16   17  18
                                     12Z  AVG MX 2MIN
DY MAX MIN AVG DEP HDD CDD  WTR  SNW DPTH SPD SPD DIR MIN PSBL S-S WX    SPD DR
================================================================================

 1  34  15  25 -10  40   0    T    M    M  6.9 15 360   M    M   7 1      21 360
 2  35  14  25 -10  40   0 0.00    M    M  5.7 13 210   M    M   0 1      16 210
 3  41  17  29  -6  36   0 0.00    M    M  4.4 12 320   M    M   4 1       M  M
 4  46  16  31  -4  34   0 0.00    M    M  6.9 15 220   M    M   0 1      18 220
 5  44  29  37   2  28   0    T    M    M 11.2 22 230   M    M   6        26 210
 6  42  24  33  -2  32   0 0.00    M    M  4.1 12 350   M    M   0        15 270
 7  51  25  38   3  27   0 0.00    M    M 10.0 20 210   M    M   0        25 210
 8  57  31  44   9  21   0 0.20    M    M  9.7 20 210   M    M   4 1      24 200
 9  55  40  48  14  17   0 0.00    M    M  7.0 20  80   M    M   6 12     28  90
10  56  44  50  16  15   0 0.11    M    M 11.9 21 100   M    M   9 1      40 140
11  66  47  57  23   8   0 0.00    M    M 18.8 29 210   M    M   2        41 180
12  60  24  42   8  23   0 0.55    M    M   M  22   M   M    M   9 16      M  M
13  25  14  20 -15  45   0    T    M    M  7.4 16 350   M    M   3 1      21 330
14  28   9  19 -16  46   0 0.00    M    M  3.9 12  70   M    M   0 18     14  60
15  30  14  22 -13  43   0 0.00    M    M  4.8 10  30   M    M   4 1       M  M
16  42  12  27  -8  38   0 0.00    M    M  6.6 16 210   M    M   0        21 210
17  46  27  37   2  28   0 0.00    M    M  5.8 17 360   M    M   0        22 340
18  56  29  43   8  22   0 0.00    M    M 14.2 24 200   M    M   0        49 160
19  60  39  50  15  15   0 0.00    M    M 12.2 24 210   M    M   0        35 210
20  52  26  39   4  26   0 0.00    M    M  7.5 24 260   M    M   0         M  M
21  34  19  27  -8  38   0 0.00  0.0    0  6.7 14 360   M    M   0        23 340
22  40  18  29  -6  36   0 0.00  0.0    0  4.9 15 110   M    M   3        18 120
23  56  22  39   4  26   0 0.00  0.0    0  5.2 14 230   M    M   0        17  50
24  36  26  31  -4  34   0 0.00    M    M   M   M   M   M    M  10         M  M
25  48  33  41   6  24   0 0.00    M    M   M   M   M   M    M   4         M  M
26  59  31  45   9  20   0    T    M    M   M   M   M   M    M   2         M  M
27  62  45  54  18  11   0    T    M    M 16.6 31 180   M    M   9        38 180
28  73  59  66  30   0   1 0.00  0.0    0 19.6 31 180   M    M   7        44 220
29  69  40  55  19  10   0 1.58  0.0    0 15.3 33 320   M    M   8 13      M  M
30  41  22  32  -4  33   0    T  0.0    0 15.4 28 320   M    M  10 1       M  M
31  37  13  25 -11  40   0 0.01  0.2    0 10.1 22 330   M    M   3 1       M  M
================================================================================
SM 1481  824       856   1  2.45     0.2 252.8          M      110
================================================================================
AV 47.8 26.6                               9.4 FASTST   M    M   4    MAX(MPH)
                                 MISC ---->  # 33 320               # 49  160
================================================================================
NOTES:
# LAST OF SEVERAL OCCURRENCES

COLUMN 17 PEAK WIND IN M.P.H.

PRELIMINARY LOCAL CLIMATOLOGICAL DATA (WS FORM: F-6) , PAGE 2

                                          STATION:  JOPLIN MO
                                          MONTH:    JANUARY
                                          YEAR:     2013
                                          LATITUDE:   37 10 N
                                          LONGITUDE:  94 30 W

[TEMPERATURE DATA]      [PRECIPITATION DATA]       SYMBOLS USED IN COLUMN 16

AVERAGE MONTHLY: 37.2   TOTAL FOR MONTH:   2.45    1 = FOG OR MIST
DPTR FM NORMAL:   2.3   DPTR FM NORMAL:    0.42    2 = FOG REDUCING VISIBILITY
HIGHEST:    73 ON 28    GRTST 24HR  1.58 ON 29-29      TO 1/4 MILE OR LESS
LOWEST:      9 ON 14                               3 = THUNDER
                        SNOW, ICE PELLETS, HAIL    4 = ICE PELLETS
                        TOTAL MONTH:   0.2 INCH    5 = HAIL
                        GRTST 24HR   0.2 ON   M    6 = FREEZING RAIN OR DRIZZLE
                        GRTST DEPTH:   0           7 = DUSTSTORM OR SANDSTORM:
                                                       VSBY 1/2 MILE OR LESS
                                                   8 = SMOKE OR HAZE
[NO. OF DAYS WITH]      [WEATHER - DAYS WITH]      9 = BLOWING SNOW
                                                   X = TORNADO
MAX 32 OR BELOW:   3    0.01 INCH OR MORE:   5
MAX 90 OR ABOVE:   0    0.10 INCH OR MORE:   4
MIN 32 OR BELOW:  23    0.50 INCH OR MORE:   2
MIN  0 OR BELOW:   0    1.00 INCH OR MORE:   1

[HDD (BASE 65) ]
TOTAL THIS MO.   856    CLEAR  (SCALE 0-3)  16
DPTR FM NORMAL   -76    PTCLDY (SCALE 4-7)  10
TOTAL FM JUL 1  2353    CLOUDY (SCALE 8-10)  5
DPTR FM NORMAL  -196

[CDD (BASE 65) ]
TOTAL THIS MO.     1
DPTR FM NORMAL     1    [PRESSURE DATA]
TOTAL FM JAN 1     1    HIGHEST SLP M ON M
DPTR FM NORMAL     1    LOWEST  SLP 29.42 ON M

[REMARKS]
#FINAL-01-13#
