000
CXUS53 KSGF 010710
CF6JLN
PRELIMINARY LOCAL CLIMATOLOGICAL DATA (WS FORM: F-6)
STATION: JOPLIN MO
MONTH: MAY
YEAR: 2022
LATITUDE: 37 10 N
LONGITUDE: 94 30 W
TEMPERATURE IN F: :PCPN: SNOW: WIND :SUNSHINE: SKY :PK WND
================================================================================
1 2 3 4 5 6A 6B 7 8 9 10 11 12 13 14 15 16 17 18
12Z AVG MX 2MIN
DY MAX MIN AVG DEP HDD CDD WTR SNW DPTH SPD SPD DIR MIN PSBL S-S WX SPD DR
================================================================================
1 72 46 59 -3 6 0 0.00 M M 5.7 14 240 M M 0 22 280
2 69 53 61 -1 4 0 0.64 M M 10.4 25 120 M M 7 13 39 120
3 61 47 54 -9 11 0 0.01 M M 9.5 21 290 M M 10 1 27 280
4 56 49 53 -10 12 0 3.80 M M 8.6 28 20 M M 9 13 36 10
5 65 55 60 -3 5 0 2.45 M M 6.6 18 360 M M 9 13 26 80
6 66 55 61 -2 4 0 0.65 M M 6.6 18 320 M M 10 13 23 310
7 77 51 64 0 1 0 0.00 M M 7.7 18 130 M M 1 1 28 110
8 82 62 72 8 0 7 0.00 M M 14.1 25 160 M M 3 38 160
9 88 70 79 15 0 14 0.00 M M 18.1 32 180 M M 2 8 44 200
10 84 73 79 14 0 14 0.00 M M 15.0 26 210 M M 4 18 36 180
11 90 71 81 16 0 16 0.00 M M 10.4 16 200 M M 1 24 210
12 91 67 79 14 0 14 0.00 M M 11.5 20 200 M M 0 30 170
13 87 65 76 10 0 11 0.00 M M 6.6 18 90 M M 2 1 24 90
14 89 64 77 11 0 12 0.00 M M 2.8 10 350 M M 2 1 15 360
15 78 58 68 2 0 3 0.14 M M 5.3 23 30 M M 3 123 36 30
16 81 53 67 1 0 2 0.00 M M 4.1 12 70 M M 1 12 15 70
17 84 57 71 4 0 6 0.01 M M 9.5 23 170 M M 2 31 170
18 88 62 75 8 0 10 0.72 M M 6.2 40 340 M M 4 13 63 340
19 84 65 75 8 0 10 0.54 M M 9.0 31 260 M M 4 13 45 270
20 85 63 74 6 0 9 0.00 M M 18.1 33 190 M M 4 3 49 180
21 64 50 57 -11 8 0 0.92 M M 10.8 23 30 M M 9 13 37 320
22 65 46 56 -12 9 0 0.00 M M 8.7 16 30 M M 4 23 360
23 63 46 55 -14 10 0 0.17 M M 6.8 17 90 M M 6 1 24 80
24 67 57 62 -7 3 0 0.45 M M 8.9 20 120 M M 10 1 28 130
25 68 56 62 -7 3 0 0.64 M M 8.8 25 210 M M 9 1 35 220
26 65 51 58 -12 7 0 1.11 M M 8.0 18 280 M M 10 18 25 320
27 79 48 64 -6 1 0 0.00 M M 4.8 13 300 M M 0 1 17 310
28 83 59 71 1 0 6 T M M 10.7 24 180 M M 2 34 140
29 89 71 80 9 0 15 0.00 M M 19.3 31 180 M M 2 44 170
30 84 72 78 7 0 13 0.00 M M 17.6 30 190 M M 4 42 200
31 83 74 79 8 0 14 0.00 M M 12.8 26 210 M M 5 40 190
================================================================================
SM 2387 1816 84 176 12.25 M 303.0 M 139
================================================================================
AV 77.0 58.6 9.8 FASTST M M 4 MAX(MPH)
MISC ----> 40 340 63 340
================================================================================
NOTES:
# LAST OF SEVERAL OCCURRENCES
COLUMN 17 PEAK WIND IN M.P.H.
PRELIMINARY LOCAL CLIMATOLOGICAL DATA (WS FORM: F-6) , PAGE 2
STATION: JOPLIN MO
MONTH: MAY
YEAR: 2022
LATITUDE: 37 10 N
LONGITUDE: 94 30 W
[TEMPERATURE DATA] [PRECIPITATION DATA] SYMBOLS USED IN COLUMN 16
AVERAGE MONTHLY: 67.8 TOTAL FOR MONTH: 12.25 1 = FOG OR MIST
DPTR FM NORMAL: 1.3 DPTR FM NORMAL: 5.69 2 = FOG REDUCING VISIBILITY
HIGHEST: 91 ON 12 GRTST 24HR 4.94 ON 4- 5 TO 1/4 MILE OR LESS
LOWEST: 46 ON 23,22 3 = THUNDER
SNOW, ICE PELLETS, HAIL 4 = ICE PELLETS
TOTAL MONTH: M 5 = HAIL
GRTST 24HR M ON M 6 = FREEZING RAIN OR DRIZZLE
GRTST DEPTH: M ON M 7 = DUSTSTORM OR SANDSTORM:
VSBY 1/2 MILE OR LESS
8 = SMOKE OR HAZE
[NO. OF DAYS WITH] [WEATHER - DAYS WITH] 9 = BLOWING SNOW
X = TORNADO
MAX 32 OR BELOW: 0 0.01 INCH OR MORE: 14
MAX 90 OR ABOVE: 2 0.10 INCH OR MORE: 12
MIN 32 OR BELOW: 0 0.50 INCH OR MORE: 9
MIN 0 OR BELOW: 0 1.00 INCH OR MORE: 3
[HDD (BASE 65) ]
TOTAL THIS MO. 84 CLEAR (SCALE 0-3) 12
DPTR FM NORMAL 5 PTCLDY (SCALE 4-7) 11
TOTAL FM JUL 1 3658 CLOUDY (SCALE 8-10) 8
DPTR FM NORMAL -458
[CDD (BASE 65) ]
TOTAL THIS MO. 176
DPTR FM NORMAL 50 [PRESSURE DATA]
TOTAL FM JAN 1 210 HIGHEST SLP M ON M
DPTR FM NORMAL 38 LOWEST SLP 29.35 ON 20
[REMARKS]
#FINAL-05-22#