000
CXUS53 KSGF 032152
CF6JLN
PRELIMINARY LOCAL CLIMATOLOGICAL DATA (WS FORM: F-6)

                                          STATION:   JOPLIN MO
                                          MONTH:     JUNE
                                          YEAR:      2012
                                          LATITUDE:   37 10 N
                                          LONGITUDE:  94 30 W

  TEMPERATURE IN F:       :PCPN:    SNOW:  WIND      :SUNSHINE: SKY     :PK WND
================================================================================
1   2   3   4   5  6A  6B    7    8   9   10  11  12  13   14  15   16   17  18
                                     12Z  AVG MX 2MIN
DY MAX MIN AVG DEP HDD CDD  WTR  SNW DPTH SPD SPD DIR MIN PSBL S-S WX    SPD DR
================================================================================

 1  65  47  56 -15   9   0 0.04    M    M  3.9 10 330   M    M   6        15 310
 2  82  51  67  -5   0   2 0.00    M    M  2.4 12 290   M    M   1        16 270
 3  87  63  75   3   0  10    T    M    M  7.1 17 210   M    M   1 3      22 210
 4  90  67  79   7   0  14 0.00    M    M  5.8 14 300   M    M   0        17 300
 5  84  65  75   3   0  10 0.00    M    M  7.4 16 100   M    M   0 1      22 110
 6  84  58  71  -2   0   6 0.00    M    M  7.3 14 110   M    M   0        21 250
 7  80  60  70  -3   0   5 0.00    M    M  6.4 12 100   M    M   0        15  30
 8  84  54  69  -4   0   4 0.00    M    M  4.8  M   M   M    M   0         M  M
 9  90  64  77   3   0  12 0.00    M    M 10.3 17 180   M    M   1        23 170
10  89  70  80   6   0  15 0.00    M    M 11.8 21 160   M    M   2        28 140
11  86  64  75   1   0  10 0.48    M    M  6.1 25  10   M    M   3 13     37  30
12  84  60  72  -3   0   7 0.00    M    M  5.1 14  70   M    M   0        18  70
13  85  59  72  -3   0   7 0.00    M    M  7.5 14 160   M    M   1        22 130
14  91  64  78   3   0  13 0.00    M    M  9.7 17 150   M    M   0        25 160
15  88  68  78   2   0  13 0.01    M    M  8.2 25 290   M    M   1        32 290
16  92  69  81   5   0  16 0.00    M    M 10.6 21 210   M    M   1        29 210
17  92  69  81   5   0  16 0.05    M    M 12.0 22 190   M    M   2 13     28 220
18  94  75  85   9   0  20 0.00    M    M 16.0 26 190   M    M   0        36 180
19  91  73  82   5   0  17 0.00    M    M 17.3 26 190   M    M   3 8      35 170
20  91  74  83   6   0  18 0.00    M    M 15.2 26 200   M    M   2        35 210
21  81  65  73  -4   0   8 0.68    M    M  6.5 25 320   M    M   5 13     31 320
22  88  62  75  -2   0  10 0.00    M    M  4.9 13  80   M    M   0 12     17  50
23  94  70  82   4   0  17 0.00    M    M  9.6 20 180   M    M   0        26 190
24  96  70  83   5   0  18 0.00    M    M  7.2 18 230   M    M   0        21 230
25 101  71  86   8   0  21 0.00    M    M  4.5 12  90   M    M   0        17  90
26  98  76  87   9   0  22 0.00    M    M  8.1 14 120   M    M   0 8      18 140
27 100  74  87   9   0  22 0.00    M    M 10.5 16 180   M    M   0        29 150
28 102  69  86   7   0  21 0.00    M    M 10.1 18 210   M    M   0        25 240
29 100  77  89  10   0  24 0.00    M    M 10.8 21 200   M    M   0        25 200
30  99  71  85   6   0  20 0.00    M    M  8.9 18 190   M    M   0        24 220
================================================================================
SM 2688 1979         9 398  1.26    M    256.0          M       29
================================================================================
AV 89.6 66.0                               8.5 FASTST   M    M   1    MAX(MPH)
                                 MISC ---->  # 26 190               # 37   30
================================================================================
NOTES:
# LAST OF SEVERAL OCCURRENCES

COLUMN 17 PEAK WIND IN M.P.H.

PRELIMINARY LOCAL CLIMATOLOGICAL DATA (WS FORM: F-6) , PAGE 2

                                          STATION:  JOPLIN MO
                                          MONTH:    JUNE
                                          YEAR:     2012
                                          LATITUDE:   37 10 N
                                          LONGITUDE:  94 30 W

[TEMPERATURE DATA]      [PRECIPITATION DATA]       SYMBOLS USED IN COLUMN 16

AVERAGE MONTHLY: 77.8   TOTAL FOR MONTH:   1.26    1 = FOG OR MIST
DPTR FM NORMAL:   2.3   DPTR FM NORMAL:   -4.60    2 = FOG REDUCING VISIBILITY
HIGHEST:   102 ON 28    GRTST 24HR  0.74 ON 31- 1      TO 1/4 MILE OR LESS
LOWEST:     47 ON  1                               3 = THUNDER
                        SNOW, ICE PELLETS, HAIL    4 = ICE PELLETS
                        TOTAL MONTH:    M          5 = HAIL
                        GRTST 24HR    M  ON   M    6 = FREEZING RAIN OR DRIZZLE
                        GRTST DEPTH:  M  ON   M    7 = DUSTSTORM OR SANDSTORM:
                                                       VSBY 1/2 MILE OR LESS
                                                   8 = SMOKE OR HAZE
[NO. OF DAYS WITH]      [WEATHER - DAYS WITH]      9 = BLOWING SNOW
                                                   X = TORNADO
MAX 32 OR BELOW:   0    0.01 INCH OR MORE:   5
MAX 90 OR ABOVE:  16    0.10 INCH OR MORE:   2
MIN 32 OR BELOW:   0    0.50 INCH OR MORE:   1
MIN  0 OR BELOW:   0    1.00 INCH OR MORE:   0

[HDD (BASE 65) ]
TOTAL THIS MO.     9    CLEAR  (SCALE 0-3)  27
DPTR FM NORMAL     4    PTCLDY (SCALE 4-7)   3
TOTAL FM JUL 1  3304    CLOUDY (SCALE 8-10)  0
DPTR FM NORMAL  -770

[CDD (BASE 65) ]
TOTAL THIS MO.   398
DPTR FM NORMAL    80    [PRESSURE DATA]
TOTAL FM JAN 1   744    HIGHEST SLP M ON M
DPTR FM NORMAL   246    LOWEST  SLP 29.69 ON 10

[REMARKS]
#FINAL-06-12#
