000
CXUS53 KSGF 032151
CF6JLN
PRELIMINARY LOCAL CLIMATOLOGICAL DATA (WS FORM: F-6)

                                          STATION:   JOPLIN MO
                                          MONTH:     MARCH
                                          YEAR:      2012
                                          LATITUDE:   37 10 N
                                          LONGITUDE:  94 30 W

  TEMPERATURE IN F:       :PCPN:    SNOW:  WIND      :SUNSHINE: SKY     :PK WND
================================================================================
1   2   3   4   5  6A  6B    7    8   9   10  11  12  13   14  15   16   17  18
                                     12Z  AVG MX 2MIN
DY MAX MIN AVG DEP HDD CDD  WTR  SNW DPTH SPD SPD DIR MIN PSBL S-S WX    SPD DR
================================================================================

 1  75  36  56  12   9   0 0.00    M    M 12.5 36 200   M    M   0        46 190
 2  61  32  47   3  18   0 0.01    M    M  9.5 24 300   M    M   6 3      29 300
 3  50  29  40  -5  25   0 0.00    M    M   M  33 240   M    M   2         M  M
 4  67  29  48   3  17   0 0.00    M    M 12.7 29 300   M    M   1        39 280
 5  67  29  48   2  17   0 0.00    M    M  9.9 22 170   M    M   0        35 160
 6  72  55  64  18   1   0 0.00    M    M 24.2 40 190   M    M   0        54 190
 7  70  60  65  19   0   0    T    M    M 21.1 33 190   M    M   7         M  M
 8  64  30  47   1  18   0 0.30    M    M 10.1 26 310   M    M   3 134     M  M
 9  60  25  43  -4  22   0 0.00    M    M  4.5 13  40   M    M   0        18  50
10  66  31  49   2  16   0 0.00    M    M  6.3 15 180   M    M   0        18 120
11  57  45  51   4  14   0 0.81    M    M  7.2 20 200   M    M   9 13     56 170
12  74  51  63  15   2   0 0.00    M    M 16.0 30 210   M    M   0        40 210
13  83  54  69  21   0   4 0.00    M    M 12.3 24 210   M    M   0        31 170
14  77  64  71  23   0   6 0.00    M    M 15.8 29 200   M    M   5        53 120
15  81  63  72  23   0   7 0.00    M    M 12.2 23 200   M    M   6        29 200
16  82  63  73  24   0   8 0.00    M    M 12.5 23 190   M    M   3        30 200
17  79  65  72  23   0   7    T    M    M 12.7 24 180   M    M   4        30 210
18  78  65  72  22   0   7    T    M    M 14.4 25 180   M    M   4        32 200
19  76  55  66  16   0   1 3.06    M    M 12.8 35 160   M    M   6 13     47 170
20  59  55  57   7   8   0 1.05    M    M  5.6 12 170   M    M   9 1      16  60
21  58  47  53   3  12   0 0.77    M    M  5.2 17 250   M    M   8 1      32 150
22  62  45  54   3  11   0 0.23    M    M  9.9 29 160   M    M   6 1      37 150
23  59  43  51   0  14   0 0.06    M    M  6.4 14 210   M    M   6 1      18 260
24  72  44  58   7   7   0 0.00    M    M  5.7 18 290   M    M   0        23 300
25  78  46  62  10   3   0 0.00    M    M  1.9  8 350   M    M   0         9 310
26  82  52  67  15   0   2 0.00    M    M  7.1 17 170   M    M   0        23 180
27  81  62  72  20   0   7 0.00    M    M 11.5 25 190   M    M   0 8      32 200
28  81  59  70  17   0   5 0.00    M    M  8.5 16 200   M    M   4        22 220
29  80  57  69  16   0   4 0.00    M    M 10.3 21 200   M    M   0        26 210
30  79  61  70  17   0   5 0.00    M    M  8.4 23 200   M    M   2 18     28 200
31  83  58  71  17   0   6 0.00    M    M  6.3 13 200   M    M   1        15 200
================================================================================
SM 2213 1510       214  69  6.29    M    313.5          M       92
================================================================================
AV 71.4 48.7                              10.4 FASTST   M    M   3    MAX(MPH)
                                 MISC ---->  # 40 190               # 56  170
================================================================================
NOTES:
# LAST OF SEVERAL OCCURRENCES

COLUMN 17 PEAK WIND IN M.P.H.

PRELIMINARY LOCAL CLIMATOLOGICAL DATA (WS FORM: F-6) , PAGE 2

                                          STATION:  JOPLIN MO
                                          MONTH:    MARCH
                                          YEAR:     2012
                                          LATITUDE:   37 10 N
                                          LONGITUDE:  94 30 W

[TEMPERATURE DATA]      [PRECIPITATION DATA]       SYMBOLS USED IN COLUMN 16

AVERAGE MONTHLY: 60.0   TOTAL FOR MONTH:   6.29    1 = FOG OR MIST
DPTR FM NORMAL:  11.1   DPTR FM NORMAL:    2.87    2 = FOG REDUCING VISIBILITY
HIGHEST:    83 ON 31,13 GRTST 24HR  3.66 ON 19-20      TO 1/4 MILE OR LESS
LOWEST:     25 ON  9                               3 = THUNDER
                        SNOW, ICE PELLETS, HAIL    4 = ICE PELLETS
                        TOTAL MONTH:    M          5 = HAIL
                        GRTST 24HR    M  ON   M    6 = FREEZING RAIN OR DRIZZLE
                        GRTST DEPTH:  M  ON   M    7 = DUSTSTORM OR SANDSTORM:
                                                       VSBY 1/2 MILE OR LESS
                                                   8 = SMOKE OR HAZE
[NO. OF DAYS WITH]      [WEATHER - DAYS WITH]      9 = BLOWING SNOW
                                                   X = TORNADO
MAX 32 OR BELOW:   0    0.01 INCH OR MORE:   8
MAX 90 OR ABOVE:   0    0.10 INCH OR MORE:   6
MIN 32 OR BELOW:   7    0.50 INCH OR MORE:   4
MIN  0 OR BELOW:   0    1.00 INCH OR MORE:   2

[HDD (BASE 65) ]
TOTAL THIS MO.   214    CLEAR  (SCALE 0-3)  18
DPTR FM NORMAL  -294    PTCLDY (SCALE 4-7)  10
TOTAL FM JUL 1  3128    CLOUDY (SCALE 8-10)  3
DPTR FM NORMAL  -634

[CDD (BASE 65) ]
TOTAL THIS MO.    69
DPTR FM NORMAL    60    [PRESSURE DATA]
TOTAL FM JAN 1    69    HIGHEST SLP 30.58 ON  9
DPTR FM NORMAL    59    LOWEST  SLP 29.36 ON  2

[REMARKS]
#FINAL-03-12#
