000
CXUS53 KSGF 010810
CF6JLN
PRELIMINARY LOCAL CLIMATOLOGICAL DATA (WS FORM: F-6)
STATION: JOPLIN MO
MONTH: JANUARY
YEAR: 2022
LATITUDE: 37 10 N
LONGITUDE: 94 30 W
TEMPERATURE IN F: :PCPN: SNOW: WIND :SUNSHINE: SKY :PK WND
================================================================================
1 2 3 4 5 6A 6B 7 8 9 10 11 12 13 14 15 16 17 18
12Z AVG MX 2MIN
DY MAX MIN AVG DEP HDD CDD WTR SNW DPTH SPD SPD DIR MIN PSBL S-S WX SPD DR
================================================================================
1 57 13 35 0 30 0 0.40 M M 12.0 22 350 M M 10 168 27 360
2 24 12 18 -17 47 0 T M M 8.8 20 350 M M 4 18 25 340
3 46 15 31 -4 34 0 0.00 M M 7.4 14 190 M M 0 19 180
4 51 30 41 6 24 0 0.00 M M 19.3 33 210 M M 1 50 190
5 45 22 34 -1 31 0 0.00 M M 10.4 18 330 M M 1 25 330
6 23 11 17 -18 48 0 T M M 10.6 18 350 M M 7 1 26 10
7 36 11 24 -11 41 0 0.00 M M 6.7 13 140 M M 1 20 130
8 53 31 42 7 23 0 0.07 M M 11.9 23 190 M M 10 1 35 190
9 48 20 34 -1 31 0 0.04 M M 11.4 22 30 M M 4 1 31 10
10 47 16 32 -3 33 0 0.00 M M 5.0 16 240 M M 0 21 250
11 57 29 43 9 22 0 0.00 M M 13.9 26 210 M M 0 33 220
12 54 38 46 12 19 0 0.00 M M 10.9 22 210 M M 2 29 220
13 62 33 48 14 17 0 0.00 M M 7.4 18 350 M M 0 24 320
14 56 33 45 11 20 0 0.01 M M 6.2 21 310 M M 6 31 310
15 45 24 35 1 30 0 0.15 M M 14.2 24 10 M M 10 1 34 360
16 28 21 25 -9 40 0 0.00 M M 6.9 15 250 M M 9 18 20 250
17 47 24 36 1 29 0 0.00 M M 5.4 15 190 M M 0 1 21 190
18 61 40 51 16 14 0 0.00 M M 12.1 22 220 M M 1 32 210
19 46 16 31 -4 34 0 0.00 M M 17.2 28 10 M M 6 41 20
20 23 9 16 -19 49 0 0.00 M M 10.5 17 20 M M 1 29 10
21 32 6 19 -16 46 0 0.00 M M 2.7 9 110 M M 0 13 110
22 46 18 32 -3 33 0 0.00 M M 7.5 15 230 M M 0 19 230
23 53 33 43 8 22 0 0.00 M M 10.8 18 230 M M 0 28 330
24 61 33 47 12 18 0 0.00 M M 12.9 26 10 M M 2 36 30
25 32 17 25 -10 40 0 0.00 M M 10.9 18 40 M M 2 24 10
26 32 14 23 -12 42 0 0.00 M M 4.2 14 40 M M 7 19 30
27 45 26 36 1 29 0 T M M 7.2 15 290 M M 6 21 270
28 36 20 28 -8 37 0 0.00 M M 6.1 20 10 M M 4 24 10
29 58 20 39 3 26 0 0.00 M M 10.8 24 220 M M 0 32 220
30 53 26 40 4 25 0 0.00 M M 2.7 8 130 M M 1 13 360
31 68 30 49 13 16 0 0.00 M M 10.9 23 190 M M 1 31 190
================================================================================
SM 1425 691 950 0 0.67 M 294.9 M 96
================================================================================
AV 46.0 22.3 9.5 FASTST M M 3 MAX(MPH)
MISC ----> 33 210 50 190
================================================================================
NOTES:
# LAST OF SEVERAL OCCURRENCES
COLUMN 17 PEAK WIND IN M.P.H.
PRELIMINARY LOCAL CLIMATOLOGICAL DATA (WS FORM: F-6) , PAGE 2
STATION: JOPLIN MO
MONTH: JANUARY
YEAR: 2022
LATITUDE: 37 10 N
LONGITUDE: 94 30 W
[TEMPERATURE DATA] [PRECIPITATION DATA] SYMBOLS USED IN COLUMN 16
AVERAGE MONTHLY: 34.1 TOTAL FOR MONTH: 0.67 1 = FOG OR MIST
DPTR FM NORMAL: -0.8 DPTR FM NORMAL: -1.25 2 = FOG REDUCING VISIBILITY
HIGHEST: 68 ON 31 GRTST 24HR 1.28 ON 1- 1 TO 1/4 MILE OR LESS
LOWEST: 6 ON 21 3 = THUNDER
SNOW, ICE PELLETS, HAIL 4 = ICE PELLETS
TOTAL MONTH: M 5 = HAIL
GRTST 24HR M ON M 6 = FREEZING RAIN OR DRIZZLE
GRTST DEPTH: M ON M 7 = DUSTSTORM OR SANDSTORM:
VSBY 1/2 MILE OR LESS
8 = SMOKE OR HAZE
[NO. OF DAYS WITH] [WEATHER - DAYS WITH] 9 = BLOWING SNOW
X = TORNADO
MAX 32 OR BELOW: 7 0.01 INCH OR MORE: 5
MAX 90 OR ABOVE: 0 0.10 INCH OR MORE: 2
MIN 32 OR BELOW: 25 0.50 INCH OR MORE: 0
MIN 0 OR BELOW: 0 1.00 INCH OR MORE: 0
[HDD (BASE 65) ]
TOTAL THIS MO. 950 CLEAR (SCALE 0-3) 19
DPTR FM NORMAL 17 PTCLDY (SCALE 4-7) 8
TOTAL FM JUL 1 2032 CLOUDY (SCALE 8-10) 4
DPTR FM NORMAL -513
[CDD (BASE 65) ]
TOTAL THIS MO. 0
DPTR FM NORMAL 0 [PRESSURE DATA]
TOTAL FM JAN 1 0 HIGHEST SLP M ON M
DPTR FM NORMAL 0 LOWEST SLP 29.59 ON 1
[REMARKS]
#FINAL-01-22#