000
CXUS53 KSGF 032152
CF6JLN
PRELIMINARY LOCAL CLIMATOLOGICAL DATA (WS FORM: F-6)

                                          STATION:   JOPLIN MO
                                          MONTH:     MAY
                                          YEAR:      2012
                                          LATITUDE:   37 10 N
                                          LONGITUDE:  94 30 W

  TEMPERATURE IN F:       :PCPN:    SNOW:  WIND      :SUNSHINE: SKY     :PK WND
================================================================================
1   2   3   4   5  6A  6B    7    8   9   10  11  12  13   14  15   16   17  18
                                     12Z  AVG MX 2MIN
DY MAX MIN AVG DEP HDD CDD  WTR  SNW DPTH SPD SPD DIR MIN PSBL S-S WX    SPD DR
================================================================================

 1  81  59  70   7   0   5 1.08    M    M 14.9 29 310   M    M   3 13     39 310
 2  84  70  77  14   0  12 0.00    M    M 17.5 28 180   M    M   1        36 180
 3  85  67  76  12   0  11 0.00    M    M 13.3 25 200   M    M   2        33 210
 4  84  70  77  13   0  12    T    M    M 11.5 22 160   M    M   1        28 150
 5  86  68  77  13   0  12 0.00    M    M  9.1 21 170   M    M   0        25 160
 6  87  67  77  13   0  12 0.00    M    M 10.2 24 360   M    M   2 3      32 360
 7  73  55  64  -1   1   0 0.49    M    M  7.4 17 360   M    M   7 13     24 310
 8  73  52  63  -2   2   0 0.00    M    M  3.9 13 340   M    M   2        16  50
 9  72  48  60  -5   5   0 0.00    M    M  3.7 14 320   M    M   0        18 300
10  79  49  64  -1   1   0 0.00    M    M  5.0 10 150   M    M   0        16 130
11  75  56  66   0   0   1 0.00    M    M  6.7 15 140   M    M   1        20 140
12  76  57  67   1   0   2 0.00    M    M  3.9 15 360   M    M   7        21  20
13  77  53  65  -1   0   0 0.00    M    M  5.6 15 350   M    M   2        20 350
14  76  51  64  -2   1   0 0.00    M    M  2.6 13  30   M    M   1 1      17  20
15  80  50  65  -2   0   0 0.00    M    M  2.6 10 260   M    M   0        15 260
16  82  52  67   0   0   2 0.00    M    M  4.9 10 360   M    M   0        18 350
17  86  54  70   3   0   5 0.00    M    M  5.7 14 150   M    M   0        18 140
18  86  61  74   7   0   9 0.00    M    M 11.1 21 200   M    M   0        26 160
19  85  65  75   7   0  10 0.00    M    M 12.3 26 170   M    M   0        43 160
20  82  63  73   5   0   8 0.01    M    M  7.2 15 210   M    M   2 3      20 170
21  76  52  64  -4   1   0 0.00    M    M  6.2 16 340   M    M   0        28  40
22  81  45  63  -5   2   0 0.00    M    M  4.5 12 190   M    M   0        16 160
23  89  58  74   5   0   9 0.00    M    M 13.0 24 160   M    M   0        32 170
24  83  72  78   9   0  13 0.00    M    M 14.4 26 180   M    M   4        33 180
25  89  70  80  11   0  15 0.00    M    M 10.2 24 150   M    M   1 8      31 140
26  92  70  81  11   0  16 0.00    M    M 10.9 21 180   M    M   0        28 200
27  92  70  81  11   0  16 0.00    M    M 14.1 28 200   M    M   0        35 190
28  91  73  82  12   0  17 0.01    M    M 13.8 26 210   M    M   2 13     35 220
29  92  63  78   8   0  13 1.07    M    M  4.5 36 260   M    M   2 13     54 260
30  87  62  75   4   0  10 0.48    M    M  9.1 30 250   M    M   1 13     40 260
31  71  50  61 -10   4   0 1.00    M    M 11.7 24 350   M    M   5 13     32 350
================================================================================
SM 2552 1852        17 210  4.14    M    271.5          M       46
================================================================================
AV 82.3 59.7                               8.8 FASTST   M    M   1    MAX(MPH)
                                 MISC ---->  # 36 260               # 54  260
================================================================================
NOTES:
# LAST OF SEVERAL OCCURRENCES

COLUMN 17 PEAK WIND IN M.P.H.

PRELIMINARY LOCAL CLIMATOLOGICAL DATA (WS FORM: F-6) , PAGE 2

                                          STATION:  JOPLIN MO
                                          MONTH:    MAY
                                          YEAR:     2012
                                          LATITUDE:   37 10 N
                                          LONGITUDE:  94 30 W

[TEMPERATURE DATA]      [PRECIPITATION DATA]       SYMBOLS USED IN COLUMN 16

AVERAGE MONTHLY: 71.0   TOTAL FOR MONTH:   4.14    1 = FOG OR MIST
DPTR FM NORMAL:   4.0   DPTR FM NORMAL:   -1.57    2 = FOG REDUCING VISIBILITY
HIGHEST:    92 ON 29,27 GRTST 24HR  1.89 ON 30- 1      TO 1/4 MILE OR LESS
LOWEST:     45 ON 22                               3 = THUNDER
                        SNOW, ICE PELLETS, HAIL    4 = ICE PELLETS
                        TOTAL MONTH:    M          5 = HAIL
                        GRTST 24HR    M  ON   M    6 = FREEZING RAIN OR DRIZZLE
                        GRTST DEPTH:  M  ON   M    7 = DUSTSTORM OR SANDSTORM:
                                                       VSBY 1/2 MILE OR LESS
                                                   8 = SMOKE OR HAZE
[NO. OF DAYS WITH]      [WEATHER - DAYS WITH]      9 = BLOWING SNOW
                                                   X = TORNADO
MAX 32 OR BELOW:   0    0.01 INCH OR MORE:   7
MAX 90 OR ABOVE:   4    0.10 INCH OR MORE:   5
MIN 32 OR BELOW:   0    0.50 INCH OR MORE:   3
MIN  0 OR BELOW:   0    1.00 INCH OR MORE:   3

[HDD (BASE 65) ]
TOTAL THIS MO.    17    CLEAR  (SCALE 0-3)  26
DPTR FM NORMAL   -49    PTCLDY (SCALE 4-7)   5
TOTAL FM JUL 1  3295    CLOUDY (SCALE 8-10)  0
DPTR FM NORMAL  -774

[CDD (BASE 65) ]
TOTAL THIS MO.   210
DPTR FM NORMAL    84    [PRESSURE DATA]
TOTAL FM JAN 1   346    HIGHEST SLP 30.24 ON 21
DPTR FM NORMAL   166    LOWEST  SLP 29.47 ON 24

[REMARKS]
#FINAL-05-12#
