000
CXUS53 KSGF 032151
CF6JLN
PRELIMINARY LOCAL CLIMATOLOGICAL DATA (WS FORM: F-6)

                                          STATION:   JOPLIN MO
                                          MONTH:     JANUARY
                                          YEAR:      2012
                                          LATITUDE:   37 10 N
                                          LONGITUDE:  94 30 W

  TEMPERATURE IN F:       :PCPN:    SNOW:  WIND      :SUNSHINE: SKY     :PK WND
================================================================================
1   2   3   4   5  6A  6B    7    8   9   10  11  12  13   14  15   16   17  18
                                     12Z  AVG MX 2MIN
DY MAX MIN AVG DEP HDD CDD  WTR  SNW DPTH SPD SPD DIR MIN PSBL S-S WX    SPD DR
================================================================================

 1  50  31  41   6  24   0 0.00    M    M 13.4 32 310   M    M   1        43 320
 2  39  19  29  -6  36   0 0.00    M    M  9.0 23 310   M    M   0        28 310
 3  51  16  34  -1  31   0 0.00    M    M 12.3 24 200   M    M   0        31 200
 4  54  32  43   8  22   0 0.00    M    M  7.5 17 300   M    M   0        28 250
 5  63  32  48  13  17   0 0.00    M    M 12.0 22 210   M    M   0        32 180
 6  67  41  54  19  11   0 0.00    M    M 13.5 25 200   M    M   0        37 180
 7  53  34  44   9  21   0 0.00    M    M  8.3 17  60   M    M   1        23  50
 8  51  27  39   4  26   0 0.00    M    M  7.9 14  50   M    M   7        44 220
 9  51  22  37   3  28   0 0.00    M    M  3.1 13 350   M    M   0 1     125 150
10  55  22  39   5  26   0 0.00    M    M  2.9  9  90   M    M   2        20 100
11  58  24  41   7  24   0 0.01    M    M 11.2 28 330   M    M   3 18     41 330
12  24  19  22 -12  43   0    T    M    M 15.3 26 310   M    M   9 1      33 300
13  34  13  24 -11  41   0 0.00    M    M  7.4 14 220   M    M   1        17 220
14  48  26  37   2  28   0 0.00    M    M 11.5 24 310   M    M   0        31 300
15  62  28  45  10  20   0 0.00    M    M 16.6 30 190   M    M   0        39 190
16  69  53  61  26   4   0    T    M    M 23.8 36 210   M    M   1        46 210
17  64  19  42   7  23   0    T    M    M   M   M   M   M    M   3         M  M
18  39  12  26  -9  39   0 0.00    M    M  7.8 21 220   M    M   0        24 220
19  49  24  37   2  28   0 0.00    M    M  7.7 17 350   M    M   0        22 350
20  44  24  34  -1  31   0 0.00    M    M  9.8 21 350   M    M   6 18     26 360
21  39  14  27  -8  38   0 0.00    M    M  7.7 17 350   M    M   2 8      22 360
22  61  35  48  13  17   0 0.00    M    M 18.5 37 240   M    M   7        46 270
23  53  28  41   6  24   0 0.00    M    M 11.3 28 280   M    M   2        38 280
24  64  25  45  10  20   0 0.00    M    M  8.6 16 120   M    M   0        22 130
25  49  39  44   9  21   0 0.15    M    M  6.5 14 120   M    M  10 1      22 130
26  56  33  45   9  20   0 0.00    M    M  8.7 26 320   M    M   5 128    32 330
27  50  25  38   2  27   0    T    M    M  6.8 23 330   M    M   6        30 320
28  47  21  34  -2  31   0 0.00    M    M  8.3 18 240   M    M   0        24 240
29  56  33  45   9  20   0 0.00    M    M   M  21 240   M    M   0         M  M
30  66  43  55  19  10   0 0.00    M    M   M  26 190   M    M   0         M  M
31  65  49  57  21   8   0 0.00    M    M   M   M   M   M    M   7         M  M
================================================================================
SM 1631  863       759   0  0.16    M    277.4          M       73
================================================================================
AV 52.6 27.8                              10.3 FASTST   M    M   2    MAX(MPH)
                                 MISC ---->  # 37 240               #125  150
================================================================================
NOTES:
# LAST OF SEVERAL OCCURRENCES

COLUMN 17 PEAK WIND IN M.P.H.

PRELIMINARY LOCAL CLIMATOLOGICAL DATA (WS FORM: F-6) , PAGE 2

                                          STATION:  JOPLIN MO
                                          MONTH:    JANUARY
                                          YEAR:     2012
                                          LATITUDE:   37 10 N
                                          LONGITUDE:  94 30 W

[TEMPERATURE DATA]      [PRECIPITATION DATA]       SYMBOLS USED IN COLUMN 16

AVERAGE MONTHLY: 40.2   TOTAL FOR MONTH:   0.16    1 = FOG OR MIST
DPTR FM NORMAL:   5.3   DPTR FM NORMAL:   -1.87    2 = FOG REDUCING VISIBILITY
HIGHEST:    69 ON 16    GRTST 24HR  0.15 ON 25-25      TO 1/4 MILE OR LESS
LOWEST:     12 ON 18                               3 = THUNDER
                        SNOW, ICE PELLETS, HAIL    4 = ICE PELLETS
                        TOTAL MONTH:    M          5 = HAIL
                        GRTST 24HR    M  ON   M    6 = FREEZING RAIN OR DRIZZLE
                        GRTST DEPTH:  M  ON   M    7 = DUSTSTORM OR SANDSTORM:
                                                       VSBY 1/2 MILE OR LESS
                                                   8 = SMOKE OR HAZE
[NO. OF DAYS WITH]      [WEATHER - DAYS WITH]      9 = BLOWING SNOW
                                                   X = TORNADO
MAX 32 OR BELOW:   1    0.01 INCH OR MORE:   2
MAX 90 OR ABOVE:   0    0.10 INCH OR MORE:   1
MIN 32 OR BELOW:  22    0.50 INCH OR MORE:   0
MIN  0 OR BELOW:   0    1.00 INCH OR MORE:   0

[HDD (BASE 65) ]
TOTAL THIS MO.   759    CLEAR  (SCALE 0-3)  23
DPTR FM NORMAL  -173    PTCLDY (SCALE 4-7)   6
TOTAL FM JUL 1  2275    CLOUDY (SCALE 8-10)  2
DPTR FM NORMAL  -274

[CDD (BASE 65) ]
TOTAL THIS MO.     0
DPTR FM NORMAL     0    [PRESSURE DATA]
TOTAL FM JAN 1     0    HIGHEST SLP 30.72 ON  2
DPTR FM NORMAL     0    LOWEST  SLP 29.40 ON 22

[REMARKS]
#FINAL-01-12#
