000
CXUS53 KSGF 032152
CF6JLN
PRELIMINARY LOCAL CLIMATOLOGICAL DATA (WS FORM: F-6)

                                          STATION:   JOPLIN MO
                                          MONTH:     APRIL
                                          YEAR:      2012
                                          LATITUDE:   37 10 N
                                          LONGITUDE:  94 30 W

  TEMPERATURE IN F:       :PCPN:    SNOW:  WIND      :SUNSHINE: SKY     :PK WND
================================================================================
1   2   3   4   5  6A  6B    7    8   9   10  11  12  13   14  15   16   17  18
                                     12Z  AVG MX 2MIN
DY MAX MIN AVG DEP HDD CDD  WTR  SNW DPTH SPD SPD DIR MIN PSBL S-S WX    SPD DR
================================================================================

 1  88  61  75  21   0  10 0.00    M    M 14.2 25 190   M    M   1 18     32 190
 2  85  65  75  21   0  10 0.00    M    M 13.6 28 210   M    M   0        35 210
 3  78  60  69  15   0   4 0.02    M    M  5.3 15  90   M    M   3        30 150
 4  73  53  63   8   2   0 0.00    M    M  7.2 20 230   M    M   4 1      25 220
 5  59  49  54  -1  11   0 0.00    M    M  5.8 15 350   M    M   7 18     31 120
 6  69  43  56   0   9   0 0.00    M    M  7.1 13 100   M    M   1 1      17 100
 7  59  51  55  -1  10   0 0.42    M    M  7.4 24 150   M    M   2 13     29 140
 8  69  44  57   1   8   0 0.00    M    M  3.7 13  60   M    M   2 12     21 120
 9  74  45  60   4   5   0 0.04    M    M   M   M   M   M    M   3 123     M  M
10  68  51  60   3   5   0 0.14    M    M  6.8 15  60   M    M   5 13     20  30
11  63  47  55  -2  10   0    T    M    M  7.0 15  70   M    M   6        21  50
12  67  49  58   1   7   0 0.00    M    M  9.7 17 120   M    M   7        22 130
13  71  52  62   4   3   0 0.81    M    M  9.9 25 190   M    M   9 1358   32 200
14  77  60  69  11   0   4 0.80    M    M 17.4 33 170   M    M   6 13     43 170
15  72  54  63   5   2   0 1.05    M    M 17.6 31 180   M    M   5 13     43 190
16  66  47  57  -2   8   0 0.00    M    M  5.9 24 280   M    M   0        30 280
17  71  43  57  -2   8   0 0.00    M    M  5.7 13 130   M    M   0        16 150
18  75  49  62   3   3   0 0.00    M    M 11.2 17 170   M    M   0        25 170
19  78  55  67   7   0   2 0.09    M    M 14.3 28 190   M    M   2 13     38 170
20  62  39  51  -9  14   0 0.25    M    M  9.7 21 360   M    M   7 13     26  10
21  65  35  50 -10  15   0 0.00    M    M  3.2 10 310   M    M   0 12     14 320
22  62  42  52  -8  13   0 0.00    M    M  9.6 25 340   M    M   3        31 330
23  65  36  51 -10  14   0 0.00    M    M  4.1 16 280   M    M   1 1      20 290
24  79  44  62   1   3   0    T    M    M 15.3 26 210   M    M   0 3      32 210
25  84  66  75  14   0  10 0.01    M    M 15.1 29 210   M    M   0 3      40 200
26  84  60  72  10   0   7 0.00    M    M  6.6 13  80   M    M   0 12     20  90
27  81  63  72  10   0   7 0.00    M    M 17.3 28 180   M    M   2        40 130
28  78  65  72  10   0   7 0.00    M    M  8.3 23 190   M    M   6        29 190
29  78  58  68   6   0   3 1.26    M    M  9.4 23 320   M    M   7 135    31 310
30  76  60  68   5   0   3 1.37    M    M  5.3 26 340   M    M   5 13     32 340
================================================================================
SM 2176 1546       150  67  6.26    M    273.7          M       94
================================================================================
AV 72.5 51.5                               9.4 FASTST   M    M   3    MAX(MPH)
                                 MISC ---->  # 33 170               # 43  170
================================================================================
NOTES:
# LAST OF SEVERAL OCCURRENCES

COLUMN 17 PEAK WIND IN M.P.H.

PRELIMINARY LOCAL CLIMATOLOGICAL DATA (WS FORM: F-6) , PAGE 2

                                          STATION:  JOPLIN MO
                                          MONTH:    APRIL
                                          YEAR:     2012
                                          LATITUDE:   37 10 N
                                          LONGITUDE:  94 30 W

[TEMPERATURE DATA]      [PRECIPITATION DATA]       SYMBOLS USED IN COLUMN 16

AVERAGE MONTHLY: 62.0   TOTAL FOR MONTH:   6.26    1 = FOG OR MIST
DPTR FM NORMAL:   3.6   DPTR FM NORMAL:    1.79    2 = FOG REDUCING VISIBILITY
HIGHEST:    88 ON  1    GRTST 24HR  2.26 ON 29-30      TO 1/4 MILE OR LESS
LOWEST:     35 ON 21                               3 = THUNDER
                        SNOW, ICE PELLETS, HAIL    4 = ICE PELLETS
                        TOTAL MONTH:    M          5 = HAIL
                        GRTST 24HR    M  ON   M    6 = FREEZING RAIN OR DRIZZLE
                        GRTST DEPTH:  M  ON   M    7 = DUSTSTORM OR SANDSTORM:
                                                       VSBY 1/2 MILE OR LESS
                                                   8 = SMOKE OR HAZE
[NO. OF DAYS WITH]      [WEATHER - DAYS WITH]      9 = BLOWING SNOW
                                                   X = TORNADO
MAX 32 OR BELOW:   0    0.01 INCH OR MORE:  12
MAX 90 OR ABOVE:   0    0.10 INCH OR MORE:   8
MIN 32 OR BELOW:   0    0.50 INCH OR MORE:   5
MIN  0 OR BELOW:   0    1.00 INCH OR MORE:   3

[HDD (BASE 65) ]
TOTAL THIS MO.   150    CLEAR  (SCALE 0-3)  18
DPTR FM NORMAL   -91    PTCLDY (SCALE 4-7)  11
TOTAL FM JUL 1  3278    CLOUDY (SCALE 8-10)  1
DPTR FM NORMAL  -725

[CDD (BASE 65) ]
TOTAL THIS MO.    67
DPTR FM NORMAL    23    [PRESSURE DATA]
TOTAL FM JAN 1   136    HIGHEST SLP 30.39 ON  8
DPTR FM NORMAL    82    LOWEST  SLP 29.54 ON  1

[REMARKS]
#FINAL-04-12#
