000
CXUS53 KSGF 010800
CF6JLN
PRELIMINARY LOCAL CLIMATOLOGICAL DATA (WS FORM: F-6)

                                          STATION:   JOPLIN MO
                                          MONTH:     OCTOBER
                                          YEAR:      2016
                                          LATITUDE:   37 10 N
                                          LONGITUDE:  94 30 W

  TEMPERATURE IN F:       :PCPN:    SNOW:  WIND      :SUNSHINE: SKY     :PK WND
================================================================================
1   2   3   4   5  6A  6B    7    8   9   10  11  12  13   14  15   16   17  18
                                     12Z  AVG MX 2MIN
DY MAX MIN AVG DEP HDD CDD  WTR  SNW DPTH SPD SPD DIR MIN PSBL S-S WX    SPD DR
================================================================================

 1  76  48  62  -2   3   0 0.00    M    0  2.0 10 330   M    M   0 1      18 280
 2  81  51  66   2   0   1 0.00    M    0  3.7  9  20   M    M   0        15 200
 3  82  58  70   6   0   5 0.00  0.0    0  8.0 15 160   M    M   2        18 180
 4  83  61  72   9   0   7    T  0.0    0 14.1 28 300   M    M   0 3      36 310
 5  81  58  70   7   0   5 0.96  0.0    0  8.9 25 290   M    M   6 13     33 290
 6  83  62  73  10   0   8 1.63    M    M 10.8 36 310   M    M   4 13     46 300
 7  62  44  53  -9  12   0 0.45    M    M  7.9 20 320   M    M   6 13     24 350
 8  72  40  56  -6   9   0 0.00    M    M  1.2 10  90   M    M   0 1      14  90
 9  73  47  60  -2   5   0 0.00    M    M  4.1 12 230   M    M   0        16 210
10  76  55  66   4   0   1 0.00    M    M  8.4 18 160   M    M   2        23 160
11  81  56  69   8   0   4 0.00    M    M 12.4 24 190   M    M   2        30 180
12  71  47  59  -2   6   0 0.98    M    M 10.7 24 170   M    M   7 13     30  20
13  56  45  51 -10  14   0 0.00    M    M  7.6 15  50   M    M   8        24 200
14  71  55  63   3   2   0 0.06    M    M  9.1 17 180   M    M  10 1      22 190
15  80  64  72  12   0   7 0.00    M    M 14.8 29 180   M    M   6        36 200
16  87  68  78  18   0  13 0.00    M    M 17.7 29 200   M    M   0        35 200
17  87  73  80  20   0  15 0.00    M    M 22.7 35 190   M    M   0        44 200
18  82  65  74  15   0   9 0.00  0.0    0  8.7 24 190   M    M   2 8      33 190
19  78  60  69  10   0   4 0.96    M    M  5.9 15  40   M    M   8 13     22  40
20  63  43  53  -6  12   0 0.00    M    M  9.7 26 360   M    M   2        34 350
21  64  38  51  -7  14   0 0.00    M    M  1.4 10 270   M    M   0 1      13 270
22  75  45  60   2   5   0 0.00    M    M 10.1 20 190   M    M   0        26 200
23  79  53  66   8   0   1 0.00    M    M 11.0 23 190   M    M   0        30 200
24  77  50  64   6   1   0 0.00    M    M  2.2  9 150   M    M   0        14 160
25  78  60  69  12   0   4 0.00    M    M  9.3 16 170   M    M   1        30 180
26  72  60  66   9   0   1 0.21    M    M 10.8 28 190   M    M   4 13     34 190
27  75  58  67  10   0   2 0.00    M    M  2.1  9 160   M    M   6 128    12 150
28  82  60  71  15   0   6 0.00    M    M 14.4 24 200   M    M   0        32 200
29  82  65  74  18   0   9 0.00    M    M 15.9 25 190   M    M   0        32 200
30  68  58  63   7   2   0 0.00    M    M  8.0 16 200   M    M   6 1      22 200
31  83  57  70  15   0   5 0.00  0.0    0 12.1 28 210   M    M   4 1      33 200
================================================================================
SM 2360 1704        85 107  5.25     0.0 285.7          M       86
================================================================================
AV 76.1 55.0                               9.2 FASTST   M    M   3    MAX(MPH)
                                 MISC ---->  # 36 310               # 46  300
================================================================================
NOTES:
# LAST OF SEVERAL OCCURRENCES

COLUMN 17 PEAK WIND IN M.P.H.

PRELIMINARY LOCAL CLIMATOLOGICAL DATA (WS FORM: F-6) , PAGE 2

                                          STATION:  JOPLIN MO
                                          MONTH:    OCTOBER
                                          YEAR:     2016
                                          LATITUDE:   37 10 N
                                          LONGITUDE:  94 30 W

[TEMPERATURE DATA]      [PRECIPITATION DATA]       SYMBOLS USED IN COLUMN 16

AVERAGE MONTHLY: 65.5   TOTAL FOR MONTH:   5.25    1 = FOG OR MIST
DPTR FM NORMAL:   5.7   DPTR FM NORMAL:    1.22    2 = FOG REDUCING VISIBILITY
HIGHEST:    87 ON 17,16 GRTST 24HR  2.08 ON  6- 7      TO 1/4 MILE OR LESS
LOWEST:     38 ON 21                               3 = THUNDER
                        SNOW, ICE PELLETS, HAIL    4 = ICE PELLETS
                        TOTAL MONTH:   0.0 INCH    5 = HAIL
                        GRTST 24HR     0.0         6 = FREEZING RAIN OR DRIZZLE
                        GRTST DEPTH:   0           7 = DUSTSTORM OR SANDSTORM:
                                                       VSBY 1/2 MILE OR LESS
                                                   8 = SMOKE OR HAZE
[NO. OF DAYS WITH]      [WEATHER - DAYS WITH]      9 = BLOWING SNOW
                                                   X = TORNADO
MAX 32 OR BELOW:   0    0.01 INCH OR MORE:   7
MAX 90 OR ABOVE:   0    0.10 INCH OR MORE:   6
MIN 32 OR BELOW:   0    0.50 INCH OR MORE:   4
MIN  0 OR BELOW:   0    1.00 INCH OR MORE:   1

[HDD (BASE 65) ]
TOTAL THIS MO.    85    CLEAR  (SCALE 0-3)  19
DPTR FM NORMAL  -125    PTCLDY (SCALE 4-7)  10
TOTAL FM JUL 1   102    CLOUDY (SCALE 8-10)  2
DPTR FM NORMAL  -150

[CDD (BASE 65) ]
TOTAL THIS MO.   107
DPTR FM NORMAL    58    [PRESSURE DATA]
TOTAL FM JAN 1  1851    HIGHEST SLP M ON M
DPTR FM NORMAL   160    LOWEST  SLP 29.55 ON 17

[REMARKS]
#FINAL-10-16#
