000
CXUS53 KSGF 010800
CF6JLN
PRELIMINARY LOCAL CLIMATOLOGICAL DATA (WS FORM: F-6)

                                          STATION:   JOPLIN MO
                                          MONTH:     MARCH
                                          YEAR:      2016
                                          LATITUDE:   37 10 N
                                          LONGITUDE:  94 30 W

  TEMPERATURE IN F:       :PCPN:    SNOW:  WIND      :SUNSHINE: SKY     :PK WND
================================================================================
1   2   3   4   5  6A  6B    7    8   9   10  11  12  13   14  15   16   17  18
                                     12Z  AVG MX 2MIN
DY MAX MIN AVG DEP HDD CDD  WTR  SNW DPTH SPD SPD DIR MIN PSBL S-S WX    SPD DR
================================================================================

 1  62  31  47   3  18   0    T    M    M 11.1  M   M   M    M   3        29 310
 2  65  29  47   3  18   0 0.00    M    M 11.8 30 170   M    M   1        36 200
 3  58  39  49   4  16   0    T    M    M  9.4 22 320   M    M   3        28 330
 4  68  30  49   4  16   0 0.00    M    M  6.3 17 180   M    M   0        21 180
 5  68  35  52   6  13   0 0.00    M    M  4.6 14  30   M    M   0 8      23 230
 6  74  49  62  16   3   0 0.00    M    M 18.3 32 170   M    M   2         M  M
 7  70  61  66  20   0   1 0.06    M    M 21.6 41 170   M    M   6 1      53 180
 8  70  52  61  15   4   0 0.66    M    M 12.6 31 170   M    M   5 13     40 180
 9  64  50  57  10   8   0 0.02    M    M  5.5 13  40   M    M   9 12     17 360
10  62  45  54   7  11   0    T    M    M  7.8 20  60   M    M   5 1      24  50
11  63  45  54   7  11   0 0.10    M    M  9.4 20 110   M    M   7 1      23 110
12  64  50  57   9   8   0 0.21    M    M  3.8  M   M   M    M   9 12      M  M
13  69  49  59  11   6   0 0.25    M    M  4.9 13 310   M    M   8 123    23 140
14  78  46  62  14   3   0 0.00    M    M  7.2 15 150   M    M   1 12     20 140
15  72  51  62  13   3   0 0.00    M    M 15.0 31 310   M    M   3        39 320
16  63  37  50   1  15   0 0.00    M    M   M   M   M   M    M   2         M  M
17  66  41  54   5  11   0 0.00    M    M  4.6 12  30   M    M   3        20 310
18  53  36  45  -5  20   0    T    M    M 11.8 23 360   M    M   8        32 360
19  50  29  40 -10  25   0 0.00    M    M  9.0 25 320   M    M   5 1      32 290
20  49  28  39 -11  26   0 0.00    M    M  8.5 18 340   M    M   6        25 340
21  64  28  46  -4  19   0 0.00    M    M 15.2 28 190   M    M   0        34 190
22  75  51  63  12   2   0 0.00    M    M 25.4 36 190   M    M   0         M 170
23  78  55  67  16   0   2 0.11    M    M 23.8 39 190   M    M   3 38     48 160
24  55  31  43  -8  22   0 0.00    M    M 13.3 26 270   M    M   6 8      36 260
25  62  27  45  -7  20   0 0.00    M    M  6.2 15 120   M    M   0 1      24  50
26  71  41  56   4   9   0    T    M    M  8.7 20 220   M    M   2        28 300
27  53  34  44  -8  21   0 0.16    M    M  8.5 22 350   M    M   6 1      28 310
28  66  32  49  -4  16   0 0.00    M    M  6.0 16 120   M    M   0 1      19 130
29  71  43  57   4   8   0 0.00    M    M 12.7 23 120   M    M   0        33 120
30  73  57  65  12   0   0 1.00    M    M 14.9 29 220   M    M   6 138    39 220
31  64  46  55   1  10   0 0.00    M    M 11.5 23 320   M    M   5 1      28 340
================================================================================
SM 2020 1278       362   3  2.57    M    329.4          M      114
================================================================================
AV 65.2 41.2                              11.0 FASTST   M    M   4    MAX(MPH)
                                 MISC ---->  # 41 170               # 53  180
================================================================================
NOTES:
# LAST OF SEVERAL OCCURRENCES

COLUMN 17 PEAK WIND IN M.P.H.

PRELIMINARY LOCAL CLIMATOLOGICAL DATA (WS FORM: F-6) , PAGE 2

                                          STATION:  JOPLIN MO
                                          MONTH:    MARCH
                                          YEAR:     2016
                                          LATITUDE:   37 10 N
                                          LONGITUDE:  94 30 W

[TEMPERATURE DATA]      [PRECIPITATION DATA]       SYMBOLS USED IN COLUMN 16

AVERAGE MONTHLY: 53.2   TOTAL FOR MONTH:   2.57    1 = FOG OR MIST
DPTR FM NORMAL:   4.3   DPTR FM NORMAL:   -0.85    2 = FOG REDUCING VISIBILITY
HIGHEST:    78 ON 23,14 GRTST 24HR  1.00 ON 30-30      TO 1/4 MILE OR LESS
LOWEST:     27 ON 25                               3 = THUNDER
                        SNOW, ICE PELLETS, HAIL    4 = ICE PELLETS
                        TOTAL MONTH:    M          5 = HAIL
                        GRTST 24HR    M  ON   M    6 = FREEZING RAIN OR DRIZZLE
                        GRTST DEPTH:  M  ON   M    7 = DUSTSTORM OR SANDSTORM:
                                                       VSBY 1/2 MILE OR LESS
                                                   8 = SMOKE OR HAZE
[NO. OF DAYS WITH]      [WEATHER - DAYS WITH]      9 = BLOWING SNOW
                                                   X = TORNADO
MAX 32 OR BELOW:   0    0.01 INCH OR MORE:   9
MAX 90 OR ABOVE:   0    0.10 INCH OR MORE:   7
MIN 32 OR BELOW:   9    0.50 INCH OR MORE:   2
MIN  0 OR BELOW:   0    1.00 INCH OR MORE:   1

[HDD (BASE 65) ]
TOTAL THIS MO.   362    CLEAR  (SCALE 0-3)  15
DPTR FM NORMAL  -146    PTCLDY (SCALE 4-7)  14
TOTAL FM JUL 1  3112    CLOUDY (SCALE 8-10)  2
DPTR FM NORMAL  -650

[CDD (BASE 65) ]
TOTAL THIS MO.     3
DPTR FM NORMAL    -6    [PRESSURE DATA]
TOTAL FM JAN 1     4    HIGHEST SLP M ON M
DPTR FM NORMAL    -6    LOWEST  SLP 29.45 ON 31

[REMARKS]
#FINAL-03-16#
