000
CXUS53 KSGF 010800
CF6JLN
PRELIMINARY LOCAL CLIMATOLOGICAL DATA (WS FORM: F-6)

                                          STATION:   JOPLIN MO
                                          MONTH:     MAY
                                          YEAR:      2014
                                          LATITUDE:   37 10 N
                                          LONGITUDE:  94 30 W

  TEMPERATURE IN F:       :PCPN:    SNOW:  WIND      :SUNSHINE: SKY     :PK WND
================================================================================
1   2   3   4   5  6A  6B    7    8   9   10  11  12  13   14  15   16   17  18
                                     12Z  AVG MX 2MIN
DY MAX MIN AVG DEP HDD CDD  WTR  SNW DPTH SPD SPD DIR MIN PSBL S-S WX    SPD DR
================================================================================

 1  61  35  48 -15  17   0 0.00    M    M  8.7 21 310   M    M   4        28 320
 2  68  34  51 -12  14   0 0.00    M    M  5.3 17 300   M    M   1        22 310
 3  83  47  65   1   0   0 0.00    M    M 13.1 22 240   M    M   0        26 220
 4  94  62  78  14   0  13 0.00    M    M 19.5 29 200   M    M   0        40 190
 5  91  68  80  16   0  15 0.00    M    M 17.6 30 210   M    M   0        36 200
 6  89  65  77  13   0  12 0.00    M    M 16.7 26 190   M    M   0        34 190
 7  87  69  78  13   0  13 0.00    M    M   M   M   M   M    M   0         M  M
 8  78  64  71   6   0   6 0.31    M    M 15.3 25 120   M    M   3 13     33 190
 9  74  56  65   0   0   0 0.52    M    M  4.6 17 350   M    M   5 138    22 340
10  85  54  70   5   0   5 0.00    M    M 12.3 23 170   M    M   1 1      34 210
11  86  65  76  10   0  11 0.00    M    M 15.1 28 180   M    M   3        36 190
12  85  53  69   3   0   4 0.73    M    M 13.8 35 250   M    M   7 13     47 240
13  59  47  53 -13  12   0    T    M    M  7.6 18 320   M    M   8 1      24 320
14  55  44  50 -16  15   0 0.06    M    M  4.9 15 350   M    M   7        19 320
15  63  41  52 -15  13   0    T    M    M  7.3 21 290   M    M   3        28 350
16  62  35  49 -18  16   0 0.01    M    M  3.8 14  10   M    M   6 1      17  10
17  65  45  55 -12  10   0    T    M    M  7.6 16  80   M    M   3        21  90
18  73  45  59  -8   6   0 0.00    M    M  9.7 20 140   M    M   0 1      24 140
19  83  58  71   3   0   6 0.00    M    M 18.9 32 180   M    M   1        43 190
20  86  68  77   9   0  12 0.00    M    M 19.7 30 210   M    M   0        38 210
21  82  67  75   7   0  10 0.00    M    M 13.1 25 210   M    M   2        35 220
22  87  64  76   8   0  11 0.00    M    M  7.5 17 170   M    M   3        21 170
23  84  60  72   3   0   7 0.00    M    M  5.8 14 160   M    M   3        17 160
24  82  65  74   5   0   9 1.65    M    M  6.3 28 270   M    M   5 13     34 270
25  83  63  73   4   0   8 0.03    M    M  7.0 17 170   M    M   1 13     22 210
26  80  65  73   3   0   8 1.43    M    M  7.5 22 260   M    M   5 13     29 270
27  80  63  72   2   0   7    T    M    M  4.6 13 120   M    M   6        23 130
28  83  59  71   1   0   6 0.03    M    M  2.4 10 120   M    M   2 12     19 130
29  84  62  73   3   0   8    T    M    M  5.4 23  90   M    M   2 13     31  80
30  83  64  74   3   0   9    T    M    M  7.7 17  90   M    M   4 1      24 100
31  84  66  75   4   0  10    T    M    M  8.0 15 120   M    M   3 1      23 100
================================================================================
SM 2439 1753       103 190  4.77    M    296.8          M       88
================================================================================
AV 78.7 56.5                               9.9 FASTST   M    M   3    MAX(MPH)
                                 MISC ---->  # 35 250               # 47  240
================================================================================
NOTES:
# LAST OF SEVERAL OCCURRENCES

COLUMN 17 PEAK WIND IN M.P.H.

PRELIMINARY LOCAL CLIMATOLOGICAL DATA (WS FORM: F-6) , PAGE 2

                                          STATION:  JOPLIN MO
                                          MONTH:    MAY
                                          YEAR:     2014
                                          LATITUDE:   37 10 N
                                          LONGITUDE:  94 30 W

[TEMPERATURE DATA]      [PRECIPITATION DATA]       SYMBOLS USED IN COLUMN 16

AVERAGE MONTHLY: 67.6   TOTAL FOR MONTH:   4.77    1 = FOG OR MIST
DPTR FM NORMAL:   0.6   DPTR FM NORMAL:   -0.94    2 = FOG REDUCING VISIBILITY
HIGHEST:    94 ON  4    GRTST 24HR  1.65 ON 23-24      TO 1/4 MILE OR LESS
LOWEST:     34 ON  2                               3 = THUNDER
                        SNOW, ICE PELLETS, HAIL    4 = ICE PELLETS
                        TOTAL MONTH:    M          5 = HAIL
                        GRTST 24HR    M  ON   M    6 = FREEZING RAIN OR DRIZZLE
                        GRTST DEPTH:  M  ON   M    7 = DUSTSTORM OR SANDSTORM:
                                                       VSBY 1/2 MILE OR LESS
                                                   8 = SMOKE OR HAZE
[NO. OF DAYS WITH]      [WEATHER - DAYS WITH]      9 = BLOWING SNOW
                                                   X = TORNADO
MAX 32 OR BELOW:   0    0.01 INCH OR MORE:   9
MAX 90 OR ABOVE:   2    0.10 INCH OR MORE:   5
MIN 32 OR BELOW:   0    0.50 INCH OR MORE:   4
MIN  0 OR BELOW:   0    1.00 INCH OR MORE:   2

[HDD (BASE 65) ]
TOTAL THIS MO.   103    CLEAR  (SCALE 0-3)  18
DPTR FM NORMAL    37    PTCLDY (SCALE 4-7)  13
TOTAL FM JUL 1  4881    CLOUDY (SCALE 8-10)  0
DPTR FM NORMAL   812

[CDD (BASE 65) ]
TOTAL THIS MO.   190
DPTR FM NORMAL    64    [PRESSURE DATA]
TOTAL FM JAN 1   213    HIGHEST SLP M ON M
DPTR FM NORMAL    33    LOWEST  SLP 29.61 ON  6

[REMARKS]
#FINAL-05-14#
