000
CXUS53 KSGF 011726
CF6JLN
PRELIMINARY LOCAL CLIMATOLOGICAL DATA (WS FORM: F-6)

                                          STATION:   JOPLIN MO
                                          MONTH:     DECEMBER
                                          YEAR:      2015
                                          LATITUDE:   37 10 N
                                          LONGITUDE:  94 30 W

  TEMPERATURE IN F:       :PCPN:    SNOW:  WIND      :SUNSHINE: SKY     :PK WND
================================================================================
1   2   3   4   5  6A  6B    7    8   9   10  11  12  13   14  15   16   17  18
                                     12Z  AVG MX 2MIN
DY MAX MIN AVG DEP HDD CDD  WTR  SNW DPTH SPD SPD DIR MIN PSBL S-S WX    SPD DR
================================================================================

 1  48  30  39  -2  26   0 0.00    M    M 11.6 23 220   M    M   1        28 220
 2  46  29  38  -3  27   0 0.00    M    M  8.0 20 300   M    M   2        24 280
 3  53  26  40  -1  25   0 0.00    M    M  1.2  7 120   M    M   0 18      9 120
 4  58  33  46   6  19   0 0.00    M    M  5.8 12 170   M    M   0        15 130
 5  59  30  45   5  20   0 0.00    M    M  8.1 18 180   M    M   0        24 200
 6  55  31  43   3  22   0 0.00    M    M  7.4 16 250   M    M   3        21 170
 7  62  28  45   6  20   0 0.00    M    M  8.1 17 210   M    M   0        27 210
 8  67  43  55  16  10   0 0.00    M    M 13.0 28 190   M    M   0        33 180
 9  67  36  52  14  13   0 0.00    M    M  8.5 17 190   M    M   0        24 180
10  66  37  52  14  13   0 0.00    M    M 11.0 30 210   M    M   0         M  M
11  72  38  55  17  10   0 0.00    M    M 11.0 24 190   M    M   0 18     33 190
12  72  63  68  30   0   3 0.84    M    M 13.0 24 180   M    M   5 13     30 180
13  65  46  56  19   9   0 1.81    M    M 13.3 26 210   M    M  10 1      39 160
14  49  39  44   7  21   0 0.14    M    M 12.0 28 210   M    M   7 1      41 290
15  67  37  52  15  13   0 0.00    M    M 13.5 28 190   M    M   0        33 180
16  56  29  43   6  22   0 0.00    M    M 10.7 21 270   M    M   0        27 260
17  41  23  32  -5  33   0    T    M    M  6.1 15 310   M    M   4        19 320
18  42  20  31  -5  34   0 0.00    M    M  8.2 18 220   M    M   1        24 230
19  58  28  43   7  22   0 0.00    M    M 11.6 22 170   M    M   0        28 180
20  59  47  53  17  12   0    T    M    M 23.1 33 180   M    M   5         M  M
21  61  32  47  11  18   0    T    M    M 10.4 30 180   M    M   7 13     38 210
22  67  27  47  11  18   0 0.00    M    M 11.8 28 190   M    M   2 18     34 190
23  67  33  50  14  15   0    T    M    M 16.4 33 240   M    M   2        45 240
24  61  35  48  12  17   0    T    M    M  7.1 21 290   M    M   4        33 140
25  60  34  47  12  18   0 0.00    M    M 10.8 18 120   M    M   1        28 110
26  57  39  48  13  17   0 3.26    M    M 11.5 29 350   M    M  10 13     39 350
27  39  35  37   2  28   0 3.17    M    M 18.4 26  40   M    M  10 1      38  30
28  36  27  32  -3  33   0 0.55    M    M 15.8 32  50   M    M  10 1      44  50
29  29  26  28  -7  37   0 0.00    M    M  5.1 16 290   M    M  10        20 270
30  37  28  33  -2  32   0 0.00    M    M  4.6  9 350   M    M   9        12 320
31  39  24  32  -3  33   0 0.00    M    M  4.1 12 310   M    M   2 1      14 310
================================================================================
SM 1715 1033       637   3  9.77    M    321.2          M      105
================================================================================
AV 55.3 33.3                              10.4 FASTST   M    M   3    MAX(MPH)
                                 MISC ---->  # 33 180               # 45  240
================================================================================
NOTES:
# LAST OF SEVERAL OCCURRENCES

COLUMN 17 PEAK WIND IN M.P.H.

PRELIMINARY LOCAL CLIMATOLOGICAL DATA (WS FORM: F-6) , PAGE 2

                                          STATION:  JOPLIN MO
                                          MONTH:    DECEMBER
                                          YEAR:     2015
                                          LATITUDE:   37 10 N
                                          LONGITUDE:  94 30 W

[TEMPERATURE DATA]      [PRECIPITATION DATA]       SYMBOLS USED IN COLUMN 16

AVERAGE MONTHLY: 44.3   TOTAL FOR MONTH:   9.77    1 = FOG OR MIST
DPTR FM NORMAL:   7.1   DPTR FM NORMAL:    6.95    2 = FOG REDUCING VISIBILITY
HIGHEST:    72 ON 12,11 GRTST 24HR  4.92 ON 26-27      TO 1/4 MILE OR LESS
LOWEST:     20 ON 18                               3 = THUNDER
                        SNOW, ICE PELLETS, HAIL    4 = ICE PELLETS
                        TOTAL MONTH:    M          5 = HAIL
                        GRTST 24HR    M  ON   M    6 = FREEZING RAIN OR DRIZZLE
                        GRTST DEPTH:  M  ON   M    7 = DUSTSTORM OR SANDSTORM:
                                                       VSBY 1/2 MILE OR LESS
                                                   8 = SMOKE OR HAZE
[NO. OF DAYS WITH]      [WEATHER - DAYS WITH]      9 = BLOWING SNOW
                                                   X = TORNADO
MAX 32 OR BELOW:   1    0.01 INCH OR MORE:   6
MAX 90 OR ABOVE:   0    0.10 INCH OR MORE:   6
MIN 32 OR BELOW:  16    0.50 INCH OR MORE:   5
MIN  0 OR BELOW:   0    1.00 INCH OR MORE:   3

[HDD (BASE 65) ]
TOTAL THIS MO.   637    CLEAR  (SCALE 0-3)  18
DPTR FM NORMAL  -223    PTCLDY (SCALE 4-7)   7
TOTAL FM JUL 1  1255    CLOUDY (SCALE 8-10)  6
DPTR FM NORMAL  -362

[CDD (BASE 65) ]
TOTAL THIS MO.     3
DPTR FM NORMAL     3    [PRESSURE DATA]
TOTAL FM JAN 1  1706    HIGHEST SLP 30.53 ON  4
DPTR FM NORMAL     8    LOWEST  SLP 29.20 ON 23

[REMARKS]
#FINAL-12-15#
