000
CXUS53 KSGF 011022
CF6JLN
PRELIMINARY LOCAL CLIMATOLOGICAL DATA (WS FORM: F-6)

                                          STATION:   JOPLIN MO
                                          MONTH:     FEBRUARY
                                          YEAR:      2016
                                          LATITUDE:   37 10 N
                                          LONGITUDE:  94 30 W

  TEMPERATURE IN F:       :PCPN:    SNOW:  WIND      :SUNSHINE: SKY     :PK WND
================================================================================
1   2   3   4   5  6A  6B    7    8   9   10  11  12  13   14  15   16   17  18
                                     12Z  AVG MX 2MIN
DY MAX MIN AVG DEP HDD CDD  WTR  SNW DPTH SPD SPD DIR MIN PSBL S-S WX    SPD DR
================================================================================

 1  59  33  46  10  19   0 0.00    M    M 11.4 26 120   M    M   2        34 130
 2  60  35  48  11  17   0 0.11    M    M 21.7 37 220   M    M   4 1      49 220
 3  40  23  32  -5  33   0 0.00    M    M 14.1 29 260   M    M   7        38 260
 4  46  17  32  -5  33   0 0.00    M    M  7.1 18 250   M    M   0        26 250
 5  52  25  39   2  26   0 0.00    M    M  6.5 18 200   M    M   1 8      23 240
 6  53  32  43   6  22   0 0.00    M    M  8.1 16 230   M    M   2        20 230
 7  56  36  46   8  19   0 0.00    M    M 13.3 25 300   M    M   2        32 310
 8  40  28  34  -4  31   0    T    M    M 16.9 32 310   M    M   6        43 330
 9  38  20  29  -9  36   0 0.00    M    M 14.2 29 330   M    M   1        36 320
10  52  17  35  -3  30   0 0.00    M    M  9.2 24 220   M    M   1        32 230
11  48  25  37  -2  28   0 0.00    M    M  6.9 17 210   M    M   0        21 210
12  46  24  35  -4  30   0 0.00    M    M   M   M   M   M    M   1         M  M
13  43  23  33  -6  32   0 0.00    M    M 10.0 22 130   M    M   4        30 140
14  53  30  42   2  23   0    T    M    M  7.7 16 120   M    M   4 18     22 120
15  60  35  48   8  17   0 0.00    M    M  6.4 18 300   M    M   2 18      M  M
16  50  28  39  -1  26   0    T    M    M 10.6 31 330   M    M   7 1      39 320
17  65  26  46   6  19   0 0.00    M    M  8.1 17 190   M    M   0 1      21 180
18  76  48  62  21   3   0 0.00    M    M 21.9 38 180   M    M   0        49 190
19  73  51  62  21   3   0 0.00    M    M 14.1 38 210   M    M   0        47 200
20  78  54  66  25   0   1 0.00    M    M 10.8 22 190   M    M   2 18     26 180
21  65  41  53  11  12   0    T    M    M  9.5 20 340   M    M   3 1      24 340
22  55  33  44   2  21   0 0.00    M    M  6.8 15  40   M    M   0        25  80
23  45  38  42   0  23   0 0.26    M    M 11.6 28  20   M    M   9 1      34  20
24  48  31  40  -3  25   0 0.00    M    M 13.0 29 330   M    M   6        36 310
25  44  30  37  -6  28   0 0.00    M    M 12.4 23 300   M    M   9        29 320
26  53  21  37  -6  28   0 0.00    M    M  7.8 18 220   M    M   0        22 220
27  71  38  55  11  10   0 0.00    M    M 15.2 25 200   M    M   0        35 180
28  72  40  56  12   9   0 0.00    M    M 18.2 33 220   M    M   1        43 210
29  71  34  53   9  12   0 0.00    M    M 10.5 18 200   M    M   0        27 200
================================================================================
SM 1612  916       615   1  0.37    M    324.0          M       74
================================================================================
AV 55.6 31.6                              11.6 FASTST   M    M   3    MAX(MPH)
                                 MISC ---->  # 38 180               # 49  220
================================================================================
NOTES:
# LAST OF SEVERAL OCCURRENCES

COLUMN 17 PEAK WIND IN M.P.H.

PRELIMINARY LOCAL CLIMATOLOGICAL DATA (WS FORM: F-6) , PAGE 2

                                          STATION:  JOPLIN MO
                                          MONTH:    FEBRUARY
                                          YEAR:     2016
                                          LATITUDE:   37 10 N
                                          LONGITUDE:  94 30 W

[TEMPERATURE DATA]      [PRECIPITATION DATA]       SYMBOLS USED IN COLUMN 16

AVERAGE MONTHLY: 43.6   TOTAL FOR MONTH:   0.37    1 = FOG OR MIST
DPTR FM NORMAL:   3.8   DPTR FM NORMAL:   -1.95    2 = FOG REDUCING VISIBILITY
HIGHEST:    78 ON 20    GRTST 24HR  0.26 ON 23-23      TO 1/4 MILE OR LESS
LOWEST:     17 ON 10, 4                            3 = THUNDER
                        SNOW, ICE PELLETS, HAIL    4 = ICE PELLETS
                        TOTAL MONTH:    M          5 = HAIL
                        GRTST 24HR    M  ON   M    6 = FREEZING RAIN OR DRIZZLE
                        GRTST DEPTH:  M  ON   M    7 = DUSTSTORM OR SANDSTORM:
                                                       VSBY 1/2 MILE OR LESS
                                                   8 = SMOKE OR HAZE
[NO. OF DAYS WITH]      [WEATHER - DAYS WITH]      9 = BLOWING SNOW
                                                   X = TORNADO
MAX 32 OR BELOW:   0    0.01 INCH OR MORE:   2
MAX 90 OR ABOVE:   0    0.10 INCH OR MORE:   2
MIN 32 OR BELOW:  16    0.50 INCH OR MORE:   0
MIN  0 OR BELOW:   0    1.00 INCH OR MORE:   0

[HDD (BASE 65) ]
TOTAL THIS MO.   615    CLEAR  (SCALE 0-3)  20
DPTR FM NORMAL   -90    PTCLDY (SCALE 4-7)   7
TOTAL FM JUL 1  2750    CLOUDY (SCALE 8-10)  2
DPTR FM NORMAL  -525

[CDD (BASE 65) ]
TOTAL THIS MO.     1
DPTR FM NORMAL     0    [PRESSURE DATA]
TOTAL FM JAN 1     1    HIGHEST SLP 30.59 ON 13
DPTR FM NORMAL     0    LOWEST  SLP 29.39 ON  2

[REMARKS]
#FINAL-02-16#
