000
CXUS53 KSGF 010800
CF6JLN
PRELIMINARY LOCAL CLIMATOLOGICAL DATA (WS FORM: F-6)

                                          STATION:   JOPLIN MO
                                          MONTH:     JUNE
                                          YEAR:      2017
                                          LATITUDE:   37 10 N
                                          LONGITUDE:  94 30 W

  TEMPERATURE IN F:       :PCPN:    SNOW:  WIND      :SUNSHINE: SKY     :PK WND
================================================================================
1   2   3   4   5  6A  6B    7    8   9   10  11  12  13   14  15   16   17  18
                                     12Z  AVG MX 2MIN
DY MAX MIN AVG DEP HDD CDD  WTR  SNW DPTH SPD SPD DIR MIN PSBL S-S WX    SPD DR
================================================================================

 1  86  59  73   2   0   8 0.04    M    M  5.9 17 170   M    M   2 13     21 180
 2  85  62  74   2   0   9 0.00    M    M  5.4 15 120   M    M   0 1      19 110
 3  86  67  77   5   0  12    T    M    M  4.9 15 160   M    M   3        19 160
 4  80  68  74   2   0   9 0.97    M    M  1.6 17 200   M    M   7 1      24 190
 5  89  66  78   6   0  13 0.00    M    M  3.8 14  50   M    M   3 1      18  60
 6  85  58  72  -1   0   7 0.00    M    M  5.5 12  30   M    M   0 1      20  30
 7  82  54  68  -5   0   3 0.00    M    M  4.6 14  40   M    M   0        18  30
 8  83  54  69  -4   0   4 0.00    M    M  3.0 10 250   M    M   0        13 250
 9  84  59  72  -2   0   7 0.00    M    M  8.1 15 190   M    M   1        20 180
10  87  65  76   2   0  11 0.00    M    M 14.4 23 170   M    M   1        31 180
11  87  71  79   5   0  14 0.00    M    M 14.4 25 190   M    M   1        36 160
12  90  71  81   6   0  16 0.00    M    M 11.8 21 190   M    M   2        30 200
13  90  74  82   7   0  17 0.00    M    M 13.0 24 190   M    M   4        33 180
14  90  77  84   9   0  19 0.00    M    M 12.7 22 220   M    M   3        28 160
15  92  67  80   4   0  15 0.11    M    M 12.9 29 270   M    M   3 13     38 310
16  93  66  80   4   0  15 0.09    M    M  8.9 23 320   M    M   1 13     27 320
17  87  68  78   2   0  13 0.90    M    M 11.6 30 160   M    M   1 13     38  60
18  79  61  70  -6   0   5 0.36    M    M  6.6 21 340   M    M   5 13     29 340
19  80  59  70  -7   0   5 0.00    M    M  2.9  7 250   M    M   2 1       9 240
20  90  61  76  -1   0  11 0.00    M    M  6.2 13 220   M    M   0 1      16 250
21  92  66  79   2   0  14 0.00    M    M  8.7 18 190   M    M   0        23 140
22  89  68  79   2   0  14 0.00    M    M  5.3 13 200   M    M   5        17 150
23  85  67  76  -2   0  11 0.54    M    M  8.1 28 340   M    M   3 13     35 340
24  82  59  71  -7   0   6 0.00    M    M  5.5 14 330   M    M   1        18 330
25  86  62  74  -4   0   9 0.00    M    M  4.5 14  20   M    M   2        21  30
26  86  64  75  -3   0  10 0.49    M    M  8.0 17  30   M    M   6 13     26  60
27  86  62  74  -4   0   9 0.12    M    M  7.3 15 160   M    M   2 1      20 160
28  89  70  80   1   0  15 0.00    M    M 14.7 26 200   M    M   1        34 180
29  89  72  81   2   0  16 0.00    M    M 13.5 24 180   M    M   1        30 210
30  85  68  77  -2   0  12 0.56    M    M  6.2 31 310   M    M   4 13     44 300
================================================================================
SM 2594 1945         0 329  4.18    M    240.0          M       64
================================================================================
AV 86.5 64.8                               8.0 FASTST   M    M   2    MAX(MPH)
                                 MISC ---->  # 31 310               # 44  300
================================================================================
NOTES:
# LAST OF SEVERAL OCCURRENCES

COLUMN 17 PEAK WIND IN M.P.H.

PRELIMINARY LOCAL CLIMATOLOGICAL DATA (WS FORM: F-6) , PAGE 2

                                          STATION:  JOPLIN MO
                                          MONTH:    JUNE
                                          YEAR:     2017
                                          LATITUDE:   37 10 N
                                          LONGITUDE:  94 30 W

[TEMPERATURE DATA]      [PRECIPITATION DATA]       SYMBOLS USED IN COLUMN 16

AVERAGE MONTHLY: 75.7   TOTAL FOR MONTH:   4.18    1 = FOG OR MIST
DPTR FM NORMAL:   0.2   DPTR FM NORMAL:   -1.68    2 = FOG REDUCING VISIBILITY
HIGHEST:    93 ON 16    GRTST 24HR  0.97 ON  4- 4      TO 1/4 MILE OR LESS
LOWEST:     54 ON  8, 7                            3 = THUNDER
                        SNOW, ICE PELLETS, HAIL    4 = ICE PELLETS
                        TOTAL MONTH:    M          5 = HAIL
                        GRTST 24HR    M  ON   M    6 = FREEZING RAIN OR DRIZZLE
                        GRTST DEPTH:  M  ON   M    7 = DUSTSTORM OR SANDSTORM:
                                                       VSBY 1/2 MILE OR LESS
                                                   8 = SMOKE OR HAZE
[NO. OF DAYS WITH]      [WEATHER - DAYS WITH]      9 = BLOWING SNOW
                                                   X = TORNADO
MAX 32 OR BELOW:   0    0.01 INCH OR MORE:  10
MAX 90 OR ABOVE:   7    0.10 INCH OR MORE:   8
MIN 32 OR BELOW:   0    0.50 INCH OR MORE:   4
MIN  0 OR BELOW:   0    1.00 INCH OR MORE:   0

[HDD (BASE 65) ]
TOTAL THIS MO.     0    CLEAR  (SCALE 0-3)  23
DPTR FM NORMAL    -5    PTCLDY (SCALE 4-7)   7
TOTAL FM JUL 1  3169    CLOUDY (SCALE 8-10)  0
DPTR FM NORMAL  -905

[CDD (BASE 65) ]
TOTAL THIS MO.   329
DPTR FM NORMAL    11    [PRESSURE DATA]
TOTAL FM JAN 1   536    HIGHEST SLP M ON M
DPTR FM NORMAL    38    LOWEST  SLP 29.63 ON 17

[REMARKS]
#FINAL-06-17#
