000
CXUS53 KSGF 032151
CF6JLN
PRELIMINARY LOCAL CLIMATOLOGICAL DATA (WS FORM: F-6)

                                          STATION:   JOPLIN MO
                                          MONTH:     FEBRUARY
                                          YEAR:      2012
                                          LATITUDE:   37 10 N
                                          LONGITUDE:  94 30 W

  TEMPERATURE IN F:       :PCPN:    SNOW:  WIND      :SUNSHINE: SKY     :PK WND
================================================================================
1   2   3   4   5  6A  6B    7    8   9   10  11  12  13   14  15   16   17  18
                                     12Z  AVG MX 2MIN
DY MAX MIN AVG DEP HDD CDD  WTR  SNW DPTH SPD SPD DIR MIN PSBL S-S WX    SPD DR
================================================================================

 1  64  36  50  14  15   0 0.00    M    M  4.9 13  50   M    M   1        16  30
 2  63  29  46   9  19   0 0.00    M    M   M   M   M   M    M   0         M  M
 3  53  45  49  12  16   0 0.63    M    M 12.1 22  90   M    M   6 1      33 130
 4  50  36  43   6  22   0 0.03    M    M 11.3 20 280   M    M  10 1      25 290
 5  49  30  40   3  25   0 0.00    M    M  7.7 15 360   M    M   5        29  70
 6  52  23  38   1  27   0 0.00    M    M  2.2 10 270   M    M   0 18     16 280
 7  49  30  40   2  25   0 0.09    M    M  3.7 14 350   M    M   8 1       M  M
 8  38  33  36  -2  29   0    T    M    M  4.9 14 340   M    M  10 18     17 340
 9  46  33  40   2  25   0 0.05    M    M  3.7 13 210   M    M  10 1       M  M
10  38  17  28 -10  37   0 0.05    M    M 12.3 24 320   M    M   6 18     40 210
11  28  12  20 -19  45   0 0.00    M    M  9.6 22 360   M    M   0        29 350
12  40   8  24 -15  41   0 0.00    M    M  4.8 14 310   M    M   3        17 320
13  36  28  32  -7  33   0 0.10    M    M 11.5  M 210   M    M  10 16      M  M
14  51  31  41   1  24   0 0.00    M    M  4.2 22  90   M    M   4 1       M  M
15  57  42  50  10  15   0 0.68    M    M  8.3 18 290   M    M   9 13     24 150
16  52  34  43   3  22   0 0.00    M    M  6.1 16 330   M    M   3 18     21 330
17  58  31  45   5  20   0 0.01    M    M  5.4 16  10   M    M   2        21  10
18  48  38  43   2  22   0 0.04    M    M  7.4 15  30   M    M  10 1      18  40
19  54  31  43   2  22   0 0.00    M    M  3.2 10 140   M    M   3        23  80
20  57  39  48   7  17   0 0.12    M    M   M   M   M   M    M   5 1       M  M
21  58  35  47   5  18   0 0.00    M    M   M   M   M   M    M   3         M  M
22  69  33  51   9  14   0 0.00    M    M 10.6 25 260   M    M   0        31 250
23  67  40  54  12  11   0 0.00    M    M 13.0 28 300   M    M   1 8       M  M
24  50  32  41  -2  24   0 0.00    M    M 14.1 26 300   M    M   1 8      35 300
25  55  25  40  -3  25   0 0.00    M    M  7.4 18 160   M    M   0        24 170
26  65  42  54  11  11   0 0.00    M    M 15.9 33 200   M    M   1        44 200
27  57  40  49   5  16   0 0.00    M    M  8.8 16  50   M    M   3        21  50
28  72  47  60  16   5   0 0.78    M    M 18.9 47 300   M    M   8 13     56 190
29  61  41  51   7  14   0 0.00    M    M 11.0 28 270   M    M   0 13     33 260
================================================================================
SM 1537  941       639   0  2.58    M    223.0          M      122
================================================================================
AV 53.0 32.4                               8.6 FASTST   M    M   4    MAX(MPH)
                                 MISC ---->  # 47 300               # 56  190
================================================================================
NOTES:
# LAST OF SEVERAL OCCURRENCES

COLUMN 17 PEAK WIND IN M.P.H.

PRELIMINARY LOCAL CLIMATOLOGICAL DATA (WS FORM: F-6) , PAGE 2

                                          STATION:  JOPLIN MO
                                          MONTH:    FEBRUARY
                                          YEAR:     2012
                                          LATITUDE:   37 10 N
                                          LONGITUDE:  94 30 W

[TEMPERATURE DATA]      [PRECIPITATION DATA]       SYMBOLS USED IN COLUMN 16

AVERAGE MONTHLY: 42.7   TOTAL FOR MONTH:   2.58    1 = FOG OR MIST
DPTR FM NORMAL:   2.9   DPTR FM NORMAL:    0.26    2 = FOG REDUCING VISIBILITY
HIGHEST:    72 ON 28    GRTST 24HR  0.78 ON 28-28      TO 1/4 MILE OR LESS
LOWEST:      8 ON 12                               3 = THUNDER
                        SNOW, ICE PELLETS, HAIL    4 = ICE PELLETS
                        TOTAL MONTH:    M          5 = HAIL
                        GRTST 24HR    M  ON   M    6 = FREEZING RAIN OR DRIZZLE
                        GRTST DEPTH:  M  ON   M    7 = DUSTSTORM OR SANDSTORM:
                                                       VSBY 1/2 MILE OR LESS
                                                   8 = SMOKE OR HAZE
[NO. OF DAYS WITH]      [WEATHER - DAYS WITH]      9 = BLOWING SNOW
                                                   X = TORNADO
MAX 32 OR BELOW:   1    0.01 INCH OR MORE:  11
MAX 90 OR ABOVE:   0    0.10 INCH OR MORE:   5
MIN 32 OR BELOW:  13    0.50 INCH OR MORE:   3
MIN  0 OR BELOW:   0    1.00 INCH OR MORE:   0

[HDD (BASE 65) ]
TOTAL THIS MO.   639    CLEAR  (SCALE 0-3)  15
DPTR FM NORMAL   -66    PTCLDY (SCALE 4-7)   8
TOTAL FM JUL 1  2914    CLOUDY (SCALE 8-10)  6
DPTR FM NORMAL  -361

[CDD (BASE 65) ]
TOTAL THIS MO.     0
DPTR FM NORMAL    -1    [PRESSURE DATA]
TOTAL FM JAN 1     0    HIGHEST SLP 30.75 ON 11
DPTR FM NORMAL    -1    LOWEST  SLP 29.21 ON 23

[REMARKS]
#FINAL-02-12#
