000
CXUS53 KSGF 010800
CF6JLN
PRELIMINARY LOCAL CLIMATOLOGICAL DATA (WS FORM: F-6)

                                          STATION:   JOPLIN MO
                                          MONTH:     OCTOBER
                                          YEAR:      2011
                                          LATITUDE:   37 10 N
                                          LONGITUDE:  94 30 W

  TEMPERATURE IN F:       :PCPN:    SNOW:  WIND      :SUNSHINE: SKY     :PK WND
================================================================================
1   2   3   4   5  6A  6B    7    8   9   10  11  12  13   14  15   16   17  18
                                     12Z  AVG MX 2MIN
DY MAX MIN AVG DEP HDD CDD  WTR  SNW DPTH SPD SPD DIR MIN PSBL S-S WX    SPD DR
================================================================================

 1  73  39  56  -8   9   0 0.00  0.0    0  4.9 12  80   M    M   0        15  40
 2  76  43  60  -4   5   0 0.00  0.0    0  4.3  9 190   M    M   0        12 140
 3  79  48  64   0   1   0 0.00  0.0    0  5.8 12 210   M    M   0        15 160
 4  82  51  67   4   0   2 0.00  0.0    0  5.6 13 230   M    M   0        17 200
 5  81  54  68   5   0   3 0.00  0.0    0  8.3 15 160   M    M   0        18 170
 6  82  59  71   8   0   6 0.00  0.0    0 11.6 20 170   M    M   0         M  M
 7  83  62  73  11   0   8 0.00  0.0    0 12.1 24 170   M    M   0        30 170
 8  82  65  74  12   0   9 0.00  0.0    0 11.4 22 170   M    M   0        29 180
 9  80  62  71   9   0   6 0.00  0.0    0 10.9 20 150   M    M   1        26 150
10  72  59  66   4   0   1 0.19  0.0    0  4.9 14 210   M    M   7 1      18 130
11  76  55  66   5   0   1 0.00  0.0    0  4.8 14 130   M    M   5 12     24 190
12  79  61  70   9   0   5 0.00  0.0    0 10.3 23 250   M    M   3        29 250
13  75  51  63   2   2   0 0.00  0.0    0  8.7 23 320   M    M   0        30 320
14  76  44  60   0   5   0 0.00  0.0    0  4.2 18 350   M    M   0        23 350
15  77  40  59  -1   6   0 0.00  0.0    0  6.4 18 190   M    M   0        25 200
16  87  56  72  12   0   7 0.00  0.0    0 13.3 29 210   M    M   0        36 220
17  75  44  60   0   5   0 0.46  0.0    0 11.5 29  50   M    M   1 13     40  50
18  60  36  48 -11  17   0    T  0.0    0 10.4 23 350   M    M   5        31  10
19  53  33  43 -16  22   0 0.00  0.0    0  9.0 24 310   M    M   1        33 310
20  56  28  42 -17  23   0 0.00  0.0    0  5.2 17 300   M    M   0        23 290
21  69  31  50  -8  15   0 0.00  0.0    0  4.8 12 190   M    M   0        26 210
22  72  45  59   1   6   0 0.00  0.0    0  3.0  8 110   M    M   0        25 210
23  73  48  61   3   4   0 0.00  0.0    0  6.4 16 250   M    M   0        23 240
24  80  52  66   8   0   1 0.00  0.0    0  8.8 20 190   M    M   0 1      25 190
25  83  60  72  15   0   7 0.00  0.0    0 18.1 35 210   M    M   1        47 190
26  67  46  57   0   8   0 0.02  0.0    0  7.2 17  20   M    M   8 3      23  20
27  58  41  50  -7  15   0 0.00  0.0    0  7.5 16 360   M    M   7        20 360
28  60  32  46 -10  19   0 0.00  0.0    0  2.8 14 280   M    M   0        18 280
29  65  32  49  -7  16   0 0.00  0.0    0  9.4 23 200   M    M   0        30 210
30  64  37  51  -5  14   0 0.00  0.0    0 11.9 26 240   M    M   1 8      35 230
31  72  35  54  -1  11   0 0.00  0.0    0  9.4 20 200   M    M   0        24 200
================================================================================
SM 2267 1449       203  56  0.67     0.0 252.9          M       40
================================================================================
AV 73.1 46.7                               8.2 FASTST   M    M   1    MAX(MPH)
                                 MISC ---->  # 35 210               # 47  190
================================================================================
NOTES:
# LAST OF SEVERAL OCCURRENCES

COLUMN 17 PEAK WIND IN M.P.H.

PRELIMINARY LOCAL CLIMATOLOGICAL DATA (WS FORM: F-6) , PAGE 2

                                          STATION:  JOPLIN MO
                                          MONTH:    OCTOBER
                                          YEAR:     2011
                                          LATITUDE:   37 10 N
                                          LONGITUDE:  94 30 W

[TEMPERATURE DATA]      [PRECIPITATION DATA]       SYMBOLS USED IN COLUMN 16

AVERAGE MONTHLY: 59.9   TOTAL FOR MONTH:   0.67    1 = FOG OR MIST
DPTR FM NORMAL:   0.1   DPTR FM NORMAL:   -3.36    2 = FOG REDUCING VISIBILITY
HIGHEST:    87 ON 16    GRTST 24HR  0.47 ON 17-18      TO 1/4 MILE OR LESS
LOWEST:     28 ON 20                               3 = THUNDER
                        SNOW, ICE PELLETS, HAIL    4 = ICE PELLETS
                        TOTAL MONTH:   0.0 INCH    5 = HAIL
                        GRTST 24HR     0.0         6 = FREEZING RAIN OR DRIZZLE
                        GRTST DEPTH:   0           7 = DUSTSTORM OR SANDSTORM:
                                                       VSBY 1/2 MILE OR LESS
                                                   8 = SMOKE OR HAZE
[NO. OF DAYS WITH]      [WEATHER - DAYS WITH]      9 = BLOWING SNOW
                                                   X = TORNADO
MAX 32 OR BELOW:   0    0.01 INCH OR MORE:   3
MAX 90 OR ABOVE:   0    0.10 INCH OR MORE:   2
MIN 32 OR BELOW:   4    0.50 INCH OR MORE:   0
MIN  0 OR BELOW:   0    1.00 INCH OR MORE:   0

[HDD (BASE 65) ]
TOTAL THIS MO.   203    CLEAR  (SCALE 0-3)  26
DPTR FM NORMAL    -7    PTCLDY (SCALE 4-7)   5
TOTAL FM JUL 1   266    CLOUDY (SCALE 8-10)  0
DPTR FM NORMAL    14

[CDD (BASE 65) ]
TOTAL THIS MO.    56
DPTR FM NORMAL     7    [PRESSURE DATA]
TOTAL FM JAN 1  2189    HIGHEST SLP 30.23 ON 28
DPTR FM NORMAL   498    LOWEST  SLP 29.64 ON 12

[REMARKS]
#FINAL-10-11#
