000
CXUS53 KSGF 310800
CF6JLN
PRELIMINARY LOCAL CLIMATOLOGICAL DATA (WS FORM: F-6)

                                          STATION:   JOPLIN MO
                                          MONTH:     DECEMBER
                                          YEAR:      2011
                                          LATITUDE:   37 10 N
                                          LONGITUDE:  94 30 W

  TEMPERATURE IN F:       :PCPN:    SNOW:  WIND      :SUNSHINE: SKY     :PK WND
================================================================================
1   2   3   4   5  6A  6B    7    8   9   10  11  12  13   14  15   16   17  18
                                     12Z  AVG MX 2MIN
DY MAX MIN AVG DEP HDD CDD  WTR  SNW DPTH SPD SPD DIR MIN PSBL S-S WX    SPD DR
================================================================================

 1  60  32  46   5  19   0 0.00  0.0    0  8.5 21 190   M    M   1        25 180
 2  50  31  41   0  24   0 0.02  0.0    0  4.3 14 360   M    M   9 18     17 360
 3  60  44  52  11  13   0 0.79  0.0    0   M   M   M   M    M  10 1       M  M
 4  44  33  39  -1  26   0 0.00  0.0    0  7.9 18 280   M    M   7        24 280
 5  33  27  30 -10  35   0 0.00  0.0    0 12.2 21 360   M    M   7        26 350
 6  29  22  26 -14  39   0    T    T    0  6.9 16 360   M    M  10 8      21 360
 7  38  14  26 -13  39   0 0.00  0.0    0  7.6 17 210   M    M   0 1      23 220
 8  47  25  36  -3  29   0 0.00  0.0    0  5.1 12 220   M    M   0        17 220
 9  37  23  30  -8  35   0 0.00  0.0    0  3.6 13  10   M    M   5 18     16  10
10  45  19  32  -6  33   0 0.00  0.0    0  4.1 10 200   M    M   0 18     14 200
11  52  27  40   2  25   0 0.00  0.0    0  8.3 17 220   M    M   0 18     21 210
12  46  40  43   5  22   0 0.04  0.0    0  6.8 14 160   M    M  10 1      26 150
13  55  40  48  11  17   0 0.22  0.0    0  8.7 21 160   M    M   6 1      28 160
14  61  55  58  21   7   0 0.27  0.0    0   M   M   M   M    M  10 13      M  M
15  58  32  45   8  20   0 0.00  0.0    0  8.5 18 300   M    M   2 1      24 300
16  41  23  32  -5  33   0 0.00  0.0    0  3.5 10  20   M    M   0 18     17  60
17  51  24  38   1  27   0 0.00  0.0    0  6.9 12 220   M    M   0        16 210
18  57  32  45   9  20   0 0.00  0.0    0 12.9 22 200   M    M   4         M  M
19  53  45  49  13  16   0 1.24  0.0    0  7.7 22 110   M    M  10 13      0   0
20  51  37  44   8  21   0 0.16  0.0    0  6.5 20 270   M    M  10 1      39 350
21  43  30  37   1  28   0 0.00  0.0    0  8.9 17 210   M    M   6 1      21 200
22  41  30  36   0  29   0    T  0.0    0  7.6 17 360   M    M   6 18     30 330
23  38  23  31  -5  34   0 0.00  0.0    0  5.8 13 360   M    M   5        18 280
24  48  22  35  -1  30   0 0.00  0.0    0  6.8 15 220   M    M   0        18 210
25  55  23  39   4  26   0 0.00  0.0    0  3.2  9  20   M    M   0        12  20
26  42  24  33  -2  32   0 0.02    M    0  4.1 14 120   M    M   8 1      24 140
27  48  27  38   3  27   0 0.00  0.0    0  9.2 23 320   M    M   1        30 300
28  55  25  40   5  25   0 0.00  0.0    0  9.1 21 220   M    M   0        25 240
29  62  37  50  15  15   0 0.00  0.0    0 13.2 25 220   M    M   0        31 210
30  59  39  49  14  16   0 0.00  0.0    0 11.9 25 220   M    M   0        35 230
================================================================================
SM 1459  905       762   0  2.76    T    209.8          M      127
================================================================================
AV 48.6 30.2                               7.5 FASTST   M    M   4    MAX(MPH)
                                 MISC ---->  # 25 220               # 39  350
================================================================================
NOTES:
# LAST OF SEVERAL OCCURRENCES

COLUMN 17 PEAK WIND IN M.P.H.

PRELIMINARY LOCAL CLIMATOLOGICAL DATA (WS FORM: F-6) , PAGE 2

                                          STATION:  JOPLIN MO
                                          MONTH:    DECEMBER
                                          YEAR:     2011
                                          LATITUDE:   37 10 N
                                          LONGITUDE:  94 30 W

[TEMPERATURE DATA]      [PRECIPITATION DATA]       SYMBOLS USED IN COLUMN 16

AVERAGE MONTHLY: 39.4   TOTAL FOR MONTH:   2.76    1 = FOG OR MIST
DPTR FM NORMAL:   2.1   DPTR FM NORMAL:    0.01    2 = FOG REDUCING VISIBILITY
HIGHEST:    62 ON 29    GRTST 24HR  1.29 ON 19-20      TO 1/4 MILE OR LESS
LOWEST:     14 ON  7                               3 = THUNDER
                        SNOW, ICE PELLETS, HAIL    4 = ICE PELLETS
                        TOTAL MONTH:    T          5 = HAIL
                        GRTST 24HR    T  ON  6- 6  6 = FREEZING RAIN OR DRIZZLE
                        GRTST DEPTH:   0           7 = DUSTSTORM OR SANDSTORM:
                                                       VSBY 1/2 MILE OR LESS
                                                   8 = SMOKE OR HAZE
[NO. OF DAYS WITH]      [WEATHER - DAYS WITH]      9 = BLOWING SNOW
                                                   X = TORNADO
MAX 32 OR BELOW:   1    0.01 INCH OR MORE:   8
MAX 90 OR ABOVE:   0    0.10 INCH OR MORE:   5
MIN 32 OR BELOW:  21    0.50 INCH OR MORE:   2
MIN  0 OR BELOW:   0    1.00 INCH OR MORE:   1

[HDD (BASE 65) ]
TOTAL THIS MO.   762    CLEAR  (SCALE 0-3)  14
DPTR FM NORMAL   -69    PTCLDY (SCALE 4-7)   9
TOTAL FM JUL 1  1502    CLOUDY (SCALE 8-10)  7
DPTR FM NORMAL   -86

[CDD (BASE 65) ]
TOTAL THIS MO.     0
DPTR FM NORMAL     0    [PRESSURE DATA]
TOTAL FM JAN 1  2190    HIGHEST SLP M ON M
DPTR FM NORMAL   492    LOWEST  SLP 29.66 ON 30

[REMARKS]
