000
CXUS53 KSGF 010800
CF6JLN
PRELIMINARY LOCAL CLIMATOLOGICAL DATA (WS FORM: F-6)

                                          STATION:   JOPLIN MO
                                          MONTH:     SEPTEMBER
                                          YEAR:      2011
                                          LATITUDE:   37 10 N
                                          LONGITUDE:  94 30 W

  TEMPERATURE IN F:       :PCPN:    SNOW:  WIND      :SUNSHINE: SKY     :PK WND
================================================================================
1   2   3   4   5  6A  6B    7    8   9   10  11  12  13   14  15   16   17  18
                                     12Z  AVG MX 2MIN
DY MAX MIN AVG DEP HDD CDD  WTR  SNW DPTH SPD SPD DIR MIN PSBL S-S WX    SPD DR
================================================================================

 1 102  80  91  14   0  26 0.00  0.0    0 12.6 20 170   M    M   0        24 160
 2  99  76  88  12   0  23 0.00  0.0    0 10.4 21 200   M    M   0        25 210
 3  97  74  86  10   0  21    T  0.0    0  6.5 17 360   M    M   2        24 210
 4  79  58  69  -7   0   4 0.12  0.0    0 11.1 22  40   M    M   4 1      30  10
 5  76  52  64 -11   1   0 0.00  0.0    0  9.5 22 360   M    M   0        45 100
 6  79  48  64 -11   1   0 0.00  0.0    0   M  13  30   M    M   0         M 360
 7  78  44  61 -13   4   0 0.00  0.0    0  4.4 15 360   M    M   0        25 120
 8  81  48  65  -9   0   0 0.00  0.0    0  4.6 17 350   M    M   0        24 350
 9  83  53  68  -6   0   3 0.00  0.0    0   M  21 110   M    M   2         M  M
10  83  57  70  -3   0   5    T  0.0    0  4.5 13 360   M    M   5         M 150
11  85  55  70  -3   0   5 0.00  0.0    0  2.9 12 360   M    M   1 1      17  30
12  93  60  77   5   0  12 0.00  0.0    0  7.5 16 190   M    M   0        22 230
13 100  71  86  14   0  21    T  0.0    0  9.4 18 160   M    M   0 3      26 160
14  79  55  67  -5   0   2 0.15  0.0    0  9.0 20  20   M    M   4 1      28  20
15  61  45  53 -18  12   0    T  0.0    0  7.5 18  70   M    M   5        32 140
16  60  54  57 -14   8   0 0.23  0.0    0   M   M   M   M    M  10 1       M  M
17  66  55  61  -9   4   0 3.02  0.0    0  8.5 22 260   M    M   9 13     38 150
18  73  58  66  -4   0   1 0.08  0.0    0  4.2 18 120   M    M   8 123    32 150
19  80  57  69   0   0   4 0.01  0.0    0  7.0 17 340   M    M   3 128     M  M
20  81  51  66  -3   0   1 0.00  0.0    0  3.9 12 180   M    M   0        16 160
21  75  56  66  -2   0   1 0.01  0.0    0  5.1 17 330   M    M   4        20 330
22  68  53  61  -7   4   0 0.31  0.0    0  3.9 10 170   M    M   4 1      16 320
23  76  50  63  -5   2   0 0.00  0.0    0  8.2 18 210   M    M   2 1      24 200
24  67  52  60  -7   5   0    T  0.0    0  4.6 13  80   M    M   3        21  80
25  70  45  58  -9   7   0    T  0.0    0  7.3 18  50   M    M   1        25  60
26  72  41  57  -9   8   0 0.00  0.0    0  4.0 14 310   M    M   0        20 250
27  80  48  64  -2   1   0 0.00  0.0    0  6.0 17 290   M    M   0        22 210
28  84  52  68   2   0   3 0.00  0.0    0  4.8 14 250   M    M   0 18     16 260
29  86  53  70   5   0   5 0.00  0.0    0  7.7 23 350   M    M   0        30 350
30  73  44  59  -6   6   0 0.00  0.0    0  4.2 14 360   M    M   0        18 150
================================================================================
SM 2386 1645        63 137  3.93     0.0 179.3          M       67
================================================================================
AV 79.5 54.8                               6.6 FASTST   M    M   2    MAX(MPH)
                                 MISC ---->  # 23 350               # 45  100
================================================================================
NOTES:
# LAST OF SEVERAL OCCURRENCES

COLUMN 17 PEAK WIND IN M.P.H.

PRELIMINARY LOCAL CLIMATOLOGICAL DATA (WS FORM: F-6) , PAGE 2

                                          STATION:  JOPLIN MO
                                          MONTH:    SEPTEMBER
                                          YEAR:     2011
                                          LATITUDE:   37 10 N
                                          LONGITUDE:  94 30 W

[TEMPERATURE DATA]      [PRECIPITATION DATA]       SYMBOLS USED IN COLUMN 16

AVERAGE MONTHLY: 67.2   TOTAL FOR MONTH:   3.93    1 = FOG OR MIST
DPTR FM NORMAL:  -3.6   DPTR FM NORMAL:   -1.02    2 = FOG REDUCING VISIBILITY
HIGHEST:   102 ON  1    GRTST 24HR  3.05 ON 17-18      TO 1/4 MILE OR LESS
LOWEST:     41 ON 26                               3 = THUNDER
                        SNOW, ICE PELLETS, HAIL    4 = ICE PELLETS
                        TOTAL MONTH:   0.0 INCH    5 = HAIL
                        GRTST 24HR     0.0         6 = FREEZING RAIN OR DRIZZLE
                        GRTST DEPTH:   0           7 = DUSTSTORM OR SANDSTORM:
                                                       VSBY 1/2 MILE OR LESS
                                                   8 = SMOKE OR HAZE
[NO. OF DAYS WITH]      [WEATHER - DAYS WITH]      9 = BLOWING SNOW
                                                   X = TORNADO
MAX 32 OR BELOW:   0    0.01 INCH OR MORE:   8
MAX 90 OR ABOVE:   5    0.10 INCH OR MORE:   5
MIN 32 OR BELOW:   0    0.50 INCH OR MORE:   1
MIN  0 OR BELOW:   0    1.00 INCH OR MORE:   1

[HDD (BASE 65) ]
TOTAL THIS MO.    63    CLEAR  (SCALE 0-3)  21
DPTR FM NORMAL    22    PTCLDY (SCALE 4-7)   6
TOTAL FM JUL 1    63    CLOUDY (SCALE 8-10)  3
DPTR FM NORMAL    21

[CDD (BASE 65) ]
TOTAL THIS MO.   137
DPTR FM NORMAL   -78    [PRESSURE DATA]
TOTAL FM JAN 1  2133    HIGHEST SLP 30.03 ON 10
DPTR FM NORMAL   491    LOWEST  SLP 29.78 ON 25

[REMARKS]
#FINAL-09-11#
