000
CXUS53 KSGF 010800
CF6JLN
PRELIMINARY LOCAL CLIMATOLOGICAL DATA (WS FORM: F-6)

                                          STATION:   JOPLIN MO
                                          MONTH:     NOVEMBER
                                          YEAR:      2011
                                          LATITUDE:   37 10 N
                                          LONGITUDE:  94 30 W

  TEMPERATURE IN F:       :PCPN:    SNOW:  WIND      :SUNSHINE: SKY     :PK WND
================================================================================
1   2   3   4   5  6A  6B    7    8   9   10  11  12  13   14  15   16   17  18
                                     12Z  AVG MX 2MIN
DY MAX MIN AVG DEP HDD CDD  WTR  SNW DPTH SPD SPD DIR MIN PSBL S-S WX    SPD DR
================================================================================

 1  76  51  64   9   1   0 0.00  0.0    0 14.4 29 180   M    M   0        36 190
 2  69  40  55   1  10   0 0.68  0.0    0 14.1 26 190   M    M   5 1      33 320
 3  54  37  46  -8  19   0 0.05  0.0    0 14.7 26 340   M    M   6 1      36 320
 4  61  30  46  -8  19   0 0.00  0.0    0  3.4 12 150   M    M   0        15 150
 5  63  34  49  -4  16   0 0.00  0.0    0 12.4 21 170   M    M   1        26 170
 6  68  54  61   8   4   0 0.12  0.0    0 13.8 26 180   M    M   8 1      35 160
 7  66  60  63  11   2   0 0.85  0.0    0  9.2 18 150   M    M   9 13     30 150
 8  64  45  55   3  10   0 1.91    M    0 12.7 43 290   M    M   9 13     52 290
 9  55  36  46  -6  19   0    T    M    0 12.1 24 300   M    M   3 1      37 300
10  54  29  42  -9  23   0 0.00  0.0    0  4.8 15 300   M    M   0 8      21 310
11  67  38  53   2  12   0 0.00  0.0    0 17.2 30 210   M    M   0        38 210
12  66  50  58   8   7   0 0.00  0.0    0 21.0 33 190   M    M   0        44 190
13  73  58  66  16   0   1 0.00  0.0    0 17.9 30 200   M    M   0        41 210
14  74  53  64  15   1   0 0.00  0.0    0 13.4 31 210   M    M   2        40 210
15  68  47  58   9   7   0 0.00  0.0    0  6.2 15  30   M    M   4 1      23  20
16  49  30  40  -8  25   0 0.01    T    0 10.5 24 360   M    M   4 146    29 360
17  47  23  35 -13  30   0 0.00    M    0  7.1 16 170   M    M   0 4      23 190
18  59  40  50   3  15   0 0.00  0.0    0 19.9 31 180   M    M   0        43 200
19  71  41  56   9   9   0 0.01  0.0    0 20.0 37 200   M    M   7        51 190
20  42  35  39  -7  26   0 0.37    M    0  8.1 15  30   M    M  10 1      22  30
21  43  36  40  -6  25   0 0.30  0.0    0  6.1 15  80   M    M  10 1      18  80
22  48  42  45   0  20   0 0.43  0.0    0  8.0 17 100   M    M  10 1      22 100
23  62  38  50   5  15   0 0.00  0.0    0  4.4 12 180   M    M   3 18     14 180
24  65  41  53   9  12   0 0.00  0.0    M 10.0 21 200   M    M   0 1      24 200
25  63  45  54  10  11   0 0.00  0.0    0 18.4 28 180   M    M   4        56 160
26  62  39  51   7  14   0 0.89  0.0    0 16.5 26 340   M    M  10 1      33 350
27  39  27  33 -10  32   0 0.00  0.0    0 10.4 21 340   M    M   8        43  10
28  39  23  31 -12  34   0 0.00  0.0    0  5.5 13 330   M    M   3 1      22 310
29  50  25  38  -4  27   0 0.00  0.0    0  8.8 22 350   M    M   0 1      28 340
30  52  20  36  -6  29   0 0.00  0.0    0  4.1 12 140   M    M   0        15 200
================================================================================
SM 1769 1167       474   1  5.62    T    345.1          M      116
================================================================================
AV 59.0 38.9                              11.5 FASTST   M    M   4    MAX(MPH)
                                 MISC ---->  # 43 290               # 56  160
================================================================================
NOTES:
# LAST OF SEVERAL OCCURRENCES

COLUMN 17 PEAK WIND IN M.P.H.

PRELIMINARY LOCAL CLIMATOLOGICAL DATA (WS FORM: F-6) , PAGE 2

                                          STATION:  JOPLIN MO
                                          MONTH:    NOVEMBER
                                          YEAR:     2011
                                          LATITUDE:   37 10 N
                                          LONGITUDE:  94 30 W

[TEMPERATURE DATA]      [PRECIPITATION DATA]       SYMBOLS USED IN COLUMN 16

AVERAGE MONTHLY: 48.9   TOTAL FOR MONTH:   5.62    1 = FOG OR MIST
DPTR FM NORMAL:   0.5   DPTR FM NORMAL:    1.84    2 = FOG REDUCING VISIBILITY
HIGHEST:    76 ON  1    GRTST 24HR  2.35 ON  7- 8      TO 1/4 MILE OR LESS
LOWEST:     20 ON 30                               3 = THUNDER
                        SNOW, ICE PELLETS, HAIL    4 = ICE PELLETS
                        TOTAL MONTH:    T          5 = HAIL
                        GRTST 24HR    T  ON 16-16  6 = FREEZING RAIN OR DRIZZLE
                        GRTST DEPTH:   0           7 = DUSTSTORM OR SANDSTORM:
                                                       VSBY 1/2 MILE OR LESS
                                                   8 = SMOKE OR HAZE
[NO. OF DAYS WITH]      [WEATHER - DAYS WITH]      9 = BLOWING SNOW
                                                   X = TORNADO
MAX 32 OR BELOW:   0    0.01 INCH OR MORE:  11
MAX 90 OR ABOVE:   0    0.10 INCH OR MORE:   8
MIN 32 OR BELOW:   8    0.50 INCH OR MORE:   4
MIN  0 OR BELOW:   0    1.00 INCH OR MORE:   1

[HDD (BASE 65) ]
TOTAL THIS MO.   474    CLEAR  (SCALE 0-3)  14
DPTR FM NORMAL   -31    PTCLDY (SCALE 4-7)  10
TOTAL FM JUL 1   740    CLOUDY (SCALE 8-10)  6
DPTR FM NORMAL   -17

[CDD (BASE 65) ]
TOTAL THIS MO.     1
DPTR FM NORMAL    -6    [PRESSURE DATA]
TOTAL FM JAN 1  2190    HIGHEST SLP M ON M
DPTR FM NORMAL   492    LOWEST  SLP 29.54 ON 13

[REMARKS]
#FINAL-11-11#
