000
CXUS53 KSGF 010800
CF6JLN
PRELIMINARY LOCAL CLIMATOLOGICAL DATA (WS FORM: F-6)

                                          STATION:   JOPLIN MO
                                          MONTH:     AUGUST
                                          YEAR:      2011
                                          LATITUDE:   37 10 N
                                          LONGITUDE:  94 30 W

  TEMPERATURE IN F:       :PCPN:    SNOW:  WIND      :SUNSHINE: SKY     :PK WND
================================================================================
1   2   3   4   5  6A  6B    7    8   9   10  11  12  13   14  15   16   17  18
                                     12Z  AVG MX 2MIN
DY MAX MIN AVG DEP HDD CDD  WTR  SNW DPTH SPD SPD DIR MIN PSBL S-S WX    SPD DR
================================================================================

 1 108  79  94  13   0  29 0.00  0.0    0  6.0 16 150   M    M   0        21 140
 2 110  84  97  16   0  32 0.00  0.0    0 10.2 18 250   M    M   0        24 260
 3 105  76  91  10   0  26    T  0.0    0  5.8 14  30   M    M   0 3      22 360
 4 100  72  86   5   0  21    M  0.0    0   M  30 320   M    M   0 3       M  M
 5 107  78  93  12   0  28 0.00  0.0    0  7.8 29 120   M    M   1         M  M
 6 103  81  92  11   0  27    T  0.0    0  7.3 22 220   M    M   0 3      26 220
 7 107  75  91  10   0  26 0.00  0.0    0   M  25 350   M    M   1         M  M
 8  87  70  79  -2   0  14 1.07  0.0    0   M  29 350   M    M   5 138     M  M
 9  94  68  81   0   0  16    M  0.0    0  3.2 13 300   M    M   2 123    25 210
10  80  69  75  -6   0  10 0.16  0.0    0   M   M   M   M    M   3 13      M  M
11  87  68  78  -2   0  13 0.00  0.0    0  4.8 13 150   M    M   5        30 200
12  87  67  77  -3   0  12 1.03  0.0    0  8.6 23 140   M    M   4 13     31 130
13  89  64  77  -3   0  12 0.01  0.0    0  4.6 23 140   M    M   1 13     63  30
14  86  64  75  -5   0  10 0.00  0.0    0   M   M   M   M    M   1         M  M
15  90  66  78  -2   0  13 0.00  0.0    0  9.5 18  90   M    M   1        25 100
16  96  74  85   5   0  20    T  0.0    0 10.3 20 200   M    M   1        26 200
17  94  73  84   4   0  19 0.00  0.0    0  6.3 13 260   M    M   1        24 180
18  97  73  85   5   0  20 0.08  0.0    0  5.7 15 180   M    M   1 138    18 180
19  99  72  86   6   0  21 0.00  0.0    0  9.7 25  10   M    M   1 3      36  20
20  96  72  84   4   0  19 0.00  0.0    0  7.9 25 330   M    M   1        32 340
21  96  72  84   4   0  19 0.00  0.0    0  3.2 12  40   M    M   0        18  40
22  90  73  82   3   0  17 0.00  0.0    0  5.6 16 210   M    M   1        24 140
23  93  74  84   5   0  19 0.02  0.0    0 11.5 24 190   M    M   2 3      31 190
24 101  79  90  11   0  25 0.00  0.0    0 10.3 22 210   M    M   0        29 200
25  92  64  78  -1   0  13 0.00  0.0    0  6.7 14  20   M    M   0        20 350
26  97  58  78   0   0  13 0.00  0.0    0  3.5  8  50   M    M   0        15  60
27  99  66  83   5   0  18 0.00  0.0    0  3.5 12  50   M    M   0        18  30
28  99  67  83   5   0  18 0.00  0.0    0  4.3 12  90   M    M   0        16 100
29  95  72  84   6   0  19 0.00  0.0    0  6.1 15 120   M    M   1 3      28 210
30  95  74  85   8   0  20 0.00  0.0    0 14.2 26 180   M    M   1        32 180
31 104  80  92  15   0  27 0.00  0.0    0 14.4 25 210   M    M   1        32 190
================================================================================
SM 2983 2224         0 596  2.37     0.0 191.0          M       35
================================================================================
AV 96.2 71.7                               7.3 FASTST   M    M   1    MAX(MPH)
                                 MISC ---->  # 30 320               # 63   30
================================================================================
NOTES:
# LAST OF SEVERAL OCCURRENCES

COLUMN 17 PEAK WIND IN M.P.H.

PRELIMINARY LOCAL CLIMATOLOGICAL DATA (WS FORM: F-6) , PAGE 2

                                          STATION:  JOPLIN MO
                                          MONTH:    AUGUST
                                          YEAR:     2011
                                          LATITUDE:   37 10 N
                                          LONGITUDE:  94 30 W

[TEMPERATURE DATA]      [PRECIPITATION DATA]       SYMBOLS USED IN COLUMN 16

AVERAGE MONTHLY: 84.0   TOTAL FOR MONTH:   2.37    1 = FOG OR MIST
DPTR FM NORMAL:   4.3   DPTR FM NORMAL:   -0.98    2 = FOG REDUCING VISIBILITY
HIGHEST:   110 ON  2    GRTST 24HR  1.15 ON  8- 9      TO 1/4 MILE OR LESS
LOWEST:     58 ON 26                               3 = THUNDER
                        SNOW, ICE PELLETS, HAIL    4 = ICE PELLETS
                        TOTAL MONTH:   0.0 INCH    5 = HAIL
                        GRTST 24HR     0.0         6 = FREEZING RAIN OR DRIZZLE
                        GRTST DEPTH:   0           7 = DUSTSTORM OR SANDSTORM:
                                                       VSBY 1/2 MILE OR LESS
                                                   8 = SMOKE OR HAZE
[NO. OF DAYS WITH]      [WEATHER - DAYS WITH]      9 = BLOWING SNOW
                                                   X = TORNADO
MAX 32 OR BELOW:   0    0.01 INCH OR MORE:   6
MAX 90 OR ABOVE:  25    0.10 INCH OR MORE:   3
MIN 32 OR BELOW:   0    0.50 INCH OR MORE:   2
MIN  0 OR BELOW:   0    1.00 INCH OR MORE:   2

[HDD (BASE 65) ]
TOTAL THIS MO.     0    CLEAR  (SCALE 0-3)  28
DPTR FM NORMAL    -1    PTCLDY (SCALE 4-7)   3
TOTAL FM JUL 1     0    CLOUDY (SCALE 8-10)  0
DPTR FM NORMAL    -1

[CDD (BASE 65) ]
TOTAL THIS MO.   596
DPTR FM NORMAL   140    [PRESSURE DATA]
TOTAL FM JAN 1  1996    HIGHEST SLP M ON M
DPTR FM NORMAL   569    LOWEST  SLP 29.70 ON  8

[REMARKS]
#FINAL-08-11#
