000
CXUS53 KSGF 010710
CF6JLN
PRELIMINARY LOCAL CLIMATOLOGICAL DATA (WS FORM: F-6)
STATION: JOPLIN MO
MONTH: MAY
YEAR: 2021
LATITUDE: 37 10 N
LONGITUDE: 94 30 W
TEMPERATURE IN F: :PCPN: SNOW: WIND :SUNSHINE: SKY :PK WND
================================================================================
1 2 3 4 5 6A 6B 7 8 9 10 11 12 13 14 15 16 17 18
12Z AVG MX 2MIN
DY MAX MIN AVG DEP HDD CDD WTR SNW DPTH SPD SPD DIR MIN PSBL S-S WX SPD DR
================================================================================
1 78 52 65 3 0 0 0.00 M M 10.2 20 190 M M 0 27 190
2 77 60 69 7 0 4 0.12 M M 9.1 17 170 M M 3 13 23 180
3 77 58 68 5 0 3 0.48 M M 8.3 17 20 M M 5 13 25 30
4 60 42 51 -12 14 0 0.75 M M 9.2 23 10 M M 7 1 31 10
5 71 38 55 -8 10 0 0.00 M M 3.7 10 330 M M 1 1 14 40
6 68 43 56 -7 9 0 0.00 M M 8.6 21 350 M M 1 29 320
7 66 40 53 -11 12 0 T M M 6.5 15 210 M M 6 22 210
8 83 58 71 7 0 6 T M M 16.0 31 180 M M 5 40 190
9 76 50 63 -1 2 0 0.59 M M 12.6 29 200 M M 9 13 49 210
10 57 45 51 -14 14 0 0.08 M M 6.0 20 30 M M 7 1 25 30
11 60 43 52 -13 13 0 0.00 M M 8.0 17 40 M M 7 1 27 40
12 64 44 54 -11 11 0 0.00 M M 6.6 14 30 M M 7 22 20
13 69 43 56 -10 9 0 0.00 M M 5.5 12 120 M M 3 17 110
14 73 50 62 -4 3 0 T M M 9.9 20 180 M M 3 25 170
15 67 54 61 -5 4 0 0.40 M M 6.3 18 150 M M 7 13 26 140
16 78 59 69 3 0 4 0.10 M M 8.7 20 200 M M 6 1 26 180
17 76 63 70 3 0 5 1.12 M M 5.8 15 260 M M 8 1 21 260
18 80 63 72 5 0 7 0.00 M M 6.7 15 130 M M 5 1 20 150
19 76 62 69 2 0 4 0.04 M M 9.3 18 120 M M 8 1 26 140
20 74 67 71 3 0 6 0.02 M M 10.1 18 170 M M 7 1 31 170
21 73 67 70 2 0 5 0.07 M M 11.2 23 160 M M 8 1 35 190
22 78 65 72 4 0 7 0.22 M M 4.6 18 190 M M 7 1 25 190
23 82 64 73 4 0 8 0.06 M M 3.9 16 250 M M 4 1 22 240
24 79 66 73 4 0 8 T M M 7.6 15 200 M M 3 1 20 190
25 76 66 71 2 0 6 0.03 M M 8.7 22 190 M M 6 1 29 190
26 86 63 75 5 0 10 0.00 M M 5.0 14 220 M M 4 1 20 220
27 80 64 72 2 0 7 3.07 M M 8.8 38 250 M M 7 123 52 250
28 66 54 60 -10 5 0 0.00 M M 10.9 20 350 M M 8 27 350
29 61 50 56 -15 9 0 0.00 M M 8.5 15 30 M M 8 21 20
30 72 48 60 -11 5 0 0.00 M M 4.5 10 150 M M 2 16 150
31 67 55 61 -10 4 0 0.24 M M 5.2 17 50 M M 4 1 23 50
================================================================================
SM 2250 1696 124 90 7.39 M 246.0 M 166
================================================================================
AV 72.6 54.7 7.9 FASTST M M 5 MAX(MPH)
MISC ----> 38 250 52 250
================================================================================
NOTES:
# LAST OF SEVERAL OCCURRENCES
COLUMN 17 PEAK WIND IN M.P.H.
PRELIMINARY LOCAL CLIMATOLOGICAL DATA (WS FORM: F-6) , PAGE 2
STATION: JOPLIN MO
MONTH: MAY
YEAR: 2021
LATITUDE: 37 10 N
LONGITUDE: 94 30 W
[TEMPERATURE DATA] [PRECIPITATION DATA] SYMBOLS USED IN COLUMN 16
AVERAGE MONTHLY: 63.6 TOTAL FOR MONTH: 7.39 1 = FOG OR MIST
DPTR FM NORMAL: -2.9 DPTR FM NORMAL: 0.83 2 = FOG REDUCING VISIBILITY
HIGHEST: 86 ON 26 GRTST 24HR 3.07 ON 27-27 TO 1/4 MILE OR LESS
LOWEST: 38 ON 5 3 = THUNDER
SNOW, ICE PELLETS, HAIL 4 = ICE PELLETS
TOTAL MONTH: M 5 = HAIL
GRTST 24HR M ON M 6 = FREEZING RAIN OR DRIZZLE
GRTST DEPTH: M ON M 7 = DUSTSTORM OR SANDSTORM:
VSBY 1/2 MILE OR LESS
8 = SMOKE OR HAZE
[NO. OF DAYS WITH] [WEATHER - DAYS WITH] 9 = BLOWING SNOW
X = TORNADO
MAX 32 OR BELOW: 0 0.01 INCH OR MORE: 16
MAX 90 OR ABOVE: 0 0.10 INCH OR MORE: 10
MIN 32 OR BELOW: 0 0.50 INCH OR MORE: 4
MIN 0 OR BELOW: 0 1.00 INCH OR MORE: 2
[HDD (BASE 65) ]
TOTAL THIS MO. 124 CLEAR (SCALE 0-3) 6
DPTR FM NORMAL 45 PTCLDY (SCALE 4-7) 22
TOTAL FM JUL 1 4142 CLOUDY (SCALE 8-10) 3
DPTR FM NORMAL 26
[CDD (BASE 65) ]
TOTAL THIS MO. 90
DPTR FM NORMAL -36 [PRESSURE DATA]
TOTAL FM JAN 1 116 HIGHEST SLP M ON M
DPTR FM NORMAL -56 LOWEST SLP 29.48 ON 2
[REMARKS]
#FINAL-05-21#