000
CXUS53 KSGF 221647
CF6JLN
PRELIMINARY LOCAL CLIMATOLOGICAL DATA (WS FORM: F-6)

                                          STATION:   JOPLIN MO
                                          MONTH:     JUNE
                                          YEAR:      2011
                                          LATITUDE:   37 10 N
                                          LONGITUDE:  94 30 W

  TEMPERATURE IN F:       :PCPN:    SNOW:  WIND      :SUNSHINE: SKY     :PK WND
================================================================================
1   2   3   4   5  6A  6B    7    8   9   10  11  12  13   14  15   16   17  18
                                     12Z  AVG MX 2MIN
DY MAX MIN AVG DEP HDD CDD  WTR  SNW DPTH SPD SPD DIR MIN PSBL S-S WX    SPD DR
================================================================================

 1  88  68  78   7   0  13 0.00  0.0    0  4.9 14 200   M    M   5         M  M
 2  90  72  81  10   0  16 0.00  0.0    0 10.5 22 190   M    M   0        28 190
 3  93  74  84  13   0  19 0.00  0.0    0 12.7 25 210   M    M   0        32 180
 4  92  71  82  10   0  17 0.00  0.0    0  9.7 18 250   M    M   0 8      24 250
 5  92  67  80   8   0  15 0.00  0.0    0  8.1 14 220   M    M   0        32 160
 6  93  74  84  12   0  19 0.00  0.0    0 10.1 17 200   M    M   0        22 210
 7  92  69  81   8   0  16 0.00  0.0    0 12.1 23 190   M    M   0        29 170
 8  90  73  82   9   0  17 0.00  0.0    0 13.5 24 180   M    M   0        33 190
 9  92  71  82   9   0  17 0.00  0.0    0 13.5 24 180   M    M   1        31 210
10  89  69  79   5   0  14    T  0.0    0  9.4 26 200   M    M   1 3      33 210
11  83  68  76   2   0  11 0.00  0.0    0  6.2 15  30   M    M   4 18     18  40
12  86  66  76   2   0  11 0.03  0.0    0  7.2 17 250   M    M   1 13     22 250
13  94  73  84  10   0  19 0.00  0.0    0 14.6 30 190   M    M   0 8      39 180
14  92  75  84   9   0  19    T  0.0    0 16.7 28 170   M    M   1 3      35 180
15  91  66  79   4   0  14 0.00  0.0    0  6.7 16 310   M    M   1        21 310
16  86  65  76   1   0  11 0.01  0.0    0 10.2 23 110   M    M   2 3      32 120
17  93  69  81   6   0  16 0.00  0.0    0 11.8 24 200   M    M   3        32 160
18  93  69  81   5   0  16 0.06  0.0    0 10.6 31 310   M    M   3 18     44 300
19  93  66  80   4   0  15 0.10  0.0    0 12.9 23 190   M    M   0 1      31 190
20  93  64  79   3   0  14 0.38  0.0    0 21.2 32 260   M    M   0 13     45 240
21  86  64  75  -1   0  10 0.23  0.0    0 11.6 25 230   M    M   4 13     32 250
22  87  63  75  -1   0  10 0.00  0.0    0  9.0 25 290   M    M   0        32 280
23  88  59  74  -3   0   9 0.06  0.0    0  4.6 10  90   M    M   0 38     10  80
24  95  67  81   4   0  16 0.01  0.0    0  8.1 17 210   M    M   1 3      24 210
25  96  75  86   9   0  21 0.00  0.0    0 11.7 24 170   M    M   1        32 190
26  95  78  87  10   0  22 0.05  0.0    0 12.9 20 180   M    M   3 35     25 190
27  93  76  85   7   0  20 0.00  0.0    0 11.6 24 190   M    M   4        31 190
28  89  70  80   2   0  15 0.09  0.0    0  7.7 16  80   M    M   3 13     24  80
29  98  81  90  12   0  25 0.00  0.0    0  7.9 15 180   M    M   0 8      17 160
30 100  77  89  11   0  24 0.00  0.0    0 10.7 17 200   M    M   0        25 210
================================================================================
SM 2742 2099         0 481  1.02     0.0 318.4          M       38
================================================================================
AV 91.4 70.0                              10.6 FASTST   M    M   1    MAX(MPH)
                                 MISC ---->  # 32 260               # 45  240
================================================================================
NOTES:
# LAST OF SEVERAL OCCURRENCES

COLUMN 17 PEAK WIND IN M.P.H.

PRELIMINARY LOCAL CLIMATOLOGICAL DATA (WS FORM: F-6) , PAGE 2

                                          STATION:  JOPLIN MO
                                          MONTH:    JUNE
                                          YEAR:     2011
                                          LATITUDE:   37 10 N
                                          LONGITUDE:  94 30 W

[TEMPERATURE DATA]      [PRECIPITATION DATA]       SYMBOLS USED IN COLUMN 16

AVERAGE MONTHLY: 80.7   TOTAL FOR MONTH:   1.02    1 = FOG OR MIST
DPTR FM NORMAL:   5.9   DPTR FM NORMAL:   -4.40    2 = FOG REDUCING VISIBILITY
HIGHEST:   100 ON 30    GRTST 24HR  0.61 ON 20-21      TO 1/4 MILE OR LESS
LOWEST:     59 ON 23                               3 = THUNDER
                        SNOW, ICE PELLETS, HAIL    4 = ICE PELLETS
                        TOTAL MONTH:   0.0 INCH    5 = HAIL
                        GRTST 24HR     0.0         6 = FREEZING RAIN OR DRIZZLE
                        GRTST DEPTH:   0           7 = DUSTSTORM OR SANDSTORM:
                                                       VSBY 1/2 MILE OR LESS
                                                   8 = SMOKE OR HAZE
[NO. OF DAYS WITH]      [WEATHER - DAYS WITH]      9 = BLOWING SNOW
                                                   X = TORNADO
MAX 32 OR BELOW:   0    0.01 INCH OR MORE:  10
MAX 90 OR ABOVE:  21    0.10 INCH OR MORE:   3
MIN 32 OR BELOW:   0    0.50 INCH OR MORE:   0
MIN  0 OR BELOW:   0    1.00 INCH OR MORE:   0

[HDD (BASE 65) ]
TOTAL THIS MO.     0    CLEAR  (SCALE 0-3)  26
DPTR FM NORMAL    -8    PTCLDY (SCALE 4-7)   4
TOTAL FM JUL 1  4252    CLOUDY (SCALE 8-10)  0
DPTR FM NORMAL    -1

[CDD (BASE 65) ]
TOTAL THIS MO.   481
DPTR FM NORMAL   182    [PRESSURE DATA]
TOTAL FM JAN 1   688    HIGHEST SLP M ON M
DPTR FM NORMAL   249    LOWEST  SLP 29.48 ON 20

[REMARKS]
#FINAL-06-11#
