000
CXUS53 KSGF 010710
CF6JLN
PRELIMINARY LOCAL CLIMATOLOGICAL DATA (WS FORM: F-6)
STATION: JOPLIN MO
MONTH: APRIL
YEAR: 2021
LATITUDE: 37 10 N
LONGITUDE: 94 30 W
TEMPERATURE IN F: :PCPN: SNOW: WIND :SUNSHINE: SKY :PK WND
================================================================================
1 2 3 4 5 6A 6B 7 8 9 10 11 12 13 14 15 16 17 18
12Z AVG MX 2MIN
DY MAX MIN AVG DEP HDD CDD WTR SNW DPTH SPD SPD DIR MIN PSBL S-S WX SPD DR
================================================================================
1 54 28 41 -13 24 0 0.00 M M 5.4 16 360 M M 0 26 10
2 68 37 53 -1 12 0 0.00 M M 12.4 22 190 M M 1 27 190
3 72 45 59 5 6 0 0.00 M M 13.1 23 200 M M 1 30 190
4 76 51 64 9 1 0 0.00 M M 12.6 18 220 M M 0 32 250
5 77 54 66 11 0 1 0.00 M M 15.2 25 200 M M 3 35 190
6 76 61 69 13 0 4 0.00 M M 18.8 29 170 M M 2 43 150
7 71 46 59 3 6 0 T M M 18.3 32 200 M M 7 13 44 180
8 72 47 60 4 5 0 0.00 M M 14.7 31 250 M M 6 40 260
9 80 51 66 10 0 1 M M M 9.9 22 350 M M 4 13 29 340
10 62 46 54 -3 11 0 M M M 11.2 21 310 M M 8 28 300
11 77 39 58 1 7 0 0.00 M M 10.1 23 220 M M 0 8 30 230
12 64 48 56 -1 9 0 0.00 M 0 10.4 21 20 M M 6 28 10
13 64 52 58 0 7 0 0.00 M M 8.7 17 360 M M 6 25 40
14 64 49 57 -1 8 0 0.00 M M 5.9 16 360 M M 4 20 360
15 60 41 51 -7 14 0 0.08 M M 6.6 15 80 M M 3 19 90
16 52 46 49 -10 16 0 0.45 M M 4.6 14 130 M M 10 1 23 130
17 53 43 48 -11 17 0 0.06 M M 8.3 15 310 M M 10 1 19 330
18 60 41 51 -8 14 0 T M M 7.4 21 270 M M 7 30 260
19 71 37 54 -6 11 0 0.00 M M 9.9 22 30 M M 1 30 30
20 43 29 36 -24 29 0 0.11 M M 9.2 21 360 M M 6 18 28 10
21 55 28 42 -18 23 0 0.00 M M 8.8 20 310 M M 2 1 27 310
22 59 30 45 -15 20 0 0.06 M M 3.8 16 200 M M 3 1 20 200
23 67 48 58 -3 7 0 0.34 M M 9.8 20 150 M M 10 13 27 140
24 67 46 57 -4 8 0 0.13 M M 8.8 17 360 M M 7 1 29 360
25 76 44 60 -1 5 0 0.00 M M 11.9 23 180 M M 0 31 170
26 85 59 72 10 0 7 0.00 M M 20.0 32 200 M M 0 46 190
27 77 66 72 10 0 7 0.01 M M 15.9 26 190 M M 3 1 37 190
28 71 64 68 6 0 3 0.32 M M 9.2 32 180 M M 8 13 47 180
29 74 50 62 0 3 0 T M M 9.5 18 340 M M 4 1 25 360
30 81 45 63 0 2 0 0.00 M M 3.9 10 360 M M 0 18 15 170
================================================================================
SM 2028 1371 265 23 1.56 M 314.3 M 122
================================================================================
AV 67.6 45.7 10.5 FASTST M M 4 MAX(MPH)
MISC ----> # 32 200 47 180
================================================================================
NOTES:
# LAST OF SEVERAL OCCURRENCES
COLUMN 17 PEAK WIND IN M.P.H.
PRELIMINARY LOCAL CLIMATOLOGICAL DATA (WS FORM: F-6) , PAGE 2
STATION: JOPLIN MO
MONTH: APRIL
YEAR: 2021
LATITUDE: 37 10 N
LONGITUDE: 94 30 W
[TEMPERATURE DATA] [PRECIPITATION DATA] SYMBOLS USED IN COLUMN 16
AVERAGE MONTHLY: 56.7 TOTAL FOR MONTH: 1.56 1 = FOG OR MIST
DPTR FM NORMAL: -1.7 DPTR FM NORMAL: -2.91 2 = FOG REDUCING VISIBILITY
HIGHEST: 85 ON 26 GRTST 24HR 0.52 ON 15-16 TO 1/4 MILE OR LESS
LOWEST: 28 ON 21, 1 3 = THUNDER
SNOW, ICE PELLETS, HAIL 4 = ICE PELLETS
TOTAL MONTH: M 5 = HAIL
GRTST 24HR M ON M 6 = FREEZING RAIN OR DRIZZLE
GRTST DEPTH: 0 7 = DUSTSTORM OR SANDSTORM:
VSBY 1/2 MILE OR LESS
8 = SMOKE OR HAZE
[NO. OF DAYS WITH] [WEATHER - DAYS WITH] 9 = BLOWING SNOW
X = TORNADO
MAX 32 OR BELOW: 0 0.01 INCH OR MORE: 9
MAX 90 OR ABOVE: 0 0.10 INCH OR MORE: 5
MIN 32 OR BELOW: 4 0.50 INCH OR MORE: 0
MIN 0 OR BELOW: 0 1.00 INCH OR MORE: 0
[HDD (BASE 65) ]
TOTAL THIS MO. 265 CLEAR (SCALE 0-3) 14
DPTR FM NORMAL 24 PTCLDY (SCALE 4-7) 13
TOTAL FM JUL 1 4018 CLOUDY (SCALE 8-10) 3
DPTR FM NORMAL 15
[CDD (BASE 65) ]
TOTAL THIS MO. 23
DPTR FM NORMAL -21 [PRESSURE DATA]
TOTAL FM JAN 1 26 HIGHEST SLP M ON M
DPTR FM NORMAL -28 LOWEST SLP 29.58 ON 9
[REMARKS]
#FINAL-04-21#