000
CXUS53 KSGF 010800
CF6JLN
PRELIMINARY LOCAL CLIMATOLOGICAL DATA (WS FORM: F-6)

                                          STATION:   JOPLIN MO
                                          MONTH:     JULY
                                          YEAR:      2011
                                          LATITUDE:   37 10 N
                                          LONGITUDE:  94 30 W

  TEMPERATURE IN F:       :PCPN:    SNOW:  WIND      :SUNSHINE: SKY     :PK WND
================================================================================
1   2   3   4   5  6A  6B    7    8   9   10  11  12  13   14  15   16   17  18
                                     12Z  AVG MX 2MIN
DY MAX MIN AVG DEP HDD CDD  WTR  SNW DPTH SPD SPD DIR MIN PSBL S-S WX    SPD DR
================================================================================

 1 100  75  88  10   0  23 0.00  0.0    0  9.1 17 230   M    M   1        23 240
 2 103  75  89  11   0  24 0.00  0.0    0  6.7 16 170   M    M   1 8      21 250
 3 100  71  86   7   0  21 0.05  0.0    0  7.9 26  30   M    M   1 3      37  30
 4  96  69  83   4   0  18 0.00  0.0    0  4.9 17 210   M    M   1 8      20 210
 5 100  71  86   7   0  21 0.00  0.0    0  4.0 10 210   M    M   1 18     25 210
 6  89  74  82   3   0  17 0.00  0.0    0  4.9 20 350   M    M   1        24 350
 7  95  73  84   5   0  19 0.05  0.0    0  8.6 21 320   M    M   2 13     26 120
 8  87  68  78  -1   0  13 0.00  0.0    0  6.7 15  70   M    M   4 12     23  50
 9 101  68  85   6   0  20 0.00  0.0    0  7.6 13 170   M    M   0 1      32 170
10 106  82  94  14   0  29 0.00  0.0    0 13.6 24 210   M    M   0        31 220
11 103  78  91  11   0  26 0.00  0.0    0  6.6 17 220   M    M   1        24 210
12 104  75  90  10   0  25 0.07  0.0    0  7.9 26 160   M    M   2 3      31 150
13  89  72  81   1   0  16 0.65  0.0    0  7.2 16 150   M    M   2 13     49 200
14  96  74  85   5   0  20 0.00  0.0    0   M   M   M   M    M   0         M  M
15  99  76  88   8   0  23 0.00  0.0    0   M   M   M   M    M   0         M  M
16  99  77  88   8   0  23 0.00  0.0    0  7.2 14 120   M    M   0        24  90
17  99  76  88   8   0  23 0.00  0.0    0   M   M   M   M    M   1         M  M
18  99  75  87   7   0  22 0.00  0.0    0  6.2 13 170   M    M   0         M  M
19 100  75  88   8   0  23 0.00  0.0    0  7.6 15 180   M    M   0        35 170
20 101  79  90  10   0  25 0.00  0.0    0   M  21 220   M    M   1         M  M
21 102  78  90  10   0  25 0.00  0.0    0  9.0 16 190   M    M   1        23 190
22 104  82  93  13   0  28 0.00  0.0    0 10.1 22 130   M    M   0        33 140
23 105  83  94  13   0  29 0.00  0.0    0  8.8 18 180   M    M   1         M  M
24 103  76  90   9   0  25    M  0.0    0  9.2 20  90   M    M   1 3       M  M
25  98  73  86   5   0  21 0.01  0.0    0  5.7 25  40   M    M   0 13     35  50
26 103  76  90   9   0  25 0.00  0.0    0  7.3 18 180   M    M   1        23 160
27 105  81  93  12   0  28 0.00  0.0    0 13.8 21 170   M    M   0        29 170
28 104  80  92  11   0  27 0.00  0.0    0 10.3 17 160   M    M   0        25 170
29 101  76  89   8   0  24 0.00  0.0    0  4.9 21 140   M    M   0         M  M
30  99  77  88   7   0  23 0.00  0.0    0  6.7 17 210   M    M   1        23 160
31 103  78  91  11   0  26 0.00  0.0    0  6.0 22 200   M    M   1        33 160
================================================================================
SM 3093 2343         0 712  0.83     0.0 208.5          M       25
================================================================================
AV 99.8 75.6                               7.7 FASTST   M    M   1    MAX(MPH)
                                 MISC ---->  # 26  30               # 49  200
================================================================================
NOTES:
# LAST OF SEVERAL OCCURRENCES

COLUMN 17 PEAK WIND IN M.P.H.

PRELIMINARY LOCAL CLIMATOLOGICAL DATA (WS FORM: F-6) , PAGE 2

                                          STATION:  JOPLIN MO
                                          MONTH:    JULY
                                          YEAR:     2011
                                          LATITUDE:   37 10 N
                                          LONGITUDE:  94 30 W

[TEMPERATURE DATA]      [PRECIPITATION DATA]       SYMBOLS USED IN COLUMN 16

AVERAGE MONTHLY: 87.7   TOTAL FOR MONTH:   0.83    1 = FOG OR MIST
DPTR FM NORMAL:   7.8   DPTR FM NORMAL:   -2.72    2 = FOG REDUCING VISIBILITY
HIGHEST:   106 ON 10    GRTST 24HR  0.72 ON 12-13      TO 1/4 MILE OR LESS
LOWEST:     68 ON  9, 8                            3 = THUNDER
                        SNOW, ICE PELLETS, HAIL    4 = ICE PELLETS
                        TOTAL MONTH:   0.0 INCH    5 = HAIL
                        GRTST 24HR     0.0         6 = FREEZING RAIN OR DRIZZLE
                        GRTST DEPTH:   0           7 = DUSTSTORM OR SANDSTORM:
                                                       VSBY 1/2 MILE OR LESS
                                                   8 = SMOKE OR HAZE
[NO. OF DAYS WITH]      [WEATHER - DAYS WITH]      9 = BLOWING SNOW
                                                   X = TORNADO
MAX 32 OR BELOW:   0    0.01 INCH OR MORE:   5
MAX 90 OR ABOVE:  28    0.10 INCH OR MORE:   1
MIN 32 OR BELOW:   0    0.50 INCH OR MORE:   1
MIN  0 OR BELOW:   0    1.00 INCH OR MORE:   0

[HDD (BASE 65) ]
TOTAL THIS MO.     0    CLEAR  (SCALE 0-3)  30
DPTR FM NORMAL     0    PTCLDY (SCALE 4-7)   1
TOTAL FM JUL 1     0    CLOUDY (SCALE 8-10)  0
DPTR FM NORMAL     0

[CDD (BASE 65) ]
TOTAL THIS MO.   712
DPTR FM NORMAL   250    [PRESSURE DATA]
TOTAL FM JAN 1  1400    HIGHEST SLP M ON M
DPTR FM NORMAL   499    LOWEST  SLP 29.73 ON  7

[REMARKS]
#FINAL-07-11#
