000
CXUS53 KSGF 010810
CF6JLN
PRELIMINARY LOCAL CLIMATOLOGICAL DATA (WS FORM: F-6)
STATION: JOPLIN MO
MONTH: FEBRUARY
YEAR: 2021
LATITUDE: 37 10 N
LONGITUDE: 94 30 W
TEMPERATURE IN F: :PCPN: SNOW: WIND :SUNSHINE: SKY :PK WND
================================================================================
1 2 3 4 5 6A 6B 7 8 9 10 11 12 13 14 15 16 17 18
12Z AVG MX 2MIN
DY MAX MIN AVG DEP HDD CDD WTR SNW DPTH SPD SPD DIR MIN PSBL S-S WX SPD DR
================================================================================
1 41 27 34 -2 31 0 0.00 M M 7.3 17 340 M M 6 18 23 340
2 50 24 37 0 28 0 0.00 M M 4.6 10 160 M M 0 1 14 150
3 63 33 48 11 17 0 0.00 M M 11.4 25 170 M M 0 34 170
4 56 24 40 3 25 0 T M M 15.2 30 200 M M 3 18 39 310
5 52 23 38 1 27 0 0.00 M M 8.4 21 220 M M 2 28 220
6 43 24 34 -3 31 0 T M M 10.6 20 360 M M 7 8 28 30
7 30 18 24 -14 41 0 T M M 7.4 14 60 M M 10 168 20 70
8 30 13 22 -16 43 0 T M M 9.0 16 360 M M 10 16 22 20
9 21 13 17 -21 48 0 T M M 9.8 15 10 M M 10 168 21 360
10 20 15 18 -20 47 0 T M M 10.3 16 360 M M 10 18 21 20
11 17 14 16 -23 49 0 T M M 11.2 16 20 M M 10 18 23 30
12 15 9 12 -27 53 0 T M M 11.9 17 360 M M 10 18 27 360
13 16 4 10 -29 55 0 T M M 12.3 18 20 M M 7 26 20
14 5 -1 2 -38 63 0 0.06 M M 14.2 21 30 M M 9 1 31 20
15 1 -8 -3 -43 68 0 0.01 M M 11.5 20 360 M M 8 18 33 20
16 13 -15 -1 -41 66 0 0.02 M M 2.7 13 40 M M 2 1 17 40
17 23 10 17 -23 48 0 0.17 M M 4.6 12 120 M M 8 18 15 50
18 23 6 15 -26 50 0 T M M 5.7 18 360 M M 3 1 23 350
19 30 2 16 -25 49 0 0.00 M M 5.0 15 250 M M 0 18 20 250
20 46 16 31 -10 34 0 0.00 M M 10.2 17 180 M M 0 1 22 220
21 45 35 40 -2 25 0 T M M 13.7 26 190 M M 5 1 39 180
22 58 29 44 2 21 0 0.00 M M 11.5 28 240 M M 0 37 250
23 73 38 56 14 9 0 0.00 M M 11.5 23 180 M M 0 31 180
24 60 35 48 5 17 0 0.00 M M 11.1 23 20 M M 1 32 20
25 52 30 41 -2 24 0 0.00 M M 8.9 16 10 M M 1 24 360
26 47 37 42 -1 23 0 0.00 M M 6.9 14 190 M M 9 1 19 140
27 63 33 48 4 17 0 0.01 M M 9.5 18 110 M M 4 123 27 150
28 60 36 48 4 17 0 0.08 M M 10.9 20 340 M M 6 1 27 350
================================================================================
SM 1053 524 1026 0 0.35 M 267.3 M 141
================================================================================
AV 37.6 18.7 9.5 FASTST M M 5 MAX(MPH)
MISC ----> 30 200 # 39 310
================================================================================
NOTES:
# LAST OF SEVERAL OCCURRENCES
COLUMN 17 PEAK WIND IN M.P.H.
PRELIMINARY LOCAL CLIMATOLOGICAL DATA (WS FORM: F-6) , PAGE 2
STATION: JOPLIN MO
MONTH: FEBRUARY
YEAR: 2021
LATITUDE: 37 10 N
LONGITUDE: 94 30 W
[TEMPERATURE DATA] [PRECIPITATION DATA] SYMBOLS USED IN COLUMN 16
AVERAGE MONTHLY: 28.2 TOTAL FOR MONTH: 0.35 1 = FOG OR MIST
DPTR FM NORMAL: -11.6 DPTR FM NORMAL: -1.97 2 = FOG REDUCING VISIBILITY
HIGHEST: 73 ON 23 GRTST 24HR 0.19 ON 16-17 TO 1/4 MILE OR LESS
LOWEST: -15 ON 16 3 = THUNDER
SNOW, ICE PELLETS, HAIL 4 = ICE PELLETS
TOTAL MONTH: M 5 = HAIL
GRTST 24HR M ON M 6 = FREEZING RAIN OR DRIZZLE
GRTST DEPTH: M ON M 7 = DUSTSTORM OR SANDSTORM:
VSBY 1/2 MILE OR LESS
8 = SMOKE OR HAZE
[NO. OF DAYS WITH] [WEATHER - DAYS WITH] 9 = BLOWING SNOW
X = TORNADO
MAX 32 OR BELOW: 13 0.01 INCH OR MORE: 6
MAX 90 OR ABOVE: 0 0.10 INCH OR MORE: 1
MIN 32 OR BELOW: 21 0.50 INCH OR MORE: 0
MIN 0 OR BELOW: 3 1.00 INCH OR MORE: 0
[HDD (BASE 65) ]
TOTAL THIS MO. 1026 CLEAR (SCALE 0-3) 11
DPTR FM NORMAL 321 PTCLDY (SCALE 4-7) 9
TOTAL FM JUL 1 3363 CLOUDY (SCALE 8-10) 8
DPTR FM NORMAL 110
[CDD (BASE 65) ]
TOTAL THIS MO. 0
DPTR FM NORMAL -1 [PRESSURE DATA]
TOTAL FM JAN 1 0 HIGHEST SLP M ON M
DPTR FM NORMAL 0 LOWEST SLP 29.47 ON 4
[REMARKS]
#FINAL-02-21#