000
CXUS53 KSGF 011010
CF6JLN
PRELIMINARY LOCAL CLIMATOLOGICAL DATA (WS FORM: F-6)

                                          STATION:   JOPLIN MO
                                          MONTH:     MARCH
                                          YEAR:      2011
                                          LATITUDE:   37 10 N
                                          LONGITUDE:  94 30 W

  TEMPERATURE IN F:       :PCPN:    SNOW:  WIND      :SUNSHINE: SKY     :PK WND
================================================================================
1   2   3   4   5  6A  6B    7    8   9   10  11  12  13   14  15   16   17  18
                                     12Z  AVG MX 2MIN
DY MAX MIN AVG DEP HDD CDD  WTR  SNW DPTH SPD SPD DIR MIN PSBL S-S WX    SPD DR
================================================================================

 1  67  26  47   4  18   0 0.00  0.0    0 10.4 23 220   M    M   0        28 230
 2  66  34  50   6  15   0 0.00  0.0    0   M   M   M   M    M   0         M  M
 3  72  45  59  15   6   0 0.00  0.0    0   M   M   M   M    M   0         M  M
 4  69  36  53   9  12   0 0.33    M    0 11.8 23 340   M    M   6 13     30 190
 5  44  27  36  -9  29   0 0.00  0.0    0 11.0 22 340   M    M   5 18     26 340
 6  52  23  38  -7  27   0 0.00  0.0    0  6.1 23 130   M    M   0 18      M  30
 7  53  38  46   1  19   0    T    M    0   M   M 130   M    M   5         M  M
 8  47  40  44  -2  21   0 1.27  0.0    0   M   M   M   M    M  10 13      M  M
 9  41  33  37  -9  28   0    T    M    0 13.3 22 320   M    M   9 18     29 320
10  52  25  39  -7  26   0 0.00  0.0    0  7.3 16 320   M    M   0        25 220
11  72  36  54   7  11   0 0.00  0.0    0 15.4 33 210   M    M   0        40 210
12  67  44  56   9   9   0 0.00  0.0    0   M  15  50   M    M   2         M  M
13  54  40  47   0  18   0 1.02  0.0    0 11.9 18  60   M    M   9 13     25  60
14  40  33  37 -11  28   0 0.33    M    0 10.6 21  70   M    M  10 136    31  60
15  56  30  43  -5  22   0 0.00  0.0    0  3.2  9 310   M    M   3 18      0   0
16  73  37  55   7  10   0 0.00  0.0    0 11.9 21 190   M    M   4        28 190
17  78  62  70  21   0   5 0.00  0.0    0 19.0 37 200   M    M   5        45 210
18  68  52  60  11   5   0    T  0.0    0   M   M   M   M    M  10         M  M
19  58  49  54   5  11   0 0.65  0.0    0 11.6 24 290   M    M   7 13     31 290
20  80  57  69  20   0   4 0.00  0.0    0 16.1 31 200   M    M   0        39 200
21  79  62  71  21   0   6 0.00  0.0    0 14.1 24 190   M    M   5         M  M
22  76  64  70  20   0   5 0.00  0.0    0 21.7 36 210   M    M   1        45 200
23  69  42  56   6   9   0 0.00  0.0    0 14.1 32 280   M    M   0        39 270
24  49  30  40 -11  25   0    T  0.0    0  8.4 15 360   M    M   3        35  40
25  59  38  49  -2  16   0 0.02  0.0    0 10.7 21 110   M    M   2 138    26 110
26  42  33  38 -13  27   0 1.07  0.0    0 11.9 29 320   M    M  10 13     35  50
27  40  31  36 -16  29   0 0.05    M    M 10.3 17  60   M    M  10 16     24  70
28  49  32  41 -11  24   0 0.00  0.0    0  7.8 14  90   M    M  10 1      33 190
29  50  37  44  -8  21   0 0.02  0.0    0  7.6 18 170   M    M   9 18     53 210
30  42  36  39 -14  26   0 0.01  0.0    0   M  26 220   M    M   9 18      M  M
31  42  28  35 -18  30   0 0.41  0.0    0  3.5  9 210   M    M   7 128    17 100
================================================================================
SM 1806 1200       522  20  5.18     0.0 269.7          M      151
================================================================================
AV 58.3 38.7                              11.2 FASTST   M    M   5    MAX(MPH)
                                 MISC ---->  # 37 200               # 53  210
================================================================================
NOTES:
# LAST OF SEVERAL OCCURRENCES

COLUMN 17 PEAK WIND IN M.P.H.

PRELIMINARY LOCAL CLIMATOLOGICAL DATA (WS FORM: F-6) , PAGE 2

                                          STATION:  JOPLIN MO
                                          MONTH:    MARCH
                                          YEAR:     2011
                                          LATITUDE:   37 10 N
                                          LONGITUDE:  94 30 W

[TEMPERATURE DATA]      [PRECIPITATION DATA]       SYMBOLS USED IN COLUMN 16

AVERAGE MONTHLY: 48.5   TOTAL FOR MONTH:   5.18    1 = FOG OR MIST
DPTR FM NORMAL:   0.3   DPTR FM NORMAL:    1.56    2 = FOG REDUCING VISIBILITY
HIGHEST:    80 ON 20    GRTST 24HR  1.27 ON  8- 8      TO 1/4 MILE OR LESS
LOWEST:     23 ON  6                               3 = THUNDER
                        SNOW, ICE PELLETS, HAIL    4 = ICE PELLETS
                        TOTAL MONTH:   0.0 INCH    5 = HAIL
                        GRTST 24HR     0.0         6 = FREEZING RAIN OR DRIZZLE
                        GRTST DEPTH:   0           7 = DUSTSTORM OR SANDSTORM:
                                                       VSBY 1/2 MILE OR LESS
                                                   8 = SMOKE OR HAZE
[NO. OF DAYS WITH]      [WEATHER - DAYS WITH]      9 = BLOWING SNOW
                                                   X = TORNADO
MAX 32 OR BELOW:   0    0.01 INCH OR MORE:  11
MAX 90 OR ABOVE:   0    0.10 INCH OR MORE:   7
MIN 32 OR BELOW:   9    0.50 INCH OR MORE:   4
MIN  0 OR BELOW:   0    1.00 INCH OR MORE:   3

[HDD (BASE 65) ]
TOTAL THIS MO.   522    CLEAR  (SCALE 0-3)  13
DPTR FM NORMAL     1    PTCLDY (SCALE 4-7)   8
TOTAL FM JUL 1  3913    CLOUDY (SCALE 8-10) 10
DPTR FM NORMAL    -8

[CDD (BASE 65) ]
TOTAL THIS MO.    20
DPTR FM NORMAL    20    [PRESSURE DATA]
TOTAL FM JAN 1    22    HIGHEST SLP 30.34 ON  5
DPTR FM NORMAL    22    LOWEST  SLP 29.54 ON 22

[REMARKS]
#FINAL-03-11#
