000
CXUS53 KSGF 010800
CF6JLN
PRELIMINARY LOCAL CLIMATOLOGICAL DATA (WS FORM: F-6)

                                          STATION:   JOPLIN MO
                                          MONTH:     FEBRUARY
                                          YEAR:      2011
                                          LATITUDE:   37 10 N
                                          LONGITUDE:  94 30 W

  TEMPERATURE IN F:       :PCPN:    SNOW:  WIND      :SUNSHINE: SKY     :PK WND
================================================================================
1   2   3   4   5  6A  6B    7    8   9   10  11  12  13   14  15   16   17  18
                                     12Z  AVG MX 2MIN
DY MAX MIN AVG DEP HDD CDD  WTR  SNW DPTH SPD SPD DIR MIN PSBL S-S WX    SPD DR
================================================================================

 1  29   9  19 -16  46   0 0.61 17.0   17   M   M   M   M    M  10 12368   M  M
 2  12   0   6 -29  59   0    T    T   17  7.5 18 320   M    M   1 9      26 330
 3  19 -11   4 -32  61   0 0.00  0.0   13  1.1  6 350   M    M   0 18     13  20
 4  22  -2  10 -26  55   0 0.08  1.5   12  2.0  7 220   M    M   9 18     15  20
 5  40  14  27  -9  38   0    M    M   15  8.8 17 190   M    M   6 1      21  30
 6  38  26  32  -4  33   0 0.00  0.0   12  7.2 15 340   M    M   7 18     18 340
 7  33  17  25 -12  40   0    T    M   12 10.2 31 290   M    M   8 18      M  M
 8  19   9  14 -23  51   0    T    M   12 10.2 17  40   M    M   9 8      25  30
 9  16  -2   7 -30  58   0 0.08  1.8   14  8.9 20 170   M    M   8 128    66 210
10  24  -9   8 -30  57   0    T    M   14  8.0 18 210   M    M   0        23 220
11  38  17  28 -10  37   0 0.00  0.0   15 12.5 20 230   M    M   0        25 230
12  49  19  34  -4  31   0 0.00    M    8 11.8 21 210   M    M   0        31 100
13  53  40  47   9  18   0 0.00  0.0    9 13.2 21 220   M    M   0        45 250
14  50  32  41   2  24   0 0.00  0.0    0  5.2 24 230   M    M   0        31  90
15  62  44  53  14  12   0 0.00  0.0    0 11.4 23 190   M    M   3        29 190
16  67  46  57  18   8   0 0.00  0.0    0 15.5 29 190   M    M   4 1      38 190
17  74  60  67  27   0   2 0.00  0.0    0 21.2 38 210   M    M   4        48 220
18  69  49  59  19   6   0 0.00  0.0    0  8.6 16  60   M    M   4        26 120
19  75  52  64  24   1   0 0.00  0.0    0 11.4 17 150   M    M   7        24 150
20  66  52  59  19   6   0 0.00  0.0    0 16.7 33 190   M    M   8        43 200
21  64  27  46   5  19   0 0.07  0.0    0 10.7 20 310   M    M   5 13     26 360
22  48  21  35  -6  30   0    T  0.0    0  6.0 14 110   M    M   2        17 130
23  70  41  56  15   9   0 0.00  0.0    0 11.2 24 200   M    M   7        30 210
24  58  32  45   3  20   0 1.31    T    0   M   M   M   M    M  10 136     M  M
25  33  30  32 -10  33   0 0.00  0.0    0   M   M   M   M    M  10 18      M  M
26  47  32  40  -2  25   0 0.00  0.0    0   M   M   M   M    M   8 18      M  M
27  71  42  57  14   8   0 0.30  0.0    0   M   M   M   M    M   7 138     M  M
28  48  28  38  -5  27   0 0.01  0.0    0 10.9 31 360   M    M   4 138    39  10
================================================================================
SM 1294  715       812   2  2.46    20.3 230.2          M      141
================================================================================
AV 46.2 25.5                              10.0 FASTST   M    M   5    MAX(MPH)
                                 MISC ---->  # 38 210               # 66  210
================================================================================
NOTES:
# LAST OF SEVERAL OCCURRENCES

COLUMN 17 PEAK WIND IN M.P.H.

PRELIMINARY LOCAL CLIMATOLOGICAL DATA (WS FORM: F-6) , PAGE 2

                                          STATION:  JOPLIN MO
                                          MONTH:    FEBRUARY
                                          YEAR:     2011
                                          LATITUDE:   37 10 N
                                          LONGITUDE:  94 30 W

[TEMPERATURE DATA]      [PRECIPITATION DATA]       SYMBOLS USED IN COLUMN 16

AVERAGE MONTHLY: 35.9   TOTAL FOR MONTH:   2.46    1 = FOG OR MIST
DPTR FM NORMAL:  -3.0   DPTR FM NORMAL:    0.21    2 = FOG REDUCING VISIBILITY
HIGHEST:    75 ON 19    GRTST 24HR  1.31 ON 24-24      TO 1/4 MILE OR LESS
LOWEST:    -11 ON  3                               3 = THUNDER
                        SNOW, ICE PELLETS, HAIL    4 = ICE PELLETS
                        TOTAL MONTH:  20.3 INCHES  5 = HAIL
                        GRTST 24HR  17.0 ON  1- 1  6 = FREEZING RAIN OR DRIZZLE
                        GRTST DEPTH:  17 ON  2, 1  7 = DUSTSTORM OR SANDSTORM:
                                                       VSBY 1/2 MILE OR LESS
                                                   8 = SMOKE OR HAZE
[NO. OF DAYS WITH]      [WEATHER - DAYS WITH]      9 = BLOWING SNOW
                                                   X = TORNADO
MAX 32 OR BELOW:   7    0.01 INCH OR MORE:   7
MAX 90 OR ABOVE:   0    0.10 INCH OR MORE:   3
MIN 32 OR BELOW:  19    0.50 INCH OR MORE:   2
MIN  0 OR BELOW:   5    1.00 INCH OR MORE:   1

[HDD (BASE 65) ]
TOTAL THIS MO.   812    CLEAR  (SCALE 0-3)   8
DPTR FM NORMAL    81    PTCLDY (SCALE 4-7)  14
TOTAL FM JUL 1  3391    CLOUDY (SCALE 8-10)  6
DPTR FM NORMAL    -9

[CDD (BASE 65) ]
TOTAL THIS MO.     2
DPTR FM NORMAL     2    [PRESSURE DATA]
TOTAL FM JAN 1     2    HIGHEST SLP M ON M
DPTR FM NORMAL     2    LOWEST  SLP 29.44 ON 27

[REMARKS]
#FINAL-02-11#
