000
CXUS53 KSGF 010800
CF6JLN
PRELIMINARY LOCAL CLIMATOLOGICAL DATA (WS FORM: F-6)

                                          STATION:   JOPLIN MO
                                          MONTH:     MAY
                                          YEAR:      2011
                                          LATITUDE:   37 10 N
                                          LONGITUDE:  94 30 W

  TEMPERATURE IN F:       :PCPN:    SNOW:  WIND      :SUNSHINE: SKY     :PK WND
================================================================================
1   2   3   4   5  6A  6B    7    8   9   10  11  12  13   14  15   16   17  18
                                     12Z  AVG MX 2MIN
DY MAX MIN AVG DEP HDD CDD  WTR  SNW DPTH SPD SPD DIR MIN PSBL S-S WX    SPD DR
================================================================================

 1  54  40  47 -15  18   0 0.47  0.0    0  6.8 17 360   M    M   M 1      25  10
 2  54  39  47 -15  18   0 0.00  0.0    0  4.7 12  80   M    M   M        16  80
 3  66  36  51 -11  14   0    T  0.0    0  5.4 20 260   M    M   M 1      36 360
 4  73  44  59  -4   6   0 0.00  0.0    0  8.4 18 180   M    M   M        25 180
 5  67  43  55  -8  10   0 0.07  0.0    0  8.1 20 190   M    M   M 1      25 180
 6  75  41  58  -5   7   0 0.00  0.0    0  8.6 21 180   M    M   0 12     29 190
 7  82  61  72   8   0   7    T  0.0    0  7.0 21 190   M    M   1        30 200
 8  89  61  75  11   0  10 0.00  0.0    0 11.2 24 190   M    M   1        28 190
 9  89  71  80  16   0  15 0.00  0.0    0 17.7 28 190   M    M   0        35 190
10  87  74  81  17   0  16 0.00  0.0    0 15.5 28 190   M    M   1        37 200
11  84  61  73   8   0   8 0.27  0.0    0 10.1 33 250   M    M   3 138    56 330
12  79  58  69   4   0   4 0.22  0.0    0 10.3 31 270   M    M   4 13     45 260
13  62  50  56  -9   9   0 0.01  0.0    0 10.7 23 300   M    M   7 1      30 290
14  58  48  53 -12  12   0 0.00  0.0    0 12.5 20 320   M    M  10        26 320
15  60  42  51 -15  14   0 0.00  0.0    0 10.6 21 320   M    M   7        26 330
16  67  42  55 -11  10   0 0.00  0.0    0  5.9 17  10   M    M   1 1      23 330
17  68  40  54 -12  11   0 0.00  0.0    0  4.3 13  80   M    M   0         M  M
18  65  48  57 -10   8   0 0.09  0.0    0  9.6 17 100   M    M   6 1      23 110
19  77  61  69   2   0   4 0.01  0.0    0 11.3 22 170   M    M   9 3      28 170
20  72  63  68   1   0   3 2.09  0.0    0 10.4 30 110   M    M   3 13     38 120
21  82  59  71   4   0   6 0.00  0.0    0 15.0 25 180   M    M   3        33 180
22  84  62  73   5   0   8 1.40  0.0    0 16.4 45 350   M    M   5 1358   54 360
23  70  61  66  -2   0   1 1.83  0.0    0 11.9 30 180   M    M   4 135    38 190
24  80  58  69   1   0   4 0.46  0.0    0 10.2 30 110   M    M   5 13     41 260
25  74  56  65  -4   0   0 0.21  0.0    0 16.5 28 230   M    M   7 1      37 290
26  71  55  63  -6   2   0    T  0.0    0  8.4 18 320   M    M   6        25 300
27  69  51  60  -9   5   0 0.40  0.0    0  8.7 18 350   M    M   4 13     23 130
28  83  62  73   3   0   8 0.00  0.0    0  7.0 16 180   M    M   8 18     21 180
29  88  74  81  11   0  16 0.00  0.0    0 17.9 35 190   M    M   0        44 180
30  84  73  79   9   0  14 0.00  0.0    0 17.2 30 180   M    M   0        38 200
31  85  72  79   8   0  14 0.00  0.0    0  9.1 28 170   M    M   5        40  60
================================================================================
SM 2298 1706       144 138  7.53     0.0 327.4          M      100
================================================================================
AV 74.1 55.0                              10.6 FASTST   M    M   4    MAX(MPH)
                                 MISC ---->  # 45 350               # 56  330
================================================================================
NOTES:
# LAST OF SEVERAL OCCURRENCES

COLUMN 17 PEAK WIND IN M.P.H.

PRELIMINARY LOCAL CLIMATOLOGICAL DATA (WS FORM: F-6) , PAGE 2

                                          STATION:  JOPLIN MO
                                          MONTH:    MAY
                                          YEAR:     2011
                                          LATITUDE:   37 10 N
                                          LONGITUDE:  94 30 W

[TEMPERATURE DATA]      [PRECIPITATION DATA]       SYMBOLS USED IN COLUMN 16

AVERAGE MONTHLY: 64.6   TOTAL FOR MONTH:   7.53    1 = FOG OR MIST
DPTR FM NORMAL:  -1.5   DPTR FM NORMAL:    2.46    2 = FOG REDUCING VISIBILITY
HIGHEST:    89 ON  9, 8 GRTST 24HR  2.50 ON 22-23      TO 1/4 MILE OR LESS
LOWEST:     36 ON  3                               3 = THUNDER
                        SNOW, ICE PELLETS, HAIL    4 = ICE PELLETS
                        TOTAL MONTH:   0.0 INCH    5 = HAIL
                        GRTST 24HR     0.0         6 = FREEZING RAIN OR DRIZZLE
                        GRTST DEPTH:   0           7 = DUSTSTORM OR SANDSTORM:
                                                       VSBY 1/2 MILE OR LESS
                                                   8 = SMOKE OR HAZE
[NO. OF DAYS WITH]      [WEATHER - DAYS WITH]      9 = BLOWING SNOW
                                                   X = TORNADO
MAX 32 OR BELOW:   0    0.01 INCH OR MORE:  13
MAX 90 OR ABOVE:   0    0.10 INCH OR MORE:   9
MIN 32 OR BELOW:   0    0.50 INCH OR MORE:   3
MIN  0 OR BELOW:   0    1.00 INCH OR MORE:   3

[HDD (BASE 65) ]
TOTAL THIS MO.   144    CLEAR  (SCALE 0-3)  12
DPTR FM NORMAL    58    PTCLDY (SCALE 4-7)  12
TOTAL FM JUL 1  4252    CLOUDY (SCALE 8-10)  2
DPTR FM NORMAL     7

[CDD (BASE 65) ]
TOTAL THIS MO.   138
DPTR FM NORMAL    17    [PRESSURE DATA]
TOTAL FM JAN 1   207    HIGHEST SLP 30.26 ON  5
DPTR FM NORMAL    67    LOWEST  SLP 29.42 ON 25

[REMARKS]
#FINAL-05-11#
