000
CXUS53 KSGF 181501
CF6JLN
PRELIMINARY LOCAL CLIMATOLOGICAL DATA (WS FORM: F-6)

                                          STATION:   JOPLIN MO
                                          MONTH:     APRIL
                                          YEAR:      2014
                                          LATITUDE:   37 10 N
                                          LONGITUDE:  94 30 W

  TEMPERATURE IN F:       :PCPN:    SNOW:  WIND      :SUNSHINE: SKY     :PK WND
================================================================================
1   2   3   4   5  6A  6B    7    8   9   10  11  12  13   14  15   16   17  18
                                     12Z  AVG MX 2MIN
DY MAX MIN AVG DEP HDD CDD  WTR  SNW DPTH SPD SPD DIR MIN PSBL S-S WX    SPD DR
================================================================================

 1  53  33  43 -11  22   0 0.04    M    M  7.9 16 330   M    M   7 3      19 320
 2  78  49  64  10   1   0 0.02    M    M 10.7 22 170   M    M   9 1      29 170
 3  83  46  65  11   0   0 0.01    M    M 16.0 30 210   M    M   7 3      37 200
 4  51  35  43 -12  22   0 0.00    M    M 13.1 32 310   M    M   6        40 300
 5  61  29  45 -10  20   0 0.00    M    M  5.8 14 130   M    M   0        19  70
 6  60  40  50  -6  15   0 0.07    M    M  6.9 16 150   M    M   5 1      21 150
 7  66  43  55  -1  10   0 0.01    M    M  8.8 18 300   M    M   7 8      26 320
 8  60  37  49  -7  16   0 0.02    M    M 11.2 29 340   M    M   4        38 330
 9  74  33  54  -2  11   0 0.00    M    M 12.8 25 190   M    M   0        31 180
10  80  55  68  11   0   3 0.00    M    M 16.0 31 230   M    M   1        44 180
11  78  49  64   7   1   0 0.00    M    M  8.1 20 190   M    M   1        23 190
12  82  61  72  15   0   7 0.00    M    M 18.1 29 180   M    M   2        41 180
13  77  40  59   1   6   0 0.38    M    M 22.2 41 250   M    M   5 13     61 240
14  45  28  37 -21  28   0    T    M    M 12.8 25 350   M    M   7 1      30 350
15  57  25  41 -17  24   0 0.00    M    M  4.5 14 140   M    M   0        18 340
16  64  43  54  -5  11   0 0.00    M    M 16.3 31 200   M    M   0        40 200
17  60  40  50  -9  15   0    T    M    M  6.3 15 350   M    M   3        18 180
18  71  37  54  -5  11   0 0.00    M    M  3.3 12 110   M    M   2 18     14 120
19  76  51  64   4   1   0 0.00    M    M  9.8 20 200   M    M   0        26 180
20  77  56  67   7   0   2 0.00    M    M  8.1 18 180   M    M   2        22 180
21  68  57  63   3   2   0 0.32    M    M  5.1 15 220   M    M   8 1      19 220
22  70  49  60   0   5   0 0.00    M    M  6.1 15  40   M    M   0 1      23  50
23  81  48  65   4   0   0 0.00    M    M 12.4 22 170   M    M   1        32 190
24  73  47  60  -1   5   0 0.31    M    M 15.5 33 200   M    M   4 138    45 190
25  78  42  60  -1   5   0 0.00    M    M  8.5 18 230   M    M   0        24 190
26  83  53  68   6   0   3 0.03    M    M 13.5 28 170   M    M   3 3      37 180
27  81  64  73  11   0   8 0.02    M    M 13.9 30 170   M    M   5 13X    40 170
28  71  52  62   0   3   0    T    M    M 16.5 33 250   M    M   5 8      40 250
29  52  45  49 -13  16   0 0.02    M    M 14.1 26 250   M    M   7 1      33 250
30  56  41  49 -14  16   0    T    M    M 10.9 24 280   M    M   8        28 280
================================================================================
SM 2066 1328       266  23  1.25    M    335.2          M      109
================================================================================
AV 68.9 44.3                              11.2 FASTST   M    M   4    MAX(MPH)
                                 MISC ---->  # 41 250               # 61  240
================================================================================
NOTES:
# LAST OF SEVERAL OCCURRENCES

COLUMN 17 PEAK WIND IN M.P.H.

PRELIMINARY LOCAL CLIMATOLOGICAL DATA (WS FORM: F-6) , PAGE 2

                                          STATION:  JOPLIN MO
                                          MONTH:    APRIL
                                          YEAR:     2014
                                          LATITUDE:   37 10 N
                                          LONGITUDE:  94 30 W

[TEMPERATURE DATA]      [PRECIPITATION DATA]       SYMBOLS USED IN COLUMN 16

AVERAGE MONTHLY: 56.6   TOTAL FOR MONTH:   1.25    1 = FOG OR MIST
DPTR FM NORMAL:  -1.8   DPTR FM NORMAL:   -3.22    2 = FOG REDUCING VISIBILITY
HIGHEST:    83 ON 26, 3 GRTST 24HR  0.38 ON 13-13      TO 1/4 MILE OR LESS
LOWEST:     25 ON 15                               3 = THUNDER
                        SNOW, ICE PELLETS, HAIL    4 = ICE PELLETS
                        TOTAL MONTH:    M          5 = HAIL
                        GRTST 24HR    M  ON   M    6 = FREEZING RAIN OR DRIZZLE
                        GRTST DEPTH:  M  ON   M    7 = DUSTSTORM OR SANDSTORM:
                                                       VSBY 1/2 MILE OR LESS
                                                   8 = SMOKE OR HAZE
[NO. OF DAYS WITH]      [WEATHER - DAYS WITH]      9 = BLOWING SNOW
                                                   X = TORNADO
MAX 32 OR BELOW:   0    0.01 INCH OR MORE:  12
MAX 90 OR ABOVE:   0    0.10 INCH OR MORE:   3
MIN 32 OR BELOW:   3    0.50 INCH OR MORE:   0
MIN  0 OR BELOW:   0    1.00 INCH OR MORE:   0

[HDD (BASE 65) ]
TOTAL THIS MO.   266    CLEAR  (SCALE 0-3)  15
DPTR FM NORMAL    25    PTCLDY (SCALE 4-7)  13
TOTAL FM JUL 1  4778    CLOUDY (SCALE 8-10)  2
DPTR FM NORMAL   775

[CDD (BASE 65) ]
TOTAL THIS MO.    23
DPTR FM NORMAL   -21    [PRESSURE DATA]
TOTAL FM JAN 1    23    HIGHEST SLP 30.30 ON 18
DPTR FM NORMAL   -31    LOWEST  SLP 29.29 ON 27

[REMARKS]
#FINAL-04-14#
