000
CXUS53 KSGF 010800
CF6JLN
PRELIMINARY LOCAL CLIMATOLOGICAL DATA (WS FORM: F-6)

                                          STATION:   JOPLIN MO
                                          MONTH:     JANUARY
                                          YEAR:      2014
                                          LATITUDE:   37 10 N
                                          LONGITUDE:  94 30 W

  TEMPERATURE IN F:       :PCPN:    SNOW:  WIND      :SUNSHINE: SKY     :PK WND
================================================================================
1   2   3   4   5  6A  6B    7    8   9   10  11  12  13   14  15   16   17  18
                                     12Z  AVG MX 2MIN
DY MAX MIN AVG DEP HDD CDD  WTR  SNW DPTH SPD SPD DIR MIN PSBL S-S WX    SPD DR
================================================================================

 1  54  15  35   0  30   0 0.04    M    M 13.1 24 350   M    M   3 1      31 350
 2  19   3  11 -24  54   0 0.04    M    M  6.8 22 350   M    M   3 18     26 340
 3  42   7  25 -10  40   0 0.00    M    M 14.1 28 170   M    M   0        37 200
 4  45  27  36   1  29   0 0.05    M    M 14.7 32 190   M    M   6 1      41 180
 5  27   3  15 -20  50   0 0.13    M    M 16.6 26 340   M    M  10 129    36 240
 6   6  -9  -1 -36  66   0 0.00    M    M  9.0 22 280   M    M   0        25 270
 7  38  -3  18 -17  47   0 0.00    M    M 12.9 25 210   M    M   0        32 210
 8  40  29  35   0  30   0 0.01    M    M  7.1 15 180   M    M   6 18     20 190
 9  36  32  34   0  31   0    T    M    M  5.1  9 170   M    M   9 1      12 170
10  54  30  42   8  23   0 0.30    M    M 11.3 31 180   M    M   8 13     41 180
11  50  28  39   5  26   0 0.00    M    M  9.1 21 270   M    M   2 1      27 270
12  67  32  50  16  15   0 0.00    M    M 21.8 40 210   M    M   0        53 200
13  57  34  46  11  19   0 0.00    M    M  8.7 20 300   M    M   0        30 220
14  49  28  39   4  26   0 0.00    M    M 11.8 26 320   M    M   2        33 320
15  40  19  30  -5  35   0 0.00    M    M  9.4 20 200   M    M   3        26 220
16  50  31  41   6  24   0 0.00    M    M 16.6 31 310   M    M   4        44 270
17  36  20  28  -7  37   0 0.00    M    M 13.3 25 300   M    M   0        32 320
18  56  25  41   6  24   0 0.00    M    M 16.6 32 300   M    M   2        42 280
19  57  18  38   3  27   0 0.00    M    M 12.9 28 220   M    M   0        34 210
20  58  30  44   9  21   0 0.00  0.0    0  9.8 26 320   M    M   0        36 340
21  32  10  21 -14  44   0 0.00  0.0    0  9.9 26 320   M    M   1        34 300
22  39  14  27  -8  38   0 0.00  0.0    0  7.9 24 360   M    M   0        34  20
23  26   3  15 -20  50   0 0.00    M    M 10.1 24 360   M    M   1        33 360
24  36   2  19 -16  46   0 0.00    M    M 17.7 31 200   M    M   0        42 220
25  54  28  41   6  24   0 0.00    M    M 10.8 28 220   M    M   3        36 220
26  60  32  46  10  19   0 0.00    M    M 12.0 38 340   M    M   0        47 350
27  32  13  23 -13  42   0 0.00  0.0    0 15.2 33 350   M    M   8        41 350
28  23   9  16 -20  49   0 0.00  0.0    0  5.4 14  20   M    M   3        18  20
29  41  11  26 -10  39   0 0.00  0.0    0 13.0 23 220   M    M   0        30 210
30  47  31  39   3  26   0 0.00    M    M 16.3 36 190   M    M   0        44 200
31  36  31  34  -2  31   0 0.02    M    M  8.0 13  50   M    M   8 18     20  30
================================================================================
SM 1307  583      1062   0  0.59     0.0 367.0          M       82
================================================================================
AV 42.2 18.8                              11.8 FASTST   M    M   3    MAX(MPH)
                                 MISC ---->  # 40 210               # 53  200
================================================================================
NOTES:
# LAST OF SEVERAL OCCURRENCES

COLUMN 17 PEAK WIND IN M.P.H.

PRELIMINARY LOCAL CLIMATOLOGICAL DATA (WS FORM: F-6) , PAGE 2

                                          STATION:  JOPLIN MO
                                          MONTH:    JANUARY
                                          YEAR:     2014
                                          LATITUDE:   37 10 N
                                          LONGITUDE:  94 30 W

[TEMPERATURE DATA]      [PRECIPITATION DATA]       SYMBOLS USED IN COLUMN 16

AVERAGE MONTHLY: 30.5   TOTAL FOR MONTH:   0.59    1 = FOG OR MIST
DPTR FM NORMAL:  -4.4   DPTR FM NORMAL:   -1.44    2 = FOG REDUCING VISIBILITY
HIGHEST:    67 ON 12    GRTST 24HR  0.30 ON 10-10      TO 1/4 MILE OR LESS
LOWEST:     -9 ON  6                               3 = THUNDER
                        SNOW, ICE PELLETS, HAIL    4 = ICE PELLETS
                        TOTAL MONTH:   0.0 INCH    5 = HAIL
                        GRTST 24HR     0.0         6 = FREEZING RAIN OR DRIZZLE
                        GRTST DEPTH:   0           7 = DUSTSTORM OR SANDSTORM:
                                                       VSBY 1/2 MILE OR LESS
                                                   8 = SMOKE OR HAZE
[NO. OF DAYS WITH]      [WEATHER - DAYS WITH]      9 = BLOWING SNOW
                                                   X = TORNADO
MAX 32 OR BELOW:   7    0.01 INCH OR MORE:   7
MAX 90 OR ABOVE:   0    0.10 INCH OR MORE:   2
MIN 32 OR BELOW:  30    0.50 INCH OR MORE:   0
MIN  0 OR BELOW:   2    1.00 INCH OR MORE:   0

[HDD (BASE 65) ]
TOTAL THIS MO.  1062    CLEAR  (SCALE 0-3)  21
DPTR FM NORMAL   130    PTCLDY (SCALE 4-7)   7
TOTAL FM JUL 1  2932    CLOUDY (SCALE 8-10)  3
DPTR FM NORMAL   383

[CDD (BASE 65) ]
TOTAL THIS MO.     0
DPTR FM NORMAL     0    [PRESSURE DATA]
TOTAL FM JAN 1     0    HIGHEST SLP M ON M
DPTR FM NORMAL     0    LOWEST  SLP 29.55 ON 10

[REMARKS]
#FINAL-01-14#
