000
CXUS53 KSGF 010704
CF6JLN
PRELIMINARY LOCAL CLIMATOLOGICAL DATA (WS FORM: F-6)

                                          STATION:   JOPLIN MO
                                          MONTH:     APRIL
                                          YEAR:      2015
                                          LATITUDE:   37 10 N
                                          LONGITUDE:  94 30 W

  TEMPERATURE IN F:       :PCPN:    SNOW:  WIND      :SUNSHINE: SKY     :PK WND
================================================================================
1   2   3   4   5  6A  6B    7    8   9   10  11  12  13   14  15   16   17  18
                                     12Z  AVG MX 2MIN
DY MAX MIN AVG DEP HDD CDD  WTR  SNW DPTH SPD SPD DIR MIN PSBL S-S WX    SPD DR
================================================================================

 1  71  55  63   9   2   0 0.37    M    M  9.7 23 190   M    M   3 138    35 170
 2  81  61  71  17   0   6 0.85    M    M 13.6 28 190   M    M   5 13     34 190
 3  61  37  49  -5  16   0 0.37    M    M 14.7 26 350   M    M   7 1      36  10
 4  62  30  46  -9  19   0 0.00    M    M  4.7 14 110   M    M   0 1      17 120
 5  55  42  49  -6  16   0 0.09    M    M 10.4 23 180   M    M   7 1      29 180
 6  72  50  61   5   4   0 0.00    M    M 12.7 22 180   M    M   8 1      29 170
 7  84  67  76  20   0  11 0.00    M    M 18.0 30 200   M    M   3 3      40 210
 8  83  70  77  21   0  12    T    M    M 17.9 29 190   M    M   3 3      35 190
 9  79  42  61   5   4   0 0.09    M    M 19.5 36 200   M    M   5 13     49 200
10  66  36  51  -6  14   0 0.00    M    M  4.5 13 300   M    M   0        19 310
11  70  44  57   0   8   0    T    M    M  6.2 17 140   M    M   4        23 120
12  79  56  68  11   0   3    T    M    M 13.5 25 170   M    M   5        32 170
13  69  55  62   4   3   0 0.35    M    M  8.5 32 350   M    M   8 13     39 350
14  66  51  59   1   6   0    T    M    M  8.8 17  90   M    M   9        23  90
15  67  50  59   1   6   0 0.11    M    M  5.6 10  80   M    M   9 1      21 150
16  76  54  65   6   0   0 0.00    M    M  5.4 10  80   M    M   5 12     17 300
17  77  57  67   8   0   2 0.17    M    M  5.9 14 150   M    M   3 13     19 130
18  71  57  64   5   1   0 1.20    M    M  5.4 13 250   M    M   5 13     17 270
19  67  50  59  -1   6   0 0.14    M    M 10.4 25 270   M    M   5 138    31 270
20  60  42  51  -9  14   0 0.00    M    M 12.8 25 320   M    M   3        32 300
21  72  42  57  -3   8   0    T    M    0 16.3 26 220   M    M   2        35 230
22  61  45  53  -7  12   0 0.20    M    0  7.8 26 320   M    M   5 13     35 310
23  61  43  52  -9  13   0    T    M    M  9.4 20 120   M    M   7        25 110
24  70  53  62   1   3   0 0.01    M    M 13.0 24 170   M    M   5 3      31 170
25  76  55  66   5   0   1 0.00    M    M 15.9 29 260   M    M   2        37 280
26  60  51  56  -6   9   0 0.00    M    M 10.6 17  70   M    M   8 1      23  70
27  65  47  56  -6   9   0 0.00    M    M 10.3 25  90   M    M   1        33  90
28  66  43  55  -7  10   0 0.00    M    M  5.5 15  20   M    M   0        23  40
29  74  40  57  -5   8   0 0.00    M    M  5.0 18 310   M    M   0        24 310
30  73  44  59  -4   6   0 0.00    M    M  5.5 17 340   M    M   0        22 340
================================================================================
SM 2094 1469       197  35  3.95    M    307.5          M      127
================================================================================
AV 69.8 49.0                              10.2 FASTST   M    M   4    MAX(MPH)
                                 MISC ---->  # 36 200               # 49  200
================================================================================
NOTES:
# LAST OF SEVERAL OCCURRENCES

COLUMN 17 PEAK WIND IN M.P.H.

PRELIMINARY LOCAL CLIMATOLOGICAL DATA (WS FORM: F-6) , PAGE 2

                                          STATION:  JOPLIN MO
                                          MONTH:    APRIL
                                          YEAR:     2015
                                          LATITUDE:   37 10 N
                                          LONGITUDE:  94 30 W

[TEMPERATURE DATA]      [PRECIPITATION DATA]       SYMBOLS USED IN COLUMN 16

AVERAGE MONTHLY: 59.4   TOTAL FOR MONTH:   3.95    1 = FOG OR MIST
DPTR FM NORMAL:   1.0   DPTR FM NORMAL:   -0.52    2 = FOG REDUCING VISIBILITY
HIGHEST:    84 ON  7    GRTST 24HR  1.31 ON 17-18      TO 1/4 MILE OR LESS
LOWEST:     30 ON  4                               3 = THUNDER
                        SNOW, ICE PELLETS, HAIL    4 = ICE PELLETS
                        TOTAL MONTH:    M          5 = HAIL
                        GRTST 24HR    M  ON   M    6 = FREEZING RAIN OR DRIZZLE
                        GRTST DEPTH:   0           7 = DUSTSTORM OR SANDSTORM:
                                                       VSBY 1/2 MILE OR LESS
                                                   8 = SMOKE OR HAZE
[NO. OF DAYS WITH]      [WEATHER - DAYS WITH]      9 = BLOWING SNOW
                                                   X = TORNADO
MAX 32 OR BELOW:   0    0.01 INCH OR MORE:  12
MAX 90 OR ABOVE:   0    0.10 INCH OR MORE:   9
MIN 32 OR BELOW:   1    0.50 INCH OR MORE:   2
MIN  0 OR BELOW:   0    1.00 INCH OR MORE:   1

[HDD (BASE 65) ]
TOTAL THIS MO.   197    CLEAR  (SCALE 0-3)  12
DPTR FM NORMAL   -44    PTCLDY (SCALE 4-7)  14
TOTAL FM JUL 1  4223    CLOUDY (SCALE 8-10)  4
DPTR FM NORMAL   220

[CDD (BASE 65) ]
TOTAL THIS MO.    35
DPTR FM NORMAL    -9    [PRESSURE DATA]
TOTAL FM JAN 1    35    HIGHEST SLP 30.45 ON  4
DPTR FM NORMAL   -19    LOWEST  SLP 29.45 ON 25

[REMARKS]
#FINAL-04-15#
