000
CXUS53 KSGF 011409
CF6JLN
PRELIMINARY LOCAL CLIMATOLOGICAL DATA (WS FORM: F-6)

                                          STATION:   JOPLIN MO
                                          MONTH:     NOVEMBER
                                          YEAR:      2015
                                          LATITUDE:   37 10 N
                                          LONGITUDE:  94 30 W

  TEMPERATURE IN F:       :PCPN:    SNOW:  WIND      :SUNSHINE: SKY     :PK WND
================================================================================
1   2   3   4   5  6A  6B    7    8   9   10  11  12  13   14  15   16   17  18
                                     12Z  AVG MX 2MIN
DY MAX MIN AVG DEP HDD CDD  WTR  SNW DPTH SPD SPD DIR MIN PSBL S-S WX    SPD DR
================================================================================

 1  71  40  56   1   9   0 0.00    M    M  1.5  8 150   M    M   2 128    10 280
 2  71  41  56   2   9   0 0.00    M    M  3.6 13 210   M    M   4 12     19 200
 3  69  46  58   4   7   0 0.00    M    M  8.1 18 170   M    M   2 1      28 190
 4  75  58  67  13   0   2 0.00    M    M 11.0 21 190   M    M   5        30 210
 5  71  53  62   9   3   0 0.24    M    M 12.3 26 320   M    M   8 138    34 310
 6  62  40  51  -2  14   0 0.00    M    M  7.1 15 340   M    M   0        22 340
 7  62  35  49  -3  16   0 0.00    M    M  5.5 13  50   M    M   0        16  20
 8  60  33  47  -5  18   0 0.00    M    M  3.5 12 120   M    M   0        15 150
 9  64  34  49  -3  16   0 0.00    M    M  3.7 10 200   M    M   0        13 140
10  74  41  58   7   7   0 0.00    M    M 13.4 25 180   M    M   0        31 180
11  78  45  62  11   3   0    T    M    M 22.5 43 220   M    M   6        55 210
12  62  39  51   1  14   0 0.00    M    M  9.5 20 300   M    M   1        27 310
13  64  30  47  -3  18   0 0.00    M    M  4.0 12 260   M    M   0        15 270
14  68  39  54   5  11   0 0.00    M    M 12.0 24 190   M    M   0        32 210
15  57  48  53   4  12   0 0.07    M    M 13.8 24 170   M    M   8 1      30 170
16  63  47  55   7  10   0 0.90    M    M 14.0 22 180   M    M   9 13     29 190
17  65  50  58  10   7   0 3.34    M    M 11.7 32 230   M    M   7 13     49 220
18  57  45  51   4  14   0    T    M    M 17.3 29 200   M    M   5        39 220
19  53  36  45  -2  20   0 0.00    M    M  6.6 15 320   M    M   0        19 310
20  62  36  49   3  16   0    T    M    M 13.4 23 170   M    M   7        36 160
21  53  24  39  -7  26   0 0.27    M    M 12.6 28 350   M    M   5 1      37 340
22  49  23  36  -9  29   0 0.00    M    M 10.6 22 230   M    M   0        28 240
23  63  38  51   6  14   0 0.00    M    M  9.2 15 210   M    M   0        21 310
24  63  40  52   8  13   0 0.00    M    M 13.4 24 170   M    M   2        30 190
25  63  54  59  15   6   0 0.00    M    M 18.2 26 180   M    M   9        42 240
26  70  39  55  11  10   0 0.82    M    M 16.4 30 170   M    M  10 1      44 200
27  40  34  37  -6  28   0 2.16    M    M 12.2 18  20   M    M  10 1      26  10
28  37  34  36  -7  29   0 0.01    M    M  9.2 15  20   M    M  10 1      20  10
29  41  37  39  -3  26   0 0.19    M    M  5.3 12  80   M    M  10 1      16  50
30  47  34  41  -1  24   0 0.11    M    M  6.8 18 280   M    M   9 1      22 290
================================================================================
SM 1834 1193       429   2  8.11    M    308.4          M      129
================================================================================
AV 61.1 39.8                              10.3 FASTST   M    M   4    MAX(MPH)
                                 MISC ---->  # 43 220               # 55  210
================================================================================
NOTES:
# LAST OF SEVERAL OCCURRENCES

COLUMN 17 PEAK WIND IN M.P.H.

PRELIMINARY LOCAL CLIMATOLOGICAL DATA (WS FORM: F-6) , PAGE 2

                                          STATION:  JOPLIN MO
                                          MONTH:    NOVEMBER
                                          YEAR:     2015
                                          LATITUDE:   37 10 N
                                          LONGITUDE:  94 30 W

[TEMPERATURE DATA]      [PRECIPITATION DATA]       SYMBOLS USED IN COLUMN 16

AVERAGE MONTHLY: 50.5   TOTAL FOR MONTH:   8.11    1 = FOG OR MIST
DPTR FM NORMAL:   2.0   DPTR FM NORMAL:    4.33    2 = FOG REDUCING VISIBILITY
HIGHEST:    78 ON 11    GRTST 24HR  3.54 ON 16-17      TO 1/4 MILE OR LESS
LOWEST:     23 ON 22                               3 = THUNDER
                        SNOW, ICE PELLETS, HAIL    4 = ICE PELLETS
                        TOTAL MONTH:    M          5 = HAIL
                        GRTST 24HR    M  ON   M    6 = FREEZING RAIN OR DRIZZLE
                        GRTST DEPTH:  M  ON   M    7 = DUSTSTORM OR SANDSTORM:
                                                       VSBY 1/2 MILE OR LESS
                                                   8 = SMOKE OR HAZE
[NO. OF DAYS WITH]      [WEATHER - DAYS WITH]      9 = BLOWING SNOW
                                                   X = TORNADO
MAX 32 OR BELOW:   0    0.01 INCH OR MORE:  10
MAX 90 OR ABOVE:   0    0.10 INCH OR MORE:   8
MIN 32 OR BELOW:   3    0.50 INCH OR MORE:   4
MIN  0 OR BELOW:   0    1.00 INCH OR MORE:   2

[HDD (BASE 65) ]
TOTAL THIS MO.   429    CLEAR  (SCALE 0-3)  14
DPTR FM NORMAL   -76    PTCLDY (SCALE 4-7)   7
TOTAL FM JUL 1   618    CLOUDY (SCALE 8-10)  9
DPTR FM NORMAL  -139

[CDD (BASE 65) ]
TOTAL THIS MO.     2
DPTR FM NORMAL    -5    [PRESSURE DATA]
TOTAL FM JAN 1  1703    HIGHEST SLP 30.43 ON  8
DPTR FM NORMAL     5    LOWEST  SLP 29.39 ON 17

[REMARKS]
#FINAL-11-15#
